{"id":15276,"date":"2024-02-23T18:42:14","date_gmt":"2024-02-23T17:42:14","guid":{"rendered":"http:\/\/esim2.clientinternals.webcase.pl\/?post_type=roaming&#038;p=15276"},"modified":"2024-03-14T09:41:48","modified_gmt":"2024-03-14T08:41:48","slug":"esim-chad","status":"publish","type":"roaming","link":"http:\/\/esim2.clientinternals.webcase.pl\/cs\/roaming\/esim-chad\/","title":{"rendered":"\u010cad"},"content":{"rendered":"\n<p>Zde je n\u011bkolik zaj\u00edmavost\u00ed o \u010cadu:<\/p>\n\n\n\n<ul class=\"wp-block-list\">\n<li>K\u00f3d zem\u011b: +235<\/li>\n\n\n\n<li>Hlavn\u00ed m\u011bsto: N\u2019Djamena<\/li>\n\n\n\n<li>Dal\u0161\u00ed hlavn\u00ed m\u011bsta: Moundou, Sarh, Moussoro<\/li>\n\n\n\n<li>Obyvatelstvo: 17,18 milionu (odhad pro rok 2021)<\/li>\n\n\n\n<li>Jazyk: Arab\u0161tina a francouz\u0161tina<\/li>\n\n\n\n<li>M\u011bna: St\u0159edoafrick\u00fd CFA frank\/li&gt;<\/li>\n\n\n\n<li>\u010cad soused\u00ed na severu s Liby\u00ed, na v\u00fdchod\u011b se S\u00fad\u00e1nem, na jihu se St\u0159edoafrickou republikou, na jihoz\u00e1pad\u011b s Kamerunem, na jihoz\u00e1pad\u011b s Nig\u00e9ri\u00ed a na z\u00e1pad\u011b s Nigerem.<\/li>\n\n\n\n<li>Zem\u011b je pojmenov\u00e1na podle \u010cadsk\u00e9ho jezera, kter\u00e9 je druh\u00fdm nejv\u011bt\u0161\u00edm jezerem v Africe a nejv\u011bt\u0161\u00ed mok\u0159inou v \u010cadu. \u010cadsk\u00e9 jezero je sladkovodn\u00ed a od roku 1963 se zmen\u0161ilo a\u017e o 95 %.<\/li>\n\n\n\n<li>\u010cad je p\u00e1tou nejv\u011bt\u0161\u00ed zem\u00ed Afriky a je v\u011bt\u0161\u00ed ne\u017e \u0160pan\u011blsko, Francie a N\u011bmecko dohromady.<\/li>\n\n\n\n<li>\u010cad je bohat\u00fd na z\u00e1soby nerostn\u00fdch surovin, jako je ropa, uran, zlato a v\u00e1penec, co\u017e zemi nab\u00edz\u00ed potenci\u00e1ln\u00ed hospod\u00e1\u0159sk\u00e9 p\u0159\u00edle\u017eitosti.<\/li>\n<\/ul>\n\n\n\n<p>V\u011bd\u011bli jste, \u017ee\u2026?<\/p>\n\n\n\n<ul class=\"wp-block-list\">\n<li>Hlavn\u00ed m\u011bsto N\u2019Djamena je nejv\u011bt\u0161\u00edm m\u011bstem \u010cadu.<\/li>\n\n\n\n<li>V \u010cadu \u017eije v\u00edce ne\u017e 200 etnick\u00fdch skupin.<\/li>\n<\/ul>\n","protected":false},"featured_media":15277,"template":"","region":[347],"class_list":["post-15276","roaming","type-roaming","status-publish","has-post-thumbnail","hentry","region-afrika"],"_links":{"self":[{"href":"http:\/\/esim2.clientinternals.webcase.pl\/cs\/wp-json\/wp\/v2\/roaming\/15276","targetHints":{"allow":["GET"]}}],"collection":[{"href":"http:\/\/esim2.clientinternals.webcase.pl\/cs\/wp-json\/wp\/v2\/roaming"}],"about":[{"href":"http:\/\/esim2.clientinternals.webcase.pl\/cs\/wp-json\/wp\/v2\/types\/roaming"}],"wp:featuredmedia":[{"embeddable":true,"href":"http:\/\/esim2.clientinternals.webcase.pl\/cs\/wp-json\/wp\/v2\/media\/15277"}],"wp:attachment":[{"href":"http:\/\/esim2.clientinternals.webcase.pl\/cs\/wp-json\/wp\/v2\/media?parent=15276"}],"wp:term":[{"taxonomy":"region","embeddable":true,"href":"http:\/\/esim2.clientinternals.webcase.pl\/cs\/wp-json\/wp\/v2\/region?post=15276"}],"curies":[{"name":"wp","href":"https:\/\/api.w.org\/{rel}","templated":true}]}}

Čad

<p>Zde je několik zajímavostí o Čadu:</p>



<ul class="wp-block-list">
<li>Kód země: +235</li>



<li>Hlavní město: N’Djamena</li>



<li>Další hlavní města: Moundou, Sarh, Moussoro</li>



<li>Obyvatelstvo: 17,18 milionu (odhad pro rok 2021)</li>



<li>Jazyk: Arabština a francouzština</li>



<li>Měna: Středoafrický CFA frank/li&gt;</li>



<li>Čad sousedí na severu s Libyí, na východě se Súdánem, na jihu se Středoafrickou republikou, na jihozápadě s Kamerunem, na jihozápadě s Nigérií a na západě s Nigerem.</li>



<li>Země je pojmenována podle Čadského jezera, které je druhým největším jezerem v Africe a největší mokřinou v Čadu. Čadské jezero je sladkovodní a od roku 1963 se zmenšilo až o 95 %.</li>



<li>Čad je pátou největší zemí Afriky a je větší než Španělsko, Francie a Německo dohromady.</li>



<li>Čad je bohatý na zásoby nerostných surovin, jako je ropa, uran, zlato a vápenec, což zemi nabízí potenciální hospodářské příležitosti.</li>
</ul>



<p>Věděli jste, že…?</p>



<ul class="wp-block-list">
<li>Hlavní město N’Djamena je největším městem Čadu.</li>



<li>V Čadu žije více než 200 etnických skupin.</li>
</ul>
