{"id":15354,"date":"2024-02-23T18:53:22","date_gmt":"2024-02-23T17:53:22","guid":{"rendered":"http:\/\/esim2.clientinternals.webcase.pl\/?post_type=roaming&#038;p=15354"},"modified":"2024-03-14T11:16:07","modified_gmt":"2024-03-14T10:16:07","slug":"esim-malawi","status":"publish","type":"roaming","link":"http:\/\/esim2.clientinternals.webcase.pl\/cs\/roaming\/esim-malawi\/","title":{"rendered":"Malawi"},"content":{"rendered":"\n<p>Zde je n\u011bkolik zaj\u00edmavost\u00ed o Malawi:<\/p>\n\n\n\n<ul class=\"wp-block-list\">\n<li>K\u00f3d zem\u011b: +265<\/li>\n\n\n\n<li>Hlavn\u00ed m\u011bsto: Lilongwe<\/li>\n\n\n\n<li>Dal\u0161\u00ed hlavn\u00ed m\u011bsta: Rhumpi, Nkhotakota, Dedza<\/li>\n\n\n\n<li>Obyvatelstvo: 19,89 milionu (odhad pro rok 2021)<\/li>\n\n\n\n<li>Jazyk: Chichewa<\/li>\n\n\n\n<li>M\u011bna: Malawsk\u00e1 kwacha<\/li>\n\n\n\n<li>Malawi je vnitrozemsk\u00e1 zem\u011b na jihov\u00fdchod\u011b Afriky, jej\u00ed\u017e topografii tvo\u0159\u00ed n\u00e1horn\u00ed plo\u0161iny rozd\u011blen\u00e9 Velkou p\u0159\u00edkopovou propadlinou a obrovsk\u00fdm jezerem Malawi.<\/li>\n\n\n\n<li>N\u00e1rodn\u00ed park Lake Malawi je \u00fato\u010di\u0161t\u011bm rozmanit\u00e9 fauny a fl\u00f3ry od pestrobarevn\u00fdch ryb po pavi\u00e1ny a jeho pr\u016fzra\u010dn\u00e9 vody jsou obl\u00edben\u00e9 pro pot\u00e1p\u011bn\u00ed a plavbu na \u010dlunu.<\/li>\n\n\n\n<li>N\u00e1rodn\u00ed park Lake Malawi, kter\u00fd byl poprv\u00e9 zaps\u00e1n na seznam v roce 1984, a oblast skaln\u00edho um\u011bn\u00ed Chongoni, kter\u00e1 byla zaps\u00e1na na seznam v roce 2006, jsou bote sv\u011btov\u00e9ho d\u011bdictv\u00ed UNESCO.<\/li>\n\n\n\n<li>V jeze\u0159e Malawi \u017eije 500 a\u017e 1 000 druh\u016f ryb, co\u017e je nejv\u011bt\u0161\u00ed po\u010det druh\u016f ryb ze v\u0161ech jezer na sv\u011bt\u011b.\/li&gt;<\/li>\n<\/ul>\n\n\n\n<p>V\u011bd\u011bli jste, \u017ee\u2026?<\/p>\n\n\n\n<ul class=\"wp-block-list\">\n<li>Zem\u011b je p\u0159ibli\u017en\u011b o polovinu men\u0161\u00ed ne\u017e Spojen\u00e9 kr\u00e1lovstv\u00ed.<\/li>\n\n\n\n<li>V \u0159ece Shire je z\u0159ejm\u011b nejv\u011bt\u0161\u00ed hustota hroch\u016f v Africe.<\/li>\n<\/ul>\n","protected":false},"featured_media":15277,"template":"","region":[347],"class_list":["post-15354","roaming","type-roaming","status-publish","has-post-thumbnail","hentry","region-afrika"],"_links":{"self":[{"href":"http:\/\/esim2.clientinternals.webcase.pl\/cs\/wp-json\/wp\/v2\/roaming\/15354","targetHints":{"allow":["GET"]}}],"collection":[{"href":"http:\/\/esim2.clientinternals.webcase.pl\/cs\/wp-json\/wp\/v2\/roaming"}],"about":[{"href":"http:\/\/esim2.clientinternals.webcase.pl\/cs\/wp-json\/wp\/v2\/types\/roaming"}],"wp:featuredmedia":[{"embeddable":true,"href":"http:\/\/esim2.clientinternals.webcase.pl\/cs\/wp-json\/wp\/v2\/media\/15277"}],"wp:attachment":[{"href":"http:\/\/esim2.clientinternals.webcase.pl\/cs\/wp-json\/wp\/v2\/media?parent=15354"}],"wp:term":[{"taxonomy":"region","embeddable":true,"href":"http:\/\/esim2.clientinternals.webcase.pl\/cs\/wp-json\/wp\/v2\/region?post=15354"}],"curies":[{"name":"wp","href":"https:\/\/api.w.org\/{rel}","templated":true}]}}

<p>Zde je několik zajímavostí o Malawi:</p>



<ul class="wp-block-list">
<li>Kód země: +265</li>



<li>Hlavní město: Lilongwe</li>



<li>Další hlavní města: Rhumpi, Nkhotakota, Dedza</li>



<li>Obyvatelstvo: 19,89 milionu (odhad pro rok 2021)</li>



<li>Jazyk: Chichewa</li>



<li>Měna: Malawská kwacha</li>



<li>Malawi je vnitrozemská země na jihovýchodě Afriky, jejíž topografii tvoří náhorní plošiny rozdělené Velkou příkopovou propadlinou a obrovským jezerem Malawi.</li>



<li>Národní park Lake Malawi je útočištěm rozmanité fauny a flóry od pestrobarevných ryb po paviány a jeho průzračné vody jsou oblíbené pro potápění a plavbu na člunu.</li>



<li>Národní park Lake Malawi, který byl poprvé zapsán na seznam v roce 1984, a oblast skalního umění Chongoni, která byla zapsána na seznam v roce 2006, jsou bote světového dědictví UNESCO.</li>



<li>V jezeře Malawi žije 500 až 1 000 druhů ryb, což je největší počet druhů ryb ze všech jezer na světě./li&gt;</li>
</ul>



<p>Věděli jste, že…?</p>



<ul class="wp-block-list">
<li>Země je přibližně o polovinu menší než Spojené království.</li>



<li>V řece Shire je zřejmě největší hustota hrochů v Africe.</li>
</ul>
