{"id":15363,"date":"2024-02-23T18:46:59","date_gmt":"2024-02-23T17:46:59","guid":{"rendered":"http:\/\/esim2.clientinternals.webcase.pl\/?post_type=roaming&#038;p=15363"},"modified":"2024-03-14T11:31:41","modified_gmt":"2024-03-14T10:31:41","slug":"esim-nigerie","status":"publish","type":"roaming","link":"http:\/\/esim2.clientinternals.webcase.pl\/cs\/roaming\/esim-nigerie\/","title":{"rendered":"Nig\u00e9rie"},"content":{"rendered":"\n<p>Zde je n\u011bkolik zaj\u00edmavost\u00ed o Nig\u00e9rii:<\/p>\n\n\n\n<ul class=\"wp-block-list\">\n<li>K\u00f3d zem\u011b: +234<\/li>\n\n\n\n<li>Hlavn\u00ed m\u011bsto: Abuja<\/li>\n\n\n\n<li>Dal\u0161\u00ed hlavn\u00ed m\u011bsta: Port Harcourt, Jos, Maiduguri<\/li>\n\n\n\n<li>Po\u010det obyvatel: 213,4 milionu (odhad na rok 2021)<\/li>\n\n\n\n<li>Jazyk: angli\u010dtina<\/li>\n\n\n\n<li>M\u011bna: Nigerijsk\u00e1 naira<\/li>\n\n\n\n<li>\u00da\u0159edn\u00edm jazykem je angli\u010dtina, mezi dal\u0161\u00ed hlavn\u00ed pou\u017e\u00edvan\u00e9 jazyky pat\u0159\u00ed hausa, joruba, igbo, fulfulde, ibibio, kanuri a tiv.<\/li>\n\n\n\n<li>Nig\u00e9rie le\u017e\u00ed v Guinejsk\u00e9m z\u00e1livu a m\u00e1 mnoho p\u0159\u00edrodn\u00edch pam\u00e1tek a rezervac\u00ed.<\/li>\n\n\n\n<li>V n\u00e1rodn\u00edch parc\u00edch Cross River a Yankari se nach\u00e1zej\u00ed vodop\u00e1dy, hust\u00fd de\u0161tn\u00fd prales, savana a stanovi\u0161t\u011b vz\u00e1cn\u00fdch prim\u00e1t\u016f.<\/li>\n\n\n\n<li>Zuma Rock je 725 metr\u016f vysok\u00fd monolit u hlavn\u00edho m\u011bsta Abuja, kter\u00fd je jedn\u00edm z nejzn\u00e1m\u011bj\u0161\u00edch m\u00edst a je vyobrazen na n\u00e1rodn\u00ed m\u011bn\u011b.<\/li>\n<\/ul>\n\n\n\n<p>V\u011bd\u011bli jste, \u017ee\u2026?<\/p>\n\n\n\n<ul class=\"wp-block-list\">\n<li>Lagos je b\u00fdval\u00e9 hlavn\u00ed m\u011bsto Nig\u00e9rie, ne\u017e bylo p\u0159esunuto do Abuje, a je nejv\u011bt\u0161\u00edm a nejlidnat\u011bj\u0161\u00edm m\u011bstem zem\u011b.<\/li>\n\n\n\n<li>Filmov\u00fd pr\u016fmysl t\u00e9to zem\u011b je jedn\u00edm z nejv\u011bt\u0161\u00edch producent\u016f film\u016f na sv\u011bt\u011b, hned po indick\u00e9m Bollywoodu.<\/li>\n<\/ul>\n","protected":false},"featured_media":15277,"template":"","region":[347],"class_list":["post-15363","roaming","type-roaming","status-publish","has-post-thumbnail","hentry","region-afrika"],"_links":{"self":[{"href":"http:\/\/esim2.clientinternals.webcase.pl\/cs\/wp-json\/wp\/v2\/roaming\/15363","targetHints":{"allow":["GET"]}}],"collection":[{"href":"http:\/\/esim2.clientinternals.webcase.pl\/cs\/wp-json\/wp\/v2\/roaming"}],"about":[{"href":"http:\/\/esim2.clientinternals.webcase.pl\/cs\/wp-json\/wp\/v2\/types\/roaming"}],"wp:featuredmedia":[{"embeddable":true,"href":"http:\/\/esim2.clientinternals.webcase.pl\/cs\/wp-json\/wp\/v2\/media\/15277"}],"wp:attachment":[{"href":"http:\/\/esim2.clientinternals.webcase.pl\/cs\/wp-json\/wp\/v2\/media?parent=15363"}],"wp:term":[{"taxonomy":"region","embeddable":true,"href":"http:\/\/esim2.clientinternals.webcase.pl\/cs\/wp-json\/wp\/v2\/region?post=15363"}],"curies":[{"name":"wp","href":"https:\/\/api.w.org\/{rel}","templated":true}]}}

Nigérie

<p>Zde je několik zajímavostí o Nigérii:</p>



<ul class="wp-block-list">
<li>Kód země: +234</li>



<li>Hlavní město: Abuja</li>



<li>Další hlavní města: Port Harcourt, Jos, Maiduguri</li>



<li>Počet obyvatel: 213,4 milionu (odhad na rok 2021)</li>



<li>Jazyk: angličtina</li>



<li>Měna: Nigerijská naira</li>



<li>Úředním jazykem je angličtina, mezi další hlavní používané jazyky patří hausa, joruba, igbo, fulfulde, ibibio, kanuri a tiv.</li>



<li>Nigérie leží v Guinejském zálivu a má mnoho přírodních památek a rezervací.</li>



<li>V národních parcích Cross River a Yankari se nacházejí vodopády, hustý deštný prales, savana a stanoviště vzácných primátů.</li>



<li>Zuma Rock je 725 metrů vysoký monolit u hlavního města Abuja, který je jedním z nejznámějších míst a je vyobrazen na národní měně.</li>
</ul>



<p>Věděli jste, že…?</p>



<ul class="wp-block-list">
<li>Lagos je bývalé hlavní město Nigérie, než bylo přesunuto do Abuje, a je největším a nejlidnatějším městem země.</li>



<li>Filmový průmysl této země je jedním z největších producentů filmů na světě, hned po indickém Bollywoodu.</li>
</ul>
