{"id":15376,"date":"2024-02-23T18:50:13","date_gmt":"2024-02-23T17:50:13","guid":{"rendered":"http:\/\/esim2.clientinternals.webcase.pl\/?post_type=roaming&#038;p=15376"},"modified":"2024-03-14T11:45:24","modified_gmt":"2024-03-14T10:45:24","slug":"esim-demokraticka-republika-kongo","status":"publish","type":"roaming","link":"http:\/\/esim2.clientinternals.webcase.pl\/cs\/roaming\/esim-demokraticka-republika-kongo\/","title":{"rendered":"Demokratick\u00e1 republika Kongo"},"content":{"rendered":"\n<p>Zde je n\u011bkolik zaj\u00edmavost\u00ed o Demokratick\u00e9 republice Kongo:<\/p>\n\n\n\n<ul class=\"wp-block-list\">\n<li>K\u00f3d zem\u011b: +243<\/li>\n\n\n\n<li>Hlavn\u00ed m\u011bsto: Kinshasa<\/li>\n\n\n\n<li>Dal\u0161\u00ed hlavn\u00ed m\u011bsta: Kananga, Lubumbashi, Mbuji-Mayi<\/li>\n\n\n\n<li>Po\u010det obyvatel: 95,89 milionu (odhad na rok 2021)<\/li>\n\n\n\n<li>Jazyk: Francouz\u0161tina<\/li>\n\n\n\n<li>M\u011bna: Kon\u017esk\u00fd frank<\/li>\n\n\n\n<li>Demokratick\u00e1 republika Kongo je druhou nejv\u011bt\u0161\u00ed zem\u00ed Afriky a soused\u00ed s dev\u00edti st\u00e1ty: Angola, Burundi, Kon\u017esk\u00e1 republika, Rwanda, Ji\u017en\u00ed S\u00fad\u00e1n, Tanzanie, Uganda, Zambie a St\u0159edoafrick\u00e1 republika.<\/li>\n\n\n\n<li>Nejstar\u0161\u00edm n\u00e1rodn\u00edm parkem v Africe je kon\u017esk\u00fd n\u00e1rodn\u00ed park Virunga, kter\u00fd je domovem vz\u00e1cn\u00fdch horsk\u00fdch goril, lv\u016f a slon\u016f.<\/li>\n\n\n\n<li>V zemi \u017eije v\u00edce ne\u017e 200 etnick\u00fdch skupin a mluv\u00ed se zde t\u00e9m\u011b\u0159 250 jazyky a dialekty.<\/li>\n\n\n\n<li>Demokratick\u00e1 republika Kongo, zn\u00e1m\u00e1 tak\u00e9 jako Kongo-Kinshasa, DR Kongo, DR Kongo nebo jednodu\u0161e Kongo, byla v letech 1971-1997 zn\u00e1m\u00e1 tak\u00e9 jako Zair.<\/li>\n<\/ul>\n\n\n\n<p>V\u011bd\u011bli jste, \u017ee\u2026?<\/p>\n\n\n\n<ul class=\"wp-block-list\">\n<li>Rozloha Konga je o n\u011bco v\u011bt\u0161\u00ed ne\u017e celkov\u00e1 rozloha \u0160pan\u011blska, Francie, N\u011bmecka, \u0160v\u00e9dska a Norska.<\/li>\n\n\n\n<li>Mount Stanley je hora v poho\u0159\u00ed Rwenzori a je t\u0159et\u00ed nejvy\u0161\u0161\u00ed horou Afriky.<\/li>\n<\/ul>\n","protected":false},"featured_media":15277,"template":"","region":[347],"class_list":["post-15376","roaming","type-roaming","status-publish","has-post-thumbnail","hentry","region-afrika"],"_links":{"self":[{"href":"http:\/\/esim2.clientinternals.webcase.pl\/cs\/wp-json\/wp\/v2\/roaming\/15376","targetHints":{"allow":["GET"]}}],"collection":[{"href":"http:\/\/esim2.clientinternals.webcase.pl\/cs\/wp-json\/wp\/v2\/roaming"}],"about":[{"href":"http:\/\/esim2.clientinternals.webcase.pl\/cs\/wp-json\/wp\/v2\/types\/roaming"}],"wp:featuredmedia":[{"embeddable":true,"href":"http:\/\/esim2.clientinternals.webcase.pl\/cs\/wp-json\/wp\/v2\/media\/15277"}],"wp:attachment":[{"href":"http:\/\/esim2.clientinternals.webcase.pl\/cs\/wp-json\/wp\/v2\/media?parent=15376"}],"wp:term":[{"taxonomy":"region","embeddable":true,"href":"http:\/\/esim2.clientinternals.webcase.pl\/cs\/wp-json\/wp\/v2\/region?post=15376"}],"curies":[{"name":"wp","href":"https:\/\/api.w.org\/{rel}","templated":true}]}}

Demokratická republika Kongo

<p>Zde je několik zajímavostí o Demokratické republice Kongo:</p>



<ul class="wp-block-list">
<li>Kód země: +243</li>



<li>Hlavní město: Kinshasa</li>



<li>Další hlavní města: Kananga, Lubumbashi, Mbuji-Mayi</li>



<li>Počet obyvatel: 95,89 milionu (odhad na rok 2021)</li>



<li>Jazyk: Francouzština</li>



<li>Měna: Konžský frank</li>



<li>Demokratická republika Kongo je druhou největší zemí Afriky a sousedí s devíti státy: Angola, Burundi, Konžská republika, Rwanda, Jižní Súdán, Tanzanie, Uganda, Zambie a Středoafrická republika.</li>



<li>Nejstarším národním parkem v Africe je konžský národní park Virunga, který je domovem vzácných horských goril, lvů a slonů.</li>



<li>V zemi žije více než 200 etnických skupin a mluví se zde téměř 250 jazyky a dialekty.</li>



<li>Demokratická republika Kongo, známá také jako Kongo-Kinshasa, DR Kongo, DR Kongo nebo jednoduše Kongo, byla v letech 1971-1997 známá také jako Zair.</li>
</ul>



<p>Věděli jste, že…?</p>



<ul class="wp-block-list">
<li>Rozloha Konga je o něco větší než celková rozloha Španělska, Francie, Německa, Švédska a Norska.</li>



<li>Mount Stanley je hora v pohoří Rwenzori a je třetí nejvyšší horou Afriky.</li>
</ul>
