{"id":15456,"date":"2024-02-23T18:54:14","date_gmt":"2024-02-23T17:54:14","guid":{"rendered":"http:\/\/esim2.clientinternals.webcase.pl\/?post_type=roaming&#038;p=15456"},"modified":"2024-03-14T12:00:26","modified_gmt":"2024-03-14T11:00:26","slug":"esim-reunion","status":"publish","type":"roaming","link":"http:\/\/esim2.clientinternals.webcase.pl\/cs\/roaming\/esim-reunion\/","title":{"rendered":"R\u00e9union"},"content":{"rendered":"\n<p>Zde je n\u011bkolik zaj\u00edmavost\u00ed o Reunionu:<\/p>\n\n\n\n<ul class=\"wp-block-list\">\n<li>K\u00f3d zem\u011b: +262<\/li>\n\n\n\n<li>Hlavn\u00ed m\u011bsto: Saint-Denis<\/li>\n\n\n\n<li>Dal\u0161\u00ed hlavn\u00ed m\u011bsta: Saint Joseph, Saint Pierre, Saint-Beno\u00eet<\/li>\n\n\n\n<li>Po\u010det obyvatel: 859 959 (odhad pro rok 2020)<\/li>\n\n\n\n<li>Jazyk: Francouz\u0161tina<\/li>\n\n\n\n<li>M\u011bna: Euro<\/li>\n\n\n\n<li>Vedle francouz\u0161tiny se hojn\u011b pou\u017e\u00edv\u00e1 reunionsk\u00e1 kreol\u0161tina nebo reunionsk\u00e1 kreol\u0161tina.<\/li>\n\n\n\n<li>R\u00e9union je ostrov v Indick\u00e9m oce\u00e1nu a je \u00fazem\u00edm Francie, proto\u017ee je jedn\u00edm z p\u011bti francouzsk\u00fdch z\u00e1mo\u0159sk\u00fdch departement\u016f.<\/li>\n\n\n\n<li>R\u00e9union je nejv\u011bt\u0161\u00edm ostrovem Maskar\u00e9nsk\u00fdch ostrov\u016f.<\/li>\n\n\n\n<li>Nejv\u011bt\u0161\u00edm m\u011bstem R\u00e9unionu je Saint-Denis, kter\u00e9 je z\u00e1rove\u0148 nejlidnat\u011bj\u0161\u00edm m\u011bstem ze v\u0161ech francouzsk\u00fdch z\u00e1mo\u0159sk\u00fdch departement\u016f.<\/li>\n<\/ul>\n\n\n\n<p>V\u011bd\u011bli jste, \u017ee\u2026?<\/p>\n\n\n\n<ul class=\"wp-block-list\">\n<li>Ostrov je sou\u010d\u00e1st\u00ed EU a euroz\u00f3ny a je \u00fazem\u00edm nejv\u00edce vzd\u00e1len\u00fdm od kontinent\u00e1ln\u00edch zem\u00ed Evropsk\u00e9 unie.<\/li>\n\n\n\n<li>Typick\u00fdm pokrmem na R\u00e9unionu jsou samosy, co\u017e jsou ko\u0159en\u011bn\u00e9 troj\u00faheln\u00edkov\u00e9 sma\u017een\u00e9 bal\u00ed\u010dky s r\u016fzn\u00fdmi slan\u00fdmi a ko\u0159en\u011bn\u00fdmi n\u00e1pln\u011bmi.<\/li>\n<\/ul>\n","protected":false},"featured_media":15277,"template":"","region":[347],"class_list":["post-15456","roaming","type-roaming","status-publish","has-post-thumbnail","hentry","region-afrika"],"_links":{"self":[{"href":"http:\/\/esim2.clientinternals.webcase.pl\/cs\/wp-json\/wp\/v2\/roaming\/15456","targetHints":{"allow":["GET"]}}],"collection":[{"href":"http:\/\/esim2.clientinternals.webcase.pl\/cs\/wp-json\/wp\/v2\/roaming"}],"about":[{"href":"http:\/\/esim2.clientinternals.webcase.pl\/cs\/wp-json\/wp\/v2\/types\/roaming"}],"wp:featuredmedia":[{"embeddable":true,"href":"http:\/\/esim2.clientinternals.webcase.pl\/cs\/wp-json\/wp\/v2\/media\/15277"}],"wp:attachment":[{"href":"http:\/\/esim2.clientinternals.webcase.pl\/cs\/wp-json\/wp\/v2\/media?parent=15456"}],"wp:term":[{"taxonomy":"region","embeddable":true,"href":"http:\/\/esim2.clientinternals.webcase.pl\/cs\/wp-json\/wp\/v2\/region?post=15456"}],"curies":[{"name":"wp","href":"https:\/\/api.w.org\/{rel}","templated":true}]}}

Réunion

<p>Zde je několik zajímavostí o Reunionu:</p>



<ul class="wp-block-list">
<li>Kód země: +262</li>



<li>Hlavní město: Saint-Denis</li>



<li>Další hlavní města: Saint Joseph, Saint Pierre, Saint-Benoît</li>



<li>Počet obyvatel: 859 959 (odhad pro rok 2020)</li>



<li>Jazyk: Francouzština</li>



<li>Měna: Euro</li>



<li>Vedle francouzštiny se hojně používá reunionská kreolština nebo reunionská kreolština.</li>



<li>Réunion je ostrov v Indickém oceánu a je územím Francie, protože je jedním z pěti francouzských zámořských departementů.</li>



<li>Réunion je největším ostrovem Maskarénských ostrovů.</li>



<li>Největším městem Réunionu je Saint-Denis, které je zároveň nejlidnatějším městem ze všech francouzských zámořských departementů.</li>
</ul>



<p>Věděli jste, že…?</p>



<ul class="wp-block-list">
<li>Ostrov je součástí EU a eurozóny a je územím nejvíce vzdáleným od kontinentálních zemí Evropské unie.</li>



<li>Typickým pokrmem na Réunionu jsou samosy, což jsou kořeněné trojúhelníkové smažené balíčky s různými slanými a kořeněnými náplněmi.</li>
</ul>
