{"id":15794,"date":"2024-02-23T19:18:35","date_gmt":"2024-02-23T18:18:35","guid":{"rendered":"http:\/\/esim2.clientinternals.webcase.pl\/?post_type=roaming&#038;p=15794"},"modified":"2024-03-15T08:55:02","modified_gmt":"2024-03-15T07:55:02","slug":"esim-turecko","status":"publish","type":"roaming","link":"http:\/\/esim2.clientinternals.webcase.pl\/cs\/roaming\/esim-turecko\/","title":{"rendered":"T\u00fcrkiye (Turecko)"},"content":{"rendered":"\n<p>Zde je n\u011bkolik zaj\u00edmav\u00fdch a z\u00e1bavn\u00fdch fakt\u016f o Turecku:<\/p>\n\n\n\n<ul class=\"wp-block-list\">\n<li>K\u00f3d zem\u011b: +90<\/li>\n\n\n\n<li>Hlavn\u00ed m\u011bsto: Ankara<\/li>\n\n\n\n<li>Dal\u0161\u00ed zn\u00e1m\u00e1 m\u011bsta: Istanbul, Antalya, Izmir, Bodrum<\/li>\n\n\n\n<li>Po\u010det obyvatel: 85,3 milionu (odhad na rok 2022)<\/li>\n\n\n\n<li>Jazyk: Ture\u010dtina je \u00fa\u0159edn\u00edm jazykem Turecka, 90 % obyvatel mluv\u00ed turecky, ale ve skute\u010dnosti se v Turecku mluv\u00ed v\u00edce ne\u017e 30 men\u0161inov\u00fdmi jazyky.<\/li>\n\n\n\n<li>M\u011bna: Tureck\u00e1 lira<\/li>\n\n\n\n<li>T\u00fcrkiye (Turecko), ofici\u00e1ln\u011b Tureck\u00e1 republika, je transkontinent\u00e1ln\u00ed zem\u011b le\u017e\u00edc\u00ed p\u0159ev\u00e1\u017en\u011b na Anatolsk\u00e9m poloostrov\u011b v z\u00e1padn\u00ed Asii, s malou \u010d\u00e1st\u00ed na Balk\u00e1nsk\u00e9m poloostrov\u011b v jihov\u00fdchodn\u00ed Evrop\u011b.<\/li>\n\n\n\n<li>Istanbul \u017eije na dvou kontinentech. M\u011bsto je odd\u011bleno \u00fa\u017einou Bospor a skl\u00e1d\u00e1 se z evropsk\u00e9 a asijsk\u00e9 \u010d\u00e1sti. Celkem 95 % Turecka se nach\u00e1z\u00ed v Asii a 5 % v Evrop\u011b.<\/li>\n<\/ul>\n\n\n\n<p>V\u011bd\u011bli jste, \u017ee\u2026?<\/p>\n\n\n\n<ul class=\"wp-block-list\">\n<li>Velk\u00e1 cena Turecka (T\u00fcrkiye Grand Prix) je automobilov\u00fd z\u00e1vod Formule 1, kter\u00fd se kon\u00e1 v Istanbulsk\u00e9m parku navr\u017een\u00e9m Hermannem Tilkem. Z\u00e1vod byl sou\u010d\u00e1st\u00ed mistrovstv\u00ed sv\u011bta F1 v letech 2005 a\u017e 2011 a 2020 a\u017e 2021.<\/li>\n\n\n\n<li>Zde tak\u00e9 Sebastian Vettel z\u00edskal v roce 2011 titul pro t\u00fdm Red Bull Racing.<\/li>\n<\/ul>\n","protected":false},"featured_media":15751,"template":"","region":[349],"class_list":["post-15794","roaming","type-roaming","status-publish","has-post-thumbnail","hentry","region-asie"],"_links":{"self":[{"href":"http:\/\/esim2.clientinternals.webcase.pl\/cs\/wp-json\/wp\/v2\/roaming\/15794","targetHints":{"allow":["GET"]}}],"collection":[{"href":"http:\/\/esim2.clientinternals.webcase.pl\/cs\/wp-json\/wp\/v2\/roaming"}],"about":[{"href":"http:\/\/esim2.clientinternals.webcase.pl\/cs\/wp-json\/wp\/v2\/types\/roaming"}],"wp:featuredmedia":[{"embeddable":true,"href":"http:\/\/esim2.clientinternals.webcase.pl\/cs\/wp-json\/wp\/v2\/media\/15751"}],"wp:attachment":[{"href":"http:\/\/esim2.clientinternals.webcase.pl\/cs\/wp-json\/wp\/v2\/media?parent=15794"}],"wp:term":[{"taxonomy":"region","embeddable":true,"href":"http:\/\/esim2.clientinternals.webcase.pl\/cs\/wp-json\/wp\/v2\/region?post=15794"}],"curies":[{"name":"wp","href":"https:\/\/api.w.org\/{rel}","templated":true}]}}

Türkiye (Turecko)

<p>Zde je několik zajímavých a zábavných faktů o Turecku:</p>



<ul class="wp-block-list">
<li>Kód země: +90</li>



<li>Hlavní město: Ankara</li>



<li>Další známá města: Istanbul, Antalya, Izmir, Bodrum</li>



<li>Počet obyvatel: 85,3 milionu (odhad na rok 2022)</li>



<li>Jazyk: Turečtina je úředním jazykem Turecka, 90 % obyvatel mluví turecky, ale ve skutečnosti se v Turecku mluví více než 30 menšinovými jazyky.</li>



<li>Měna: Turecká lira</li>



<li>Türkiye (Turecko), oficiálně Turecká republika, je transkontinentální země ležící převážně na Anatolském poloostrově v západní Asii, s malou částí na Balkánském poloostrově v jihovýchodní Evropě.</li>



<li>Istanbul žije na dvou kontinentech. Město je odděleno úžinou Bospor a skládá se z evropské a asijské části. Celkem 95 % Turecka se nachází v Asii a 5 % v Evropě.</li>
</ul>



<p>Věděli jste, že…?</p>



<ul class="wp-block-list">
<li>Velká cena Turecka (Türkiye Grand Prix) je automobilový závod Formule 1, který se koná v Istanbulském parku navrženém Hermannem Tilkem. Závod byl součástí mistrovství světa F1 v letech 2005 až 2011 a 2020 až 2021.</li>



<li>Zde také Sebastian Vettel získal v roce 2011 titul pro tým Red Bull Racing.</li>
</ul>
