{"id":16072,"date":"2024-02-23T19:14:31","date_gmt":"2024-02-23T18:14:31","guid":{"rendered":"http:\/\/esim2.clientinternals.webcase.pl\/?post_type=roaming&#038;p=16072"},"modified":"2024-03-14T22:18:54","modified_gmt":"2024-03-14T21:18:54","slug":"esim-oman","status":"publish","type":"roaming","link":"http:\/\/esim2.clientinternals.webcase.pl\/cs\/roaming\/esim-oman\/","title":{"rendered":"Om\u00e1n"},"content":{"rendered":"\n<p>Zde je n\u011bkolik zaj\u00edmavost\u00ed o Om\u00e1nu:<\/p>\n\n\n\n<ul class=\"wp-block-list\">\n<li>K\u00f3d zem\u011b: +968<\/li>\n\n\n\n<li>Hlavn\u00ed m\u011bsto: Muscat<\/li>\n\n\n\n<li>Dal\u0161\u00ed hlavn\u00ed m\u011bsta: Hlavn\u00ed m\u011bsta: Khasab, Ibri, Seeb<\/li>\n\n\n\n<li>Obyvatelstvo: (odhad na rok 2021).<\/li>\n\n\n\n<li>Jazyk: arab\u0161tina<\/li>\n\n\n\n<li>M\u011bna: Om\u00e1nsk\u00fd ri\u00e1l<\/li>\n\n\n\n<li>\u00da\u0159edn\u00edm jazykem Om\u00e1nu je arab\u0161tina, ale mluv\u00ed se zde n\u011bkolika dialekty arab\u0161tiny, kter\u00e9 pat\u0159\u00ed do rodiny poloostrovn\u00ed arab\u0161tiny: Dhof\u00e1rsk\u00e1 arab\u0161tina \u2013 zn\u00e1m\u00e1 tak\u00e9 jako dhof\u00e1r\u0161tina a zof\u00e1r\u0161tina \u2013 se pou\u017e\u00edv\u00e1 v Salalahu a okoln\u00edch pob\u0159e\u017en\u00edch oblastech.<\/li>\n\n\n\n<li>Om\u00e1n se ofici\u00e1ln\u011b naz\u00fdv\u00e1 Sultan\u00e1t Om\u00e1n a je to zem\u011b v z\u00e1padn\u00ed Asii.<\/li>\n\n\n\n<li>Om\u00e1n m\u00e1 pozemn\u00ed hranice se Sa\u00fadskou Ar\u00e1bi\u00ed, Spojen\u00fdmi arabsk\u00fdmi emir\u00e1ty a Jemenem a n\u00e1mo\u0159n\u00ed hranice s \u00cdr\u00e1nem a P\u00e1kist\u00e1nem.<\/li>\n\n\n\n<li>Nach\u00e1z\u00ed se zde p\u011bt pam\u00e1tek sv\u011btov\u00e9ho d\u011bdictv\u00ed UNESCO.<\/li>\n<\/ul>\n\n\n\n<p>V\u011bd\u011bli jste, \u017ee\u2026?<\/p>\n\n\n\n<ul class=\"wp-block-list\">\n<li>Mutrah Souq je nejstar\u0161\u00ed trh v Maskatu a jeden z nejstar\u0161\u00edch na sv\u011bt\u011b.<\/li>\n\n\n\n<li>Om\u00e1n je v\u00fdznamn\u00fdm hn\u00edzdi\u0161t\u011bm \u017eelv. Ze sedmi druh\u016f mo\u0159sk\u00fdch \u017eelv, kter\u00e9 se vyskytuj\u00ed na sv\u011bt\u011b, jich v Om\u00e1nu m\u016f\u017eete vid\u011bt p\u011bt.<\/li>\n<\/ul>\n","protected":false},"featured_media":15751,"template":"","region":[349],"class_list":["post-16072","roaming","type-roaming","status-publish","has-post-thumbnail","hentry","region-asie"],"_links":{"self":[{"href":"http:\/\/esim2.clientinternals.webcase.pl\/cs\/wp-json\/wp\/v2\/roaming\/16072","targetHints":{"allow":["GET"]}}],"collection":[{"href":"http:\/\/esim2.clientinternals.webcase.pl\/cs\/wp-json\/wp\/v2\/roaming"}],"about":[{"href":"http:\/\/esim2.clientinternals.webcase.pl\/cs\/wp-json\/wp\/v2\/types\/roaming"}],"wp:featuredmedia":[{"embeddable":true,"href":"http:\/\/esim2.clientinternals.webcase.pl\/cs\/wp-json\/wp\/v2\/media\/15751"}],"wp:attachment":[{"href":"http:\/\/esim2.clientinternals.webcase.pl\/cs\/wp-json\/wp\/v2\/media?parent=16072"}],"wp:term":[{"taxonomy":"region","embeddable":true,"href":"http:\/\/esim2.clientinternals.webcase.pl\/cs\/wp-json\/wp\/v2\/region?post=16072"}],"curies":[{"name":"wp","href":"https:\/\/api.w.org\/{rel}","templated":true}]}}

Omán

<p>Zde je několik zajímavostí o Ománu:</p>



<ul class="wp-block-list">
<li>Kód země: +968</li>



<li>Hlavní město: Muscat</li>



<li>Další hlavní města: Hlavní města: Khasab, Ibri, Seeb</li>



<li>Obyvatelstvo: (odhad na rok 2021).</li>



<li>Jazyk: arabština</li>



<li>Měna: Ománský riál</li>



<li>Úředním jazykem Ománu je arabština, ale mluví se zde několika dialekty arabštiny, které patří do rodiny poloostrovní arabštiny: Dhofárská arabština – známá také jako dhofárština a zofárština – se používá v Salalahu a okolních pobřežních oblastech.</li>



<li>Omán se oficiálně nazývá Sultanát Omán a je to země v západní Asii.</li>



<li>Omán má pozemní hranice se Saúdskou Arábií, Spojenými arabskými emiráty a Jemenem a námořní hranice s Íránem a Pákistánem.</li>



<li>Nachází se zde pět památek světového dědictví UNESCO.</li>
</ul>



<p>Věděli jste, že…?</p>



<ul class="wp-block-list">
<li>Mutrah Souq je nejstarší trh v Maskatu a jeden z nejstarších na světě.</li>



<li>Omán je významným hnízdištěm želv. Ze sedmi druhů mořských želv, které se vyskytují na světě, jich v Ománu můžete vidět pět.</li>
</ul>
