{"id":16245,"date":"2024-02-23T19:12:45","date_gmt":"2024-02-23T18:12:45","guid":{"rendered":"http:\/\/esim2.clientinternals.webcase.pl\/?post_type=roaming&#038;p=16245"},"modified":"2024-03-14T21:15:53","modified_gmt":"2024-03-14T20:15:53","slug":"esim-macau","status":"publish","type":"roaming","link":"http:\/\/esim2.clientinternals.webcase.pl\/cs\/roaming\/esim-macau\/","title":{"rendered":"Macao"},"content":{"rendered":"\n<p>Zde je n\u011bkolik zaj\u00edmavost\u00ed o Macau:<\/p>\n\n\n\n<ul class=\"wp-block-list\">\n<li>K\u00f3d zem\u011b: +853<\/li>\n\n\n\n<li>Hlavn\u00ed m\u011bsto: Macao nem\u00e1 hlavn\u00ed m\u011bsto, je to jeho vlastn\u00ed hlavn\u00ed m\u011bsto.<\/li>\n\n\n\n<li>Obyvatelstvo: 686 607 (odhad na rok 2021)<\/li>\n\n\n\n<li>Jazyk: Nejroz\u0161\u00ed\u0159en\u011bj\u0161\u00edm m\u00edstn\u00edm jazykem je kanton\u0161tina.<\/li>\n\n\n\n<li>M\u011bna: Macanese Pataca<\/li>\n\n\n\n<li>Macao je autonomn\u00ed oblast na ji\u017en\u00edm pob\u0159e\u017e\u00ed \u010c\u00edny. Nach\u00e1z\u00ed se na druh\u00e9 stran\u011b delty Perlov\u00e9 \u0159eky od Hongkongu.<\/li>\n\n\n\n<li>Do roku 1999 bylo portugalsk\u00fdm \u00fazem\u00edm a odr\u00e1\u017e\u00ed se v n\u011bm sm\u011bsice kulturn\u00edch vliv\u016f.<\/li>\n\n\n\n<li>Macao bylo prvn\u00ed a posledn\u00ed evropskou koloni\u00e1ln\u00ed z\u00e1kladnou v Asii, kde Portugalci vl\u00e1dli 442 let, a\u017e do roku 1999.<\/li>\n\n\n\n<li>Macao m\u00e1 jin\u00e9 z\u00e1kony ne\u017e \u010c\u00edna a zachov\u00e1v\u00e1 si kontrolu nad vlastn\u00edm pr\u00e1vn\u00edm syst\u00e9mem a imigra\u010dn\u00ed politikou. Politika \u201ejedna zem\u011b, dva syst\u00e9my\u201c plat\u00ed do 50 let od p\u0159ed\u00e1n\u00ed suverenity, tedy do roku 2049.<\/li>\n<\/ul>\n\n\n\n<p>V\u011bd\u011bli jste, \u017ee\u2026?<\/p>\n\n\n\n<ul class=\"wp-block-list\">\n<li>Ob\u0159\u00ed kasina a n\u00e1kupn\u00ed centra na Cotai Strip si vyslou\u017eily p\u0159ezd\u00edvku \u201eLas Vegas Asie\u201c.<\/li>\n\n\n\n<li>Na v\u011b\u017ei Macau Tower se kon\u00e1 nejvy\u0161\u0161\u00ed komer\u010dn\u00ed bungee jump na sv\u011bt\u011b ve v\u00fd\u0161ce 233 metr\u016f.<\/li>\n<\/ul>\n","protected":false},"featured_media":15751,"template":"","region":[349],"class_list":["post-16245","roaming","type-roaming","status-publish","has-post-thumbnail","hentry","region-asie"],"_links":{"self":[{"href":"http:\/\/esim2.clientinternals.webcase.pl\/cs\/wp-json\/wp\/v2\/roaming\/16245","targetHints":{"allow":["GET"]}}],"collection":[{"href":"http:\/\/esim2.clientinternals.webcase.pl\/cs\/wp-json\/wp\/v2\/roaming"}],"about":[{"href":"http:\/\/esim2.clientinternals.webcase.pl\/cs\/wp-json\/wp\/v2\/types\/roaming"}],"wp:featuredmedia":[{"embeddable":true,"href":"http:\/\/esim2.clientinternals.webcase.pl\/cs\/wp-json\/wp\/v2\/media\/15751"}],"wp:attachment":[{"href":"http:\/\/esim2.clientinternals.webcase.pl\/cs\/wp-json\/wp\/v2\/media?parent=16245"}],"wp:term":[{"taxonomy":"region","embeddable":true,"href":"http:\/\/esim2.clientinternals.webcase.pl\/cs\/wp-json\/wp\/v2\/region?post=16245"}],"curies":[{"name":"wp","href":"https:\/\/api.w.org\/{rel}","templated":true}]}}

<p>Zde je několik zajímavostí o Macau:</p>



<ul class="wp-block-list">
<li>Kód země: +853</li>



<li>Hlavní město: Macao nemá hlavní město, je to jeho vlastní hlavní město.</li>



<li>Obyvatelstvo: 686 607 (odhad na rok 2021)</li>



<li>Jazyk: Nejrozšířenějším místním jazykem je kantonština.</li>



<li>Měna: Macanese Pataca</li>



<li>Macao je autonomní oblast na jižním pobřeží Číny. Nachází se na druhé straně delty Perlové řeky od Hongkongu.</li>



<li>Do roku 1999 bylo portugalským územím a odráží se v něm směsice kulturních vlivů.</li>



<li>Macao bylo první a poslední evropskou koloniální základnou v Asii, kde Portugalci vládli 442 let, až do roku 1999.</li>



<li>Macao má jiné zákony než Čína a zachovává si kontrolu nad vlastním právním systémem a imigrační politikou. Politika „jedna země, dva systémy“ platí do 50 let od předání suverenity, tedy do roku 2049.</li>
</ul>



<p>Věděli jste, že…?</p>



<ul class="wp-block-list">
<li>Obří kasina a nákupní centra na Cotai Strip si vysloužily přezdívku „Las Vegas Asie“.</li>



<li>Na věži Macau Tower se koná nejvyšší komerční bungee jump na světě ve výšce 233 metrů.</li>
</ul>
