{"id":16492,"date":"2024-02-23T19:08:05","date_gmt":"2024-02-23T18:08:05","guid":{"rendered":"http:\/\/esim2.clientinternals.webcase.pl\/?post_type=roaming&#038;p=16492"},"modified":"2024-03-15T09:42:20","modified_gmt":"2024-03-15T08:42:20","slug":"esim-spojene-arabske-emiraty","status":"publish","type":"roaming","link":"http:\/\/esim2.clientinternals.webcase.pl\/cs\/roaming\/esim-spojene-arabske-emiraty\/","title":{"rendered":"Spojen\u00e9 arabsk\u00e9 emir\u00e1ty"},"content":{"rendered":"\n<ul class=\"wp-block-list\">\n<li>Po\u010det obyvatel: 9,5 milionu<\/li>\n\n\n\n<li>Hlavn\u00ed m\u011bsto: Abu Dhabi<\/li>\n\n\n\n<li>K\u00f3d oblasti: +971<\/li>\n\n\n\n<li>M\u011bna: Dirham SAE<\/li>\n\n\n\n<li>7 Arabsk\u00e9 emir\u00e1ty: Ab\u00fa Zab\u00ed, Dubaj, \u0160ard\u017e\u00e1, R\u00e1s al-Chajma, Ad\u017em\u00e1n, Fud\u017eajra a Umm al-Kajvajn.<\/li>\n<\/ul>\n\n\n\n<p>V\u011bd\u011bli jste, \u017ee\u2026?<\/p>\n\n\n\n<ul class=\"wp-block-list\">\n<li>Z\u00e1v\u011bre\u010dn\u00fd z\u00e1vod Formule 1 v Ab\u00fa Zab\u00ed ve Spojen\u00fdch arabsk\u00fdch emir\u00e1tech<\/li>\n\n\n\n<li>Abu Dhabi je tm\u00edsto, kde Max Verstappen z\u00edskal sv\u016fj prvn\u00ed titul mistra sv\u011bta.<\/li>\n\n\n\n<li>Zde tak\u00e9 Sebastian Vettel z\u00edskal v roce 2010 sv\u016fj prvn\u00ed titul pro t\u00fdm Red Bull Racing.<\/li>\n<\/ul>\n","protected":false},"featured_media":15751,"template":"","region":[349],"class_list":["post-16492","roaming","type-roaming","status-publish","has-post-thumbnail","hentry","region-asie"],"_links":{"self":[{"href":"http:\/\/esim2.clientinternals.webcase.pl\/cs\/wp-json\/wp\/v2\/roaming\/16492","targetHints":{"allow":["GET"]}}],"collection":[{"href":"http:\/\/esim2.clientinternals.webcase.pl\/cs\/wp-json\/wp\/v2\/roaming"}],"about":[{"href":"http:\/\/esim2.clientinternals.webcase.pl\/cs\/wp-json\/wp\/v2\/types\/roaming"}],"wp:featuredmedia":[{"embeddable":true,"href":"http:\/\/esim2.clientinternals.webcase.pl\/cs\/wp-json\/wp\/v2\/media\/15751"}],"wp:attachment":[{"href":"http:\/\/esim2.clientinternals.webcase.pl\/cs\/wp-json\/wp\/v2\/media?parent=16492"}],"wp:term":[{"taxonomy":"region","embeddable":true,"href":"http:\/\/esim2.clientinternals.webcase.pl\/cs\/wp-json\/wp\/v2\/region?post=16492"}],"curies":[{"name":"wp","href":"https:\/\/api.w.org\/{rel}","templated":true}]}}

Spojené arabské emiráty

<ul class="wp-block-list">
<li>Počet obyvatel: 9,5 milionu</li>



<li>Hlavní město: Abu Dhabi</li>



<li>Kód oblasti: +971</li>



<li>Měna: Dirham SAE</li>



<li>7 Arabské emiráty: Abú Zabí, Dubaj, Šardžá, Rás al-Chajma, Adžmán, Fudžajra a Umm al-Kajvajn.</li>
</ul>



<p>Věděli jste, že…?</p>



<ul class="wp-block-list">
<li>Závěrečný závod Formule 1 v Abú Zabí ve Spojených arabských emirátech</li>



<li>Abu Dhabi je tmísto, kde Max Verstappen získal svůj první titul mistra světa.</li>



<li>Zde také Sebastian Vettel získal v roce 2010 svůj první titul pro tým Red Bull Racing.</li>
</ul>
