{"id":16540,"date":"2024-02-23T19:06:33","date_gmt":"2024-02-23T18:06:33","guid":{"rendered":"http:\/\/esim2.clientinternals.webcase.pl\/?post_type=roaming&#038;p=16540"},"modified":"2024-03-15T07:34:36","modified_gmt":"2024-03-15T06:34:36","slug":"esim-sri-lanka","status":"publish","type":"roaming","link":"http:\/\/esim2.clientinternals.webcase.pl\/cs\/roaming\/esim-sri-lanka\/","title":{"rendered":"Sr\u00ed Lanka"},"content":{"rendered":"\n<p>Zde je n\u011bkolik zaj\u00edmav\u00fdch a z\u00e1bavn\u00fdch fakt\u016f o Sr\u00ed Lance:<\/p>\n\n\n\n<ul class=\"wp-block-list\">\n<li>K\u00f3d zem\u011b: +94<\/li>\n\n\n\n<li>Hlavn\u00ed m\u011bsto: Kolombo je hlavn\u00edm m\u011bstem v\u00fdkonn\u00e9 a soudn\u00ed moci a Sr\u00ed Jayewardenepura Kotte je hlavn\u00edm m\u011bstem z\u00e1konod\u00e1rn\u00e9 moci.<\/li>\n\n\n\n<li>Dal\u0161\u00ed hlavn\u00ed m\u011bsta: Anuradhapura, Sri Jayawardenepura Kotte, Negombo<\/li>\n\n\n\n<li>Po\u010det obyvatel: 22,16 milionu (odhad na rok 2021)<\/li>\n\n\n\n<li>Jazyk: Jazyk: sinh\u00e1l\u0161tina a tamil\u0161tina,<\/li>\n\n\n\n<li>M\u011bna: Sr\u00edlansk\u00e1 rupie<\/li>\n\n\n\n<li>Sr\u00ed Lanka je ostrovn\u00ed st\u00e1t v ji\u017en\u00ed Asii.<\/li>\n\n\n\n<li>Sr\u00ed Lanka je historicky zn\u00e1m\u00e1 jako Cejlon a ofici\u00e1ln\u011b jako Sr\u00edlansk\u00e1 demokratick\u00e1 socialistick\u00e1 republika.<\/li>\n\n\n\n<li>Ostrov se nach\u00e1z\u00ed v Indick\u00e9m oce\u00e1nu, jihoz\u00e1padn\u011b od Beng\u00e1lsk\u00e9ho z\u00e1livu, od Indick\u00e9ho poloostrova je odd\u011blen Mann\u00e1rsk\u00fdm z\u00e1livem a Palkskou \u00fa\u017einou.<\/li>\n\n\n\n<li>Spole\u010dnost Lipton Tea byla zalo\u017eena na Sr\u00ed Lance v roce 1890.<\/li>\n<\/ul>\n\n\n\n<p>V\u011bd\u011bli jste, \u017ee\u2026?<\/p>\n\n\n\n<ul class=\"wp-block-list\">\n<li>Sr\u00ed Lanka je d\u00edky sv\u00e9mu jedine\u010dn\u00e9mu tvaru a poloze na jihu Indie zn\u00e1m\u00e1 jako \u201eindick\u00e1 slza\u201c.<\/li>\n\n\n\n<li>N\u00e1dra\u017e\u00ed Jungfraujoch je zn\u00e1m\u00e9 jako \u201evrchol Evropy\u201c.<\/li>\n\n\n\n<li>V roce 1960 se Sirimavo Bandaranaike stala prvn\u00ed \u017eenou na sv\u011bt\u011b, kter\u00e1 se stala premi\u00e9rkou.<\/li>\n<\/ul>\n","protected":false},"featured_media":15751,"template":"","region":[349],"class_list":["post-16540","roaming","type-roaming","status-publish","has-post-thumbnail","hentry","region-asie"],"_links":{"self":[{"href":"http:\/\/esim2.clientinternals.webcase.pl\/cs\/wp-json\/wp\/v2\/roaming\/16540","targetHints":{"allow":["GET"]}}],"collection":[{"href":"http:\/\/esim2.clientinternals.webcase.pl\/cs\/wp-json\/wp\/v2\/roaming"}],"about":[{"href":"http:\/\/esim2.clientinternals.webcase.pl\/cs\/wp-json\/wp\/v2\/types\/roaming"}],"wp:featuredmedia":[{"embeddable":true,"href":"http:\/\/esim2.clientinternals.webcase.pl\/cs\/wp-json\/wp\/v2\/media\/15751"}],"wp:attachment":[{"href":"http:\/\/esim2.clientinternals.webcase.pl\/cs\/wp-json\/wp\/v2\/media?parent=16540"}],"wp:term":[{"taxonomy":"region","embeddable":true,"href":"http:\/\/esim2.clientinternals.webcase.pl\/cs\/wp-json\/wp\/v2\/region?post=16540"}],"curies":[{"name":"wp","href":"https:\/\/api.w.org\/{rel}","templated":true}]}}

Srí Lanka

<p>Zde je několik zajímavých a zábavných faktů o Srí Lance:</p>



<ul class="wp-block-list">
<li>Kód země: +94</li>



<li>Hlavní město: Kolombo je hlavním městem výkonné a soudní moci a Srí Jayewardenepura Kotte je hlavním městem zákonodárné moci.</li>



<li>Další hlavní města: Anuradhapura, Sri Jayawardenepura Kotte, Negombo</li>



<li>Počet obyvatel: 22,16 milionu (odhad na rok 2021)</li>



<li>Jazyk: Jazyk: sinhálština a tamilština,</li>



<li>Měna: Srílanská rupie</li>



<li>Srí Lanka je ostrovní stát v jižní Asii.</li>



<li>Srí Lanka je historicky známá jako Cejlon a oficiálně jako Srílanská demokratická socialistická republika.</li>



<li>Ostrov se nachází v Indickém oceánu, jihozápadně od Bengálského zálivu, od Indického poloostrova je oddělen Mannárským zálivem a Palkskou úžinou.</li>



<li>Společnost Lipton Tea byla založena na Srí Lance v roce 1890.</li>
</ul>



<p>Věděli jste, že…?</p>



<ul class="wp-block-list">
<li>Srí Lanka je díky svému jedinečnému tvaru a poloze na jihu Indie známá jako „indická slza“.</li>



<li>Nádraží Jungfraujoch je známé jako „vrchol Evropy“.</li>



<li>V roce 1960 se Sirimavo Bandaranaike stala první ženou na světě, která se stala premiérkou.</li>
</ul>
