{"id":16611,"date":"2024-02-23T19:02:35","date_gmt":"2024-02-23T18:02:35","guid":{"rendered":"http:\/\/esim2.clientinternals.webcase.pl\/?post_type=roaming&#038;p=16611"},"modified":"2024-03-14T22:01:40","modified_gmt":"2024-03-14T21:01:40","slug":"esim-myanmar","status":"publish","type":"roaming","link":"http:\/\/esim2.clientinternals.webcase.pl\/cs\/roaming\/esim-myanmar\/","title":{"rendered":"Myanmar"},"content":{"rendered":"\n<p>Zde je n\u011bkolik zaj\u00edmavost\u00ed o Myanmaru:<\/p>\n\n\n\n<ul class=\"wp-block-list\">\n<li>K\u00f3d zem\u011b: +95<\/li>\n\n\n\n<li>Hlavn\u00ed m\u011bsto: Naypyidaw<\/li>\n\n\n\n<li>Dal\u0161\u00ed hlavn\u00ed m\u011bsta: Hlavn\u00ed m\u011bsta: Taunggyi, Monywa, Yangon<\/li>\n\n\n\n<li>Obyvatelstvo: 53,8 milionu (odhad na rok 2021)<\/li>\n\n\n\n<li>Jazyk: Barm\u0161tina<\/li>\n\n\n\n<li>M\u011bna: Myanmarsk\u00fd kyat<\/li>\n\n\n\n<li>Hlavn\u00edm m\u011bstem zem\u011b je Naypyidaw, nejv\u011bt\u0161\u00edm m\u011bstem Yangon (d\u0159\u00edve Rangoon).<\/li>\n\n\n\n<li>V Rang\u00fanu se nach\u00e1z\u00ed ru\u0161n\u00e9 trhy, \u010detn\u00e9 parky a jezera a vysok\u00e1 pozlacen\u00e1 pagoda Shwedagon, kter\u00e1 obsahuje buddhistick\u00e9 relikvie a poch\u00e1z\u00ed ze 6. stolet\u00ed.<\/li>\n\n\n\n<li>Thanaka je kosmetick\u00e1 pasta vyr\u00e1b\u011bn\u00e1 z k\u016fry vybran\u00fdch strom\u016f, kter\u00e1 \u00fadajn\u011b udr\u017euje poko\u017eku hladkou a chr\u00e1n\u00ed ji p\u0159ed po\u0161kozen\u00edm sluncem.<\/li>\n\n\n\n<li>Myanmar je jednou ze t\u0159\u00ed zem\u00ed na sv\u011bt\u011b, kter\u00e9 nepou\u017e\u00edvaj\u00ed metrick\u00fd syst\u00e9m. Zem\u011b st\u00e1le pou\u017e\u00edv\u00e1 vlastn\u00ed m\u011brn\u00e9 jednotky.<\/li>\n<\/ul>\n\n\n\n<p>V\u011bd\u011bli jste, \u017ee\u2026?<\/p>\n\n\n\n<ul class=\"wp-block-list\">\n<li>V Myanmaru jsou nejkvalitn\u011bj\u0161\u00ed rub\u00edny na sv\u011bt\u011b, maj\u00ed vysok\u00fd obsah chromu a n\u00edzk\u00fd obsah \u017eeleza, co\u017e jim dod\u00e1v\u00e1 vysokou fluorescenci a \u017e\u00e1dan\u00fd odst\u00edn \u201eholub\u00ed krve\u201c.<\/li>\n\n\n\n<li>V Barm\u011b \u017eije v\u00edce ne\u017e 130 etnick\u00fdch skupin a Barma se \u0159ad\u00ed mezi 75 kulturn\u011b a etnicky nejrozmanit\u011bj\u0161\u00edch zem\u00ed sv\u011bta.<\/li>\n<\/ul>\n","protected":false},"featured_media":15751,"template":"","region":[349],"class_list":["post-16611","roaming","type-roaming","status-publish","has-post-thumbnail","hentry","region-asie"],"_links":{"self":[{"href":"http:\/\/esim2.clientinternals.webcase.pl\/cs\/wp-json\/wp\/v2\/roaming\/16611","targetHints":{"allow":["GET"]}}],"collection":[{"href":"http:\/\/esim2.clientinternals.webcase.pl\/cs\/wp-json\/wp\/v2\/roaming"}],"about":[{"href":"http:\/\/esim2.clientinternals.webcase.pl\/cs\/wp-json\/wp\/v2\/types\/roaming"}],"wp:featuredmedia":[{"embeddable":true,"href":"http:\/\/esim2.clientinternals.webcase.pl\/cs\/wp-json\/wp\/v2\/media\/15751"}],"wp:attachment":[{"href":"http:\/\/esim2.clientinternals.webcase.pl\/cs\/wp-json\/wp\/v2\/media?parent=16611"}],"wp:term":[{"taxonomy":"region","embeddable":true,"href":"http:\/\/esim2.clientinternals.webcase.pl\/cs\/wp-json\/wp\/v2\/region?post=16611"}],"curies":[{"name":"wp","href":"https:\/\/api.w.org\/{rel}","templated":true}]}}

<p>Zde je několik zajímavostí o Myanmaru:</p>



<ul class="wp-block-list">
<li>Kód země: +95</li>



<li>Hlavní město: Naypyidaw</li>



<li>Další hlavní města: Hlavní města: Taunggyi, Monywa, Yangon</li>



<li>Obyvatelstvo: 53,8 milionu (odhad na rok 2021)</li>



<li>Jazyk: Barmština</li>



<li>Měna: Myanmarský kyat</li>



<li>Hlavním městem země je Naypyidaw, největším městem Yangon (dříve Rangoon).</li>



<li>V Rangúnu se nachází rušné trhy, četné parky a jezera a vysoká pozlacená pagoda Shwedagon, která obsahuje buddhistické relikvie a pochází ze 6. století.</li>



<li>Thanaka je kosmetická pasta vyráběná z kůry vybraných stromů, která údajně udržuje pokožku hladkou a chrání ji před poškozením sluncem.</li>



<li>Myanmar je jednou ze tří zemí na světě, které nepoužívají metrický systém. Země stále používá vlastní měrné jednotky.</li>
</ul>



<p>Věděli jste, že…?</p>



<ul class="wp-block-list">
<li>V Myanmaru jsou nejkvalitnější rubíny na světě, mají vysoký obsah chromu a nízký obsah železa, což jim dodává vysokou fluorescenci a žádaný odstín „holubí krve“.</li>



<li>V Barmě žije více než 130 etnických skupin a Barma se řadí mezi 75 kulturně a etnicky nejrozmanitějších zemí světa.</li>
</ul>
