{"id":16660,"date":"2024-02-23T19:20:04","date_gmt":"2024-02-23T18:20:04","guid":{"rendered":"http:\/\/esim2.clientinternals.webcase.pl\/?post_type=roaming&#038;p=16660"},"modified":"2024-03-15T10:20:31","modified_gmt":"2024-03-15T09:20:31","slug":"esim-novy-zeland","status":"publish","type":"roaming","link":"http:\/\/esim2.clientinternals.webcase.pl\/cs\/roaming\/esim-novy-zeland\/","title":{"rendered":"Nov\u00fd Z\u00e9land"},"content":{"rendered":"\n<ul class=\"wp-block-list\">\n<li>K\u00f3d zem\u011b: +64<\/li>\n\n\n\n<li>Hlavn\u00ed m\u011bsto: Wellington<\/li>\n\n\n\n<li>Dal\u0161\u00ed zn\u00e1m\u00e1 m\u011bsta: Gisborne, Hastings, New Plymouth<\/li>\n\n\n\n<li>Obyvatelstvo: 5.12 milion\u016f (odhad na rok 2022)<\/li>\n\n\n\n<li>Jazyk: Angli\u010dtina je nejroz\u0161\u00ed\u0159en\u011bj\u0161\u00edm jazykem na Nov\u00e9m Z\u00e9landu, zat\u00edmco maor\u0161tina a novoz\u00e9landsk\u00fd znakov\u00fd jazyk maj\u00ed podle z\u00e1kona zvl\u00e1\u0161tn\u00ed status \u00fa\u0159edn\u00edho jazyka.<\/li>\n\n\n\n<li>M\u011bna: Novoz\u00e9landsk\u00fd dolar (NZ)<\/li>\n\n\n\n<li>Podle Guinnessovy knihy rekord\u016f se nejstrm\u011bj\u0161\u00ed ulice na sv\u011bt\u011b nach\u00e1z\u00ed na Ji\u017en\u00edm ostrov\u011b Nov\u00e9ho Z\u00e9landu na Baldwin Street se sklonem 19 stup\u0148\u016f!<\/li>\n\n\n\n<li>Nov\u00fd Z\u00e9land byl posledn\u00ed zem\u00ed na sv\u011bt\u011b, kter\u00e1 byla os\u00eddlena lidmi. Prvn\u00ed lid\u00e9 ji os\u00eddlili teprve p\u0159ed 800 lety a jako prvn\u00ed sem p\u0159i\u0161li Maorov\u00e9.<\/li>\n\n\n\n<li>Novoz\u00e9lan\u010fan\u016fm se tak\u00e9 \u0159\u00edk\u00e1 Kiwi. N\u00e1zev \u201ekiwi\u201c je odvozen od mal\u00e9ho nel\u00e9tav\u00e9ho pt\u00e1ka, kter\u00fd se vyskytuje pouze na Nov\u00e9m Z\u00e9landu.<\/li>\n<\/ul>\n\n\n\n<p>V\u011bd\u011bli jste, \u017ee\u2026?<\/p>\n\n\n\n<ul class=\"wp-block-list\">\n<li>Nov\u00fd Z\u00e9land, maorsky Aotearoa, nikdy nehostil Velkou cenu, ale vyprodukoval \u0159adu v\u00fdznamn\u00fdch jezdc\u016f. Denny Hulme byl mistrem sv\u011bta z roku 1967 a jeho krajan Bruce McLaren zalo\u017eil McLaren v roce 1963.<\/li>\n\n\n\n<li>Novoz\u00e9lan\u010fan Liam Lawson je jedn\u00edm z nejv\u011bt\u0161\u00edch talent\u016f v sou\u010dasn\u00e9m programu rozvoje jezdc\u016f Red Bull Junior Teamu. P\u0159i sv\u00e9m debutu zv\u00edt\u011bzil ve v\u0161ech kategori\u00edch, ve kter\u00fdch z\u00e1vodil: V roce 2019 zv\u00edt\u011bzil v z\u00e1vodech Formule 1, Formule Ford, Formule 4, Formule 3 Asia a Toyota Racing Series.<\/li>\n<\/ul>\n","protected":false},"featured_media":15751,"template":"","region":[351],"class_list":["post-16660","roaming","type-roaming","status-publish","has-post-thumbnail","hentry","region-australie-oceanie"],"_links":{"self":[{"href":"http:\/\/esim2.clientinternals.webcase.pl\/cs\/wp-json\/wp\/v2\/roaming\/16660","targetHints":{"allow":["GET"]}}],"collection":[{"href":"http:\/\/esim2.clientinternals.webcase.pl\/cs\/wp-json\/wp\/v2\/roaming"}],"about":[{"href":"http:\/\/esim2.clientinternals.webcase.pl\/cs\/wp-json\/wp\/v2\/types\/roaming"}],"wp:featuredmedia":[{"embeddable":true,"href":"http:\/\/esim2.clientinternals.webcase.pl\/cs\/wp-json\/wp\/v2\/media\/15751"}],"wp:attachment":[{"href":"http:\/\/esim2.clientinternals.webcase.pl\/cs\/wp-json\/wp\/v2\/media?parent=16660"}],"wp:term":[{"taxonomy":"region","embeddable":true,"href":"http:\/\/esim2.clientinternals.webcase.pl\/cs\/wp-json\/wp\/v2\/region?post=16660"}],"curies":[{"name":"wp","href":"https:\/\/api.w.org\/{rel}","templated":true}]}}

Nový Zéland

<ul class="wp-block-list">
<li>Kód země: +64</li>



<li>Hlavní město: Wellington</li>



<li>Další známá města: Gisborne, Hastings, New Plymouth</li>



<li>Obyvatelstvo: 5.12 milionů (odhad na rok 2022)</li>



<li>Jazyk: Angličtina je nejrozšířenějším jazykem na Novém Zélandu, zatímco maorština a novozélandský znakový jazyk mají podle zákona zvláštní status úředního jazyka.</li>



<li>Měna: Novozélandský dolar (NZ)</li>



<li>Podle Guinnessovy knihy rekordů se nejstrmější ulice na světě nachází na Jižním ostrově Nového Zélandu na Baldwin Street se sklonem 19 stupňů!</li>



<li>Nový Zéland byl poslední zemí na světě, která byla osídlena lidmi. První lidé ji osídlili teprve před 800 lety a jako první sem přišli Maorové.</li>



<li>Novozélanďanům se také říká Kiwi. Název „kiwi“ je odvozen od malého nelétavého ptáka, který se vyskytuje pouze na Novém Zélandu.</li>
</ul>



<p>Věděli jste, že…?</p>



<ul class="wp-block-list">
<li>Nový Zéland, maorsky Aotearoa, nikdy nehostil Velkou cenu, ale vyprodukoval řadu významných jezdců. Denny Hulme byl mistrem světa z roku 1967 a jeho krajan Bruce McLaren založil McLaren v roce 1963.</li>



<li>Novozélanďan Liam Lawson je jedním z největších talentů v současném programu rozvoje jezdců Red Bull Junior Teamu. Při svém debutu zvítězil ve všech kategoriích, ve kterých závodil: V roce 2019 zvítězil v závodech Formule 1, Formule Ford, Formule 4, Formule 3 Asia a Toyota Racing Series.</li>
</ul>
