{"id":16794,"date":"2024-02-23T19:48:08","date_gmt":"2024-02-23T18:48:08","guid":{"rendered":"http:\/\/esim2.clientinternals.webcase.pl\/?post_type=roaming&#038;p=16794"},"modified":"2024-03-17T21:45:37","modified_gmt":"2024-03-17T20:45:37","slug":"esim-srbsko","status":"publish","type":"roaming","link":"http:\/\/esim2.clientinternals.webcase.pl\/cs\/roaming\/esim-srbsko\/","title":{"rendered":"Srbsko"},"content":{"rendered":"\n<p>Zde je n\u011bkolik zaj\u00edmavost\u00ed o Srbsku:<\/p>\n\n\n\n<ul class=\"wp-block-list\">\n<li>Hlavn\u00ed m\u011bsto: B\u011blehrad<\/li>\n\n\n\n<li>Obyvatelstvo: 6.8 milion\u016f (odhad 2021)<\/li>\n\n\n\n<li>K\u00f3d zem\u011b: +381<\/li>\n\n\n\n<li>M\u011bna: Srbsk\u00fd din\u00e1r<\/li>\n\n\n\n<li>Jazyk: srb\u0161tina<\/li>\n\n\n\n<li>Dal\u0161\u00ed zaj\u00edmav\u00e1 m\u00edsta: Vr\u0161ac, Leskovac, Vranje<\/li>\n\n\n\n<li>Republika Srbsko je vnitrozemsk\u00fd st\u00e1t v jihov\u00fdchodn\u00ed a st\u0159edn\u00ed Evrop\u011b, kter\u00fd se nach\u00e1z\u00ed na k\u0159i\u017eovatce Panonsk\u00e9 p\u00e1nve a Balk\u00e1nu.<\/li>\n\n\n\n<li>Srbsko je jedn\u00edm z nejv\u011bt\u0161\u00edch sv\u011btov\u00fdch v\u00fdvozc\u016f malin.<\/li>\n\n\n\n<li>P\u011btina starov\u011bk\u00fdch \u0159\u00edmsk\u00fdch panovn\u00edk\u016f se narodila v Srbsku.<\/li>\n\n\n\n<li>Ze Srbska vze\u0161li n\u011bkte\u0159\u00ed z nejslavn\u011bj\u0161\u00edch vyn\u00e1lezc\u016f, v\u011bdc\u016f a chemik\u016f, jako nap\u0159\u00edklad Pupin, Milankovi\u010d, Marie a Karad\u017ei\u010d.<\/li>\n<\/ul>\n\n\n\n<p>V\u011bd\u011bli jste, \u017ee\u2026?<\/p>\n\n\n\n<ul class=\"wp-block-list\">\n<li>Nejdra\u017e\u0161\u00ed s\u00fdr na sv\u011bt\u011b se vyr\u00e1b\u00ed z osl\u00edho ml\u00e9ka a naz\u00fdv\u00e1 se Pule.<\/li>\n\n\n\n<li>Dunaj je nejdel\u0161\u00ed \u0159ekou v zemi.<\/li>\n<\/ul>\n","protected":false},"featured_media":15335,"template":"","region":[353],"class_list":["post-16794","roaming","type-roaming","status-publish","has-post-thumbnail","hentry","region-evropa"],"_links":{"self":[{"href":"http:\/\/esim2.clientinternals.webcase.pl\/cs\/wp-json\/wp\/v2\/roaming\/16794","targetHints":{"allow":["GET"]}}],"collection":[{"href":"http:\/\/esim2.clientinternals.webcase.pl\/cs\/wp-json\/wp\/v2\/roaming"}],"about":[{"href":"http:\/\/esim2.clientinternals.webcase.pl\/cs\/wp-json\/wp\/v2\/types\/roaming"}],"wp:featuredmedia":[{"embeddable":true,"href":"http:\/\/esim2.clientinternals.webcase.pl\/cs\/wp-json\/wp\/v2\/media\/15335"}],"wp:attachment":[{"href":"http:\/\/esim2.clientinternals.webcase.pl\/cs\/wp-json\/wp\/v2\/media?parent=16794"}],"wp:term":[{"taxonomy":"region","embeddable":true,"href":"http:\/\/esim2.clientinternals.webcase.pl\/cs\/wp-json\/wp\/v2\/region?post=16794"}],"curies":[{"name":"wp","href":"https:\/\/api.w.org\/{rel}","templated":true}]}}

<p>Zde je několik zajímavostí o Srbsku:</p>



<ul class="wp-block-list">
<li>Hlavní město: Bělehrad</li>



<li>Obyvatelstvo: 6.8 milionů (odhad 2021)</li>



<li>Kód země: +381</li>



<li>Měna: Srbský dinár</li>



<li>Jazyk: srbština</li>



<li>Další zajímavá místa: Vršac, Leskovac, Vranje</li>



<li>Republika Srbsko je vnitrozemský stát v jihovýchodní a střední Evropě, který se nachází na křižovatce Panonské pánve a Balkánu.</li>



<li>Srbsko je jedním z největších světových vývozců malin.</li>



<li>Pětina starověkých římských panovníků se narodila v Srbsku.</li>



<li>Ze Srbska vzešli někteří z nejslavnějších vynálezců, vědců a chemiků, jako například Pupin, Milankovič, Marie a Karadžič.</li>
</ul>



<p>Věděli jste, že…?</p>



<ul class="wp-block-list">
<li>Nejdražší sýr na světě se vyrábí z oslího mléka a nazývá se Pule.</li>



<li>Dunaj je nejdelší řekou v zemi.</li>
</ul>
