{"id":16878,"date":"2024-02-23T19:45:31","date_gmt":"2024-02-23T18:45:31","guid":{"rendered":"http:\/\/esim2.clientinternals.webcase.pl\/?post_type=roaming&#038;p=16878"},"modified":"2024-03-17T20:49:25","modified_gmt":"2024-03-17T19:49:25","slug":"esim-severni-makedonie","status":"publish","type":"roaming","link":"http:\/\/esim2.clientinternals.webcase.pl\/cs\/roaming\/esim-severni-makedonie\/","title":{"rendered":"Severn\u00ed Makedonie"},"content":{"rendered":"\n<p>Zde je n\u011bkolik zaj\u00edmavost\u00ed o Severn\u00ed Makedonii:<\/p>\n\n\n\n<ul class=\"wp-block-list\">\n<li>Hlavn\u00ed m\u011bsto: Skopje<\/li>\n\n\n\n<li>Po\u010det obyvatel: 2,06 milionu (odhad 2021)<\/li>\n\n\n\n<li>K\u00f3d zem\u011b: +389<\/li>\n\n\n\n<li>M\u011bna: Makedonsk\u00fd den\u00e1r<\/li>\n\n\n\n<li>Jazyk: Makedon\u0161tina<\/li>\n\n\n\n<li>Dal\u0161\u00ed zaj\u00edmav\u00e1 m\u00edsta: Ohrid, Strumica, Tetovo<\/li>\n\n\n\n<li>Severn\u00ed Makedonie le\u017e\u00ed bez p\u0159\u00edstupu k mo\u0159i mezi Kosovem, Srbskem, Bulharskem, \u0158eckem a Alb\u00e1ni\u00ed.<\/li>\n\n\n\n<li>Ohridsk\u00e9 jezero je jedno z nejstar\u0161\u00edch a nejhlub\u0161\u00edch jezer v Evrop\u011b s maxim\u00e1ln\u00ed hloubkou 288 metr\u016f.<\/li>\n\n\n\n<li>Jedna z nejstar\u0161\u00edch hv\u011bzd\u00e1ren na sv\u011bt\u011b, observato\u0159 Kokino, je star\u00e1 v\u00edce ne\u017e 3 800 let.<\/li>\n\n\n\n<li>Cyrilice poch\u00e1z\u00ed z Makedonie. Je to p\u00edsmo pou\u017e\u00edvan\u00e9 v zem\u00edch Eurasie a jako n\u00e1rodn\u00ed p\u00edsmo ve slovansk\u00fdch, turkick\u00fdch, mongolsk\u00fdch, uralsk\u00fdch a \u00edr\u00e1nsk\u00fdch jazykov\u00fdch zem\u00edch v jihov\u00fdchodn\u00ed Evrop\u011b.<\/li>\n<\/ul>\n\n\n\n<p>V\u011bd\u011bli jste, \u017ee\u2026?<\/p>\n\n\n\n<ul class=\"wp-block-list\">\n<li>M\u011bsto Struga je domovem nejstar\u0161\u00edho mezin\u00e1rodn\u00edho festivalu poezie na sv\u011bt\u011b, Stru\u017esk\u00fdch ve\u010der\u016f poezie (SPE).<\/li>\n\n\n\n<li>Severn\u00ed Makedonie m\u00e1 v\u00edce hor a horsk\u00fdch vrchol\u016f ne\u017e kter\u00e1koli jin\u00e1 zem\u011b na sv\u011bt\u011b.<\/li>\n<\/ul>\n","protected":false},"featured_media":15335,"template":"","region":[353],"class_list":["post-16878","roaming","type-roaming","status-publish","has-post-thumbnail","hentry","region-evropa"],"_links":{"self":[{"href":"http:\/\/esim2.clientinternals.webcase.pl\/cs\/wp-json\/wp\/v2\/roaming\/16878","targetHints":{"allow":["GET"]}}],"collection":[{"href":"http:\/\/esim2.clientinternals.webcase.pl\/cs\/wp-json\/wp\/v2\/roaming"}],"about":[{"href":"http:\/\/esim2.clientinternals.webcase.pl\/cs\/wp-json\/wp\/v2\/types\/roaming"}],"wp:featuredmedia":[{"embeddable":true,"href":"http:\/\/esim2.clientinternals.webcase.pl\/cs\/wp-json\/wp\/v2\/media\/15335"}],"wp:attachment":[{"href":"http:\/\/esim2.clientinternals.webcase.pl\/cs\/wp-json\/wp\/v2\/media?parent=16878"}],"wp:term":[{"taxonomy":"region","embeddable":true,"href":"http:\/\/esim2.clientinternals.webcase.pl\/cs\/wp-json\/wp\/v2\/region?post=16878"}],"curies":[{"name":"wp","href":"https:\/\/api.w.org\/{rel}","templated":true}]}}

Severní Makedonie

<p>Zde je několik zajímavostí o Severní Makedonii:</p>



<ul class="wp-block-list">
<li>Hlavní město: Skopje</li>



<li>Počet obyvatel: 2,06 milionu (odhad 2021)</li>



<li>Kód země: +389</li>



<li>Měna: Makedonský denár</li>



<li>Jazyk: Makedonština</li>



<li>Další zajímavá místa: Ohrid, Strumica, Tetovo</li>



<li>Severní Makedonie leží bez přístupu k moři mezi Kosovem, Srbskem, Bulharskem, Řeckem a Albánií.</li>



<li>Ohridské jezero je jedno z nejstarších a nejhlubších jezer v Evropě s maximální hloubkou 288 metrů.</li>



<li>Jedna z nejstarších hvězdáren na světě, observatoř Kokino, je stará více než 3 800 let.</li>



<li>Cyrilice pochází z Makedonie. Je to písmo používané v zemích Eurasie a jako národní písmo ve slovanských, turkických, mongolských, uralských a íránských jazykových zemích v jihovýchodní Evropě.</li>
</ul>



<p>Věděli jste, že…?</p>



<ul class="wp-block-list">
<li>Město Struga je domovem nejstaršího mezinárodního festivalu poezie na světě, Stružských večerů poezie (SPE).</li>



<li>Severní Makedonie má více hor a horských vrcholů než kterákoli jiná země na světě.</li>
</ul>
