{"id":16889,"date":"2024-02-23T19:44:32","date_gmt":"2024-02-23T18:44:32","guid":{"rendered":"http:\/\/esim2.clientinternals.webcase.pl\/?post_type=roaming&#038;p=16889"},"modified":"2024-03-17T18:23:00","modified_gmt":"2024-03-17T17:23:00","slug":"esim-cerna-hora","status":"publish","type":"roaming","link":"http:\/\/esim2.clientinternals.webcase.pl\/cs\/roaming\/esim-cerna-hora\/","title":{"rendered":"\u010cern\u00e1 Hora"},"content":{"rendered":"\n<p>Zde je n\u011bkolik zaj\u00edmavost\u00ed o \u010cern\u00e9 Ho\u0159e:<\/p>\n\n\n\n<ul class=\"wp-block-list\">\n<li>K\u00f3d zem\u011b: +382<\/li>\n\n\n\n<li>Hlavn\u00ed m\u011bsto: Podgorica<\/li>\n\n\n\n<li>Dal\u0161\u00ed hlavn\u00ed m\u011bsta: Niksic, Tivat, Rozaje<\/li>\n\n\n\n<li>Obyvatelstvo: 619 211 (odhad na rok 2021)<\/li>\n\n\n\n<li>Jazyk: \u010cernohor\u0161tina<\/li>\n\n\n\n<li>M\u011bna: Euro<\/li>\n\n\n\n<li>\u00da\u0159edn\u00edm jazykem je \u010dernohor\u0161tina, uzn\u00e1van\u00fdmi \u00fa\u0159edn\u00edmi jazyky jsou v\u0161ak tak\u00e9 srb\u0161tina, chorvat\u0161tina, bosen\u0161tina a alb\u00e1n\u0161tina.<\/li>\n\n\n\n<li>Zem\u011b se nach\u00e1z\u00ed ve 4 klimatick\u00fdch p\u00e1smech.<\/li>\n\n\n\n<li>Na severu soused\u00ed se Srbskem, na jihov\u00fdchod\u011b s Kosovem a Alb\u00e1ni\u00ed, na jihu s Jadersk\u00fdm mo\u0159em a na druh\u00e9 stran\u011b s It\u00e1li\u00ed a na z\u00e1pad\u011b s Chorvatskem a Bosnou a Hercegovinou.<\/li>\n\n\n\n<li>\u010cern\u00e1 Hora se v roce 1991 stala prvn\u00edm ekologick\u00fdm st\u00e1tem na sv\u011bt\u011b.<\/li>\n<\/ul>\n\n\n\n<p>V\u011bd\u011bli jste, \u017ee\u2026?<\/p>\n\n\n\n<ul class=\"wp-block-list\">\n<li>Ka\u0148on Tara je se sv\u00fdmi 1 300 m nejhlub\u0161\u00edm ka\u0148onem v Evrop\u011b.<\/li>\n\n\n\n<li>Kotorsk\u00fd z\u00e1liv je nejji\u017en\u011bj\u0161\u00ed fjord na sv\u011bt\u011b.<\/li>\n<\/ul>\n","protected":false},"featured_media":15335,"template":"","region":[353],"class_list":["post-16889","roaming","type-roaming","status-publish","has-post-thumbnail","hentry","region-evropa"],"_links":{"self":[{"href":"http:\/\/esim2.clientinternals.webcase.pl\/cs\/wp-json\/wp\/v2\/roaming\/16889","targetHints":{"allow":["GET"]}}],"collection":[{"href":"http:\/\/esim2.clientinternals.webcase.pl\/cs\/wp-json\/wp\/v2\/roaming"}],"about":[{"href":"http:\/\/esim2.clientinternals.webcase.pl\/cs\/wp-json\/wp\/v2\/types\/roaming"}],"wp:featuredmedia":[{"embeddable":true,"href":"http:\/\/esim2.clientinternals.webcase.pl\/cs\/wp-json\/wp\/v2\/media\/15335"}],"wp:attachment":[{"href":"http:\/\/esim2.clientinternals.webcase.pl\/cs\/wp-json\/wp\/v2\/media?parent=16889"}],"wp:term":[{"taxonomy":"region","embeddable":true,"href":"http:\/\/esim2.clientinternals.webcase.pl\/cs\/wp-json\/wp\/v2\/region?post=16889"}],"curies":[{"name":"wp","href":"https:\/\/api.w.org\/{rel}","templated":true}]}}

Černá Hora

<p>Zde je několik zajímavostí o Černé Hoře:</p>



<ul class="wp-block-list">
<li>Kód země: +382</li>



<li>Hlavní město: Podgorica</li>



<li>Další hlavní města: Niksic, Tivat, Rozaje</li>



<li>Obyvatelstvo: 619 211 (odhad na rok 2021)</li>



<li>Jazyk: Černohorština</li>



<li>Měna: Euro</li>



<li>Úředním jazykem je černohorština, uznávanými úředními jazyky jsou však také srbština, chorvatština, bosenština a albánština.</li>



<li>Země se nachází ve 4 klimatických pásmech.</li>



<li>Na severu sousedí se Srbskem, na jihovýchodě s Kosovem a Albánií, na jihu s Jaderským mořem a na druhé straně s Itálií a na západě s Chorvatskem a Bosnou a Hercegovinou.</li>



<li>Černá Hora se v roce 1991 stala prvním ekologickým státem na světě.</li>
</ul>



<p>Věděli jste, že…?</p>



<ul class="wp-block-list">
<li>Kaňon Tara je se svými 1 300 m nejhlubším kaňonem v Evropě.</li>



<li>Kotorský záliv je nejjižnější fjord na světě.</li>
</ul>
