{"id":16905,"date":"2024-02-23T19:43:55","date_gmt":"2024-02-23T18:43:55","guid":{"rendered":"http:\/\/esim2.clientinternals.webcase.pl\/?post_type=roaming&#038;p=16905"},"modified":"2024-03-17T18:04:32","modified_gmt":"2024-03-17T17:04:32","slug":"esim-malta","status":"publish","type":"roaming","link":"http:\/\/esim2.clientinternals.webcase.pl\/cs\/roaming\/esim-malta\/","title":{"rendered":"Malta"},"content":{"rendered":"\n<p>Zde je n\u011bkolik zaj\u00edmavost\u00ed o Malt\u011b:<\/p>\n\n\n\n<ul class=\"wp-block-list\">\n<li>Hlavn\u00ed m\u011bsto: Valletta<\/li>\n\n\n\n<li>Obyvatelstvo: 518 536 (odhad 2021)<\/li>\n\n\n\n<li>K\u00f3d zem\u011b: +356<\/li>\n\n\n\n<li>M\u011bna: Euro<\/li>\n\n\n\n<li>N\u00e1rodn\u00ed jazyk: malt\u0161tina<\/li>\n\n\n\n<li>Dal\u0161\u00ed zaj\u00edmav\u00e1 m\u00edsta: Birgu, Victoria, Popeye Village<\/li>\n\n\n\n<li>Malta m\u00e1 dva \u00fa\u0159edn\u00ed jazyky, malt\u0161tinu a angli\u010dtinu, malt\u0161tina je v\u0161ak n\u00e1rodn\u00edm jazykem. Do roku 1934 byla \u00fa\u0159edn\u00edm jazykem tak\u00e9 ital\u0161tina.<\/li>\n\n\n\n<li>Malta je ostrov v centr\u00e1ln\u00ed \u010d\u00e1sti St\u0159edozemn\u00edho mo\u0159e mezi Sic\u00edli\u00ed a severoafrick\u00fdm pob\u0159e\u017e\u00edm.<\/li>\n\n\n\n<li>Malta je jednou z m\u00e1la zem\u00ed na sv\u011bt\u011b, kde se jezd\u00ed po lev\u00e9 stran\u011b silnice.<\/li>\n\n\n\n<li>Malta je zn\u00e1m\u00e1 sv\u00fdm tepl\u00fdm podneb\u00edm a \u00fachvatnou krajinou.<\/li>\n<\/ul>\n\n\n\n<p>V\u011bd\u011bli jste, \u017ee\u2026?<\/p>\n\n\n\n<ul class=\"wp-block-list\">\n<li>Malta je obl\u00edben\u00fdm m\u00edstem pro nat\u00e1\u010den\u00ed film\u016f.<\/li>\n\n\n\n<li>Malta m\u00e1 t\u0159i pam\u00e1tky zapsan\u00e9 na seznamu sv\u011btov\u00e9ho d\u011bdictv\u00ed UNESCO.<\/li>\n<\/ul>\n","protected":false},"featured_media":15751,"template":"","region":[353],"class_list":["post-16905","roaming","type-roaming","status-publish","has-post-thumbnail","hentry","region-evropa"],"_links":{"self":[{"href":"http:\/\/esim2.clientinternals.webcase.pl\/cs\/wp-json\/wp\/v2\/roaming\/16905","targetHints":{"allow":["GET"]}}],"collection":[{"href":"http:\/\/esim2.clientinternals.webcase.pl\/cs\/wp-json\/wp\/v2\/roaming"}],"about":[{"href":"http:\/\/esim2.clientinternals.webcase.pl\/cs\/wp-json\/wp\/v2\/types\/roaming"}],"wp:featuredmedia":[{"embeddable":true,"href":"http:\/\/esim2.clientinternals.webcase.pl\/cs\/wp-json\/wp\/v2\/media\/15751"}],"wp:attachment":[{"href":"http:\/\/esim2.clientinternals.webcase.pl\/cs\/wp-json\/wp\/v2\/media?parent=16905"}],"wp:term":[{"taxonomy":"region","embeddable":true,"href":"http:\/\/esim2.clientinternals.webcase.pl\/cs\/wp-json\/wp\/v2\/region?post=16905"}],"curies":[{"name":"wp","href":"https:\/\/api.w.org\/{rel}","templated":true}]}}

<p>Zde je několik zajímavostí o Maltě:</p>



<ul class="wp-block-list">
<li>Hlavní město: Valletta</li>



<li>Obyvatelstvo: 518 536 (odhad 2021)</li>



<li>Kód země: +356</li>



<li>Měna: Euro</li>



<li>Národní jazyk: maltština</li>



<li>Další zajímavá místa: Birgu, Victoria, Popeye Village</li>



<li>Malta má dva úřední jazyky, maltštinu a angličtinu, maltština je však národním jazykem. Do roku 1934 byla úředním jazykem také italština.</li>



<li>Malta je ostrov v centrální části Středozemního moře mezi Sicílií a severoafrickým pobřežím.</li>



<li>Malta je jednou z mála zemí na světě, kde se jezdí po levé straně silnice.</li>



<li>Malta je známá svým teplým podnebím a úchvatnou krajinou.</li>
</ul>



<p>Věděli jste, že…?</p>



<ul class="wp-block-list">
<li>Malta je oblíbeným místem pro natáčení filmů.</li>



<li>Malta má tři památky zapsané na seznamu světového dědictví UNESCO.</li>
</ul>
