{"id":16927,"date":"2024-02-23T19:41:56","date_gmt":"2024-02-23T18:41:56","guid":{"rendered":"http:\/\/esim2.clientinternals.webcase.pl\/?post_type=roaming&#038;p=16927"},"modified":"2024-03-17T10:59:22","modified_gmt":"2024-03-17T09:59:22","slug":"esim-italie","status":"publish","type":"roaming","link":"http:\/\/esim2.clientinternals.webcase.pl\/cs\/roaming\/esim-italie\/","title":{"rendered":"It\u00e1lie"},"content":{"rendered":"\n<p>Zde je n\u011bkolik zaj\u00edmav\u00fdch a z\u00e1bavn\u00fdch fakt\u016f o It\u00e1lii:<\/p>\n\n\n\n<ul class=\"wp-block-list\">\n<li>K\u00f3d zem\u011b: +39<\/li>\n\n\n\n<li>Hlavn\u00ed m\u011bsto: \u0158\u00edm<\/li>\n\n\n\n<li>Dal\u0161\u00ed zn\u00e1m\u00e1 m\u011bsta: Pisa, Verona, Neapol<\/li>\n\n\n\n<li>Obyvatelstvo: 58,9 milion\u016f (odhad na rok 2022)<\/li>\n\n\n\n<li>Jazyk: Jazyk: ital\u0161tina<\/li>\n\n\n\n<li>M\u011bna: Euro<\/li>\n\n\n\n<li>J\u00eddlo je jedn\u00edm z d\u016fvod\u016f, pro\u010d je It\u00e1lie zn\u00e1m\u00e1 i v zahrani\u010d\u00ed, a posedlost t\u011bstovinami je v t\u00e9to zemi dob\u0159e zdokumentovan\u00e1. Mezi nejzn\u00e1m\u011bj\u0161\u00ed p\u0159\u00edklady pat\u0159\u00ed Carbonara z \u0158\u00edma, pesto z Janova a Bolognese z Bolon\u011b (italsky \u201eragu\u201c).<\/li>\n\n\n\n<li>Um\u011bn\u00ed p\u0159ipravovat neapolskou pizzu je tak jedine\u010dn\u00e9, \u017ee ho UNESCO uznalo za nehmotn\u00e9 sv\u011btov\u00e9 d\u011bdictv\u00ed.<\/li>\n\n\n\n<li>Italsk\u00fd fyzik Alessandro Volta je pova\u017eov\u00e1n za tv\u016frce prvn\u00ed funk\u010dn\u00ed baterie. D\u00edky sv\u00e9mu v\u00fdvoji a experiment\u016fm s elekt\u0159inou pomohl sv\u011btu p\u0159edstavit mobiln\u00ed elektrick\u00e9 n\u00e1boje. Na po\u010dest jeho pr\u00e1ce byl po n\u011bm pojmenov\u00e1n volt.<\/li>\n\n\n\n<li>Nejstar\u0161\u00ed univerzita na sv\u011bt\u011b se nach\u00e1z\u00ed v It\u00e1lii. Bolo\u0148sk\u00e1 univerzita byla zalo\u017eena v roce 1088.<\/li>\n<\/ul>\n\n\n\n<p>V\u011bd\u011bli jste, \u017ee\u2026?<\/p>\n\n\n\n<ul class=\"wp-block-list\">\n<li>Grand Prix It\u00e1lie je p\u00e1tou nejstar\u0161\u00ed n\u00e1rodn\u00ed Grand Prix, kter\u00e1 se kon\u00e1 od roku 1921. Je to jedna ze dvou Velk\u00fdch cen (spolu s britskou), kter\u00e9 se konaj\u00ed v r\u00e1mci Grand Prix mistrovstv\u00ed sv\u011bta formule 1 ka\u017edou sez\u00f3nu, a to nep\u0159etr\u017eit\u011b od zaveden\u00ed \u0161ampion\u00e1tu v roce 1950. V\u0161echny Velk\u00e9 ceny It\u00e1lie v \u00e9\u0159e mistrovstv\u00ed sv\u011bta formule 1 se jely v Monze s v\u00fdjimkou roku 1980, kdy se jely v Imole.<\/li>\n\n\n\n<li>Max Verstappen kone\u010dn\u011b dobyl Monzu a v roce 2022 vyhr\u00e1l pop\u00e1t\u00e9 v \u0159ad\u011b. Pro Red Bull to bylo prvn\u00ed v\u00edt\u011bzstv\u00ed v Monze od roku 2013 a dvan\u00e1ct\u00e9 v sezon\u011b.<\/li>\n<\/ul>\n","protected":false},"featured_media":16267,"template":"","region":[353],"class_list":["post-16927","roaming","type-roaming","status-publish","has-post-thumbnail","hentry","region-evropa"],"_links":{"self":[{"href":"http:\/\/esim2.clientinternals.webcase.pl\/cs\/wp-json\/wp\/v2\/roaming\/16927","targetHints":{"allow":["GET"]}}],"collection":[{"href":"http:\/\/esim2.clientinternals.webcase.pl\/cs\/wp-json\/wp\/v2\/roaming"}],"about":[{"href":"http:\/\/esim2.clientinternals.webcase.pl\/cs\/wp-json\/wp\/v2\/types\/roaming"}],"wp:featuredmedia":[{"embeddable":true,"href":"http:\/\/esim2.clientinternals.webcase.pl\/cs\/wp-json\/wp\/v2\/media\/16267"}],"wp:attachment":[{"href":"http:\/\/esim2.clientinternals.webcase.pl\/cs\/wp-json\/wp\/v2\/media?parent=16927"}],"wp:term":[{"taxonomy":"region","embeddable":true,"href":"http:\/\/esim2.clientinternals.webcase.pl\/cs\/wp-json\/wp\/v2\/region?post=16927"}],"curies":[{"name":"wp","href":"https:\/\/api.w.org\/{rel}","templated":true}]}}

Itálie

<p>Zde je několik zajímavých a zábavných faktů o Itálii:</p>



<ul class="wp-block-list">
<li>Kód země: +39</li>



<li>Hlavní město: Řím</li>



<li>Další známá města: Pisa, Verona, Neapol</li>



<li>Obyvatelstvo: 58,9 milionů (odhad na rok 2022)</li>



<li>Jazyk: Jazyk: italština</li>



<li>Měna: Euro</li>



<li>Jídlo je jedním z důvodů, proč je Itálie známá i v zahraničí, a posedlost těstovinami je v této zemi dobře zdokumentovaná. Mezi nejznámější příklady patří Carbonara z Říma, pesto z Janova a Bolognese z Boloně (italsky „ragu“).</li>



<li>Umění připravovat neapolskou pizzu je tak jedinečné, že ho UNESCO uznalo za nehmotné světové dědictví.</li>



<li>Italský fyzik Alessandro Volta je považován za tvůrce první funkční baterie. Díky svému vývoji a experimentům s elektřinou pomohl světu představit mobilní elektrické náboje. Na počest jeho práce byl po něm pojmenován volt.</li>



<li>Nejstarší univerzita na světě se nachází v Itálii. Boloňská univerzita byla založena v roce 1088.</li>
</ul>



<p>Věděli jste, že…?</p>



<ul class="wp-block-list">
<li>Grand Prix Itálie je pátou nejstarší národní Grand Prix, která se koná od roku 1921. Je to jedna ze dvou Velkých cen (spolu s britskou), které se konají v rámci Grand Prix mistrovství světa formule 1 každou sezónu, a to nepřetržitě od zavedení šampionátu v roce 1950. Všechny Velké ceny Itálie v éře mistrovství světa formule 1 se jely v Monze s výjimkou roku 1980, kdy se jely v Imole.</li>



<li>Max Verstappen konečně dobyl Monzu a v roce 2022 vyhrál popáté v řadě. Pro Red Bull to bylo první vítězství v Monze od roku 2013 a dvanácté v sezoně.</li>
</ul>
