{"id":16939,"date":"2024-02-23T19:41:14","date_gmt":"2024-02-23T18:41:14","guid":{"rendered":"http:\/\/esim2.clientinternals.webcase.pl\/?post_type=roaming&#038;p=16939"},"modified":"2024-03-17T08:53:46","modified_gmt":"2024-03-17T07:53:46","slug":"esim-island","status":"publish","type":"roaming","link":"http:\/\/esim2.clientinternals.webcase.pl\/cs\/roaming\/esim-island\/","title":{"rendered":"Island"},"content":{"rendered":"\n<p>Zde je n\u011bkolik zaj\u00edmavost\u00ed o Islandu:<\/p>\n\n\n\n<ul class=\"wp-block-list\">\n<li>Hlavn\u00ed m\u011bsto: Reykjav\u00edk<\/li>\n\n\n\n<li>Obyvatelstvo: 372 520 (odhad 2021)<\/li>\n\n\n\n<li>K\u00f3d zem\u011b: +354<\/li>\n\n\n\n<li>M\u011bna: Islandsk\u00e1 koruna<\/li>\n\n\n\n<li>Jazyk: Island\u0161tina<\/li>\n\n\n\n<li>Dal\u0161\u00ed zaj\u00edmav\u00e1 m\u00edsta na Islandu: Island: K\u00f3pavogur, Egilsstadir, \u00cdsafj\u00f6r\u00f0ur<\/li>\n\n\n\n<li>Geysir je oblast na Islandu a jeden z nejzn\u00e1m\u011bj\u0161\u00edch p\u0159\u00edrodn\u00edch \u017eivl\u016f v zemi.<\/li>\n\n\n\n<li>V\u011bt\u0161ina obyvatel \u017eije v hlavn\u00edm m\u011bst\u011b Reykjav\u00edku, kter\u00e9 vyu\u017e\u00edv\u00e1 geoterm\u00e1ln\u00ed energii.<\/li>\n\n\n\n<li>Na Islandu \u017eij\u00ed v pr\u016fm\u011bru asi 3 lid\u00e9 na kilometr.<\/li>\n\n\n\n<li>P\u0159ed v\u00edce ne\u017e 1100 lety objevili Island n\u00e1hodou Vikingov\u00e9 z Norska a je zn\u00e1m\u00fd jako jedna z nejmlad\u0161\u00edch pevnin na t\u00e9to planet\u011b.<\/li>\n<\/ul>\n\n\n\n<p>V\u011bd\u011bli jste, \u017ee\u2026?<\/p>\n\n\n\n<ul class=\"wp-block-list\">\n<li>11 % Islandu pokr\u00fdvaj\u00ed ledovce.<\/li>\n\n\n\n<li>Na ostrov\u011b se nach\u00e1z\u00ed v\u00edce ne\u017e 30 aktivn\u00edch vulkanick\u00fdch oblast\u00ed.<\/li>\n<\/ul>\n","protected":false},"featured_media":16267,"template":"","region":[353],"class_list":["post-16939","roaming","type-roaming","status-publish","has-post-thumbnail","hentry","region-evropa"],"_links":{"self":[{"href":"http:\/\/esim2.clientinternals.webcase.pl\/cs\/wp-json\/wp\/v2\/roaming\/16939","targetHints":{"allow":["GET"]}}],"collection":[{"href":"http:\/\/esim2.clientinternals.webcase.pl\/cs\/wp-json\/wp\/v2\/roaming"}],"about":[{"href":"http:\/\/esim2.clientinternals.webcase.pl\/cs\/wp-json\/wp\/v2\/types\/roaming"}],"wp:featuredmedia":[{"embeddable":true,"href":"http:\/\/esim2.clientinternals.webcase.pl\/cs\/wp-json\/wp\/v2\/media\/16267"}],"wp:attachment":[{"href":"http:\/\/esim2.clientinternals.webcase.pl\/cs\/wp-json\/wp\/v2\/media?parent=16939"}],"wp:term":[{"taxonomy":"region","embeddable":true,"href":"http:\/\/esim2.clientinternals.webcase.pl\/cs\/wp-json\/wp\/v2\/region?post=16939"}],"curies":[{"name":"wp","href":"https:\/\/api.w.org\/{rel}","templated":true}]}}

<p>Zde je několik zajímavostí o Islandu:</p>



<ul class="wp-block-list">
<li>Hlavní město: Reykjavík</li>



<li>Obyvatelstvo: 372 520 (odhad 2021)</li>



<li>Kód země: +354</li>



<li>Měna: Islandská koruna</li>



<li>Jazyk: Islandština</li>



<li>Další zajímavá místa na Islandu: Island: Kópavogur, Egilsstadir, Ísafjörður</li>



<li>Geysir je oblast na Islandu a jeden z nejznámějších přírodních živlů v zemi.</li>



<li>Většina obyvatel žije v hlavním městě Reykjavíku, které využívá geotermální energii.</li>



<li>Na Islandu žijí v průměru asi 3 lidé na kilometr.</li>



<li>Před více než 1100 lety objevili Island náhodou Vikingové z Norska a je známý jako jedna z nejmladších pevnin na této planetě.</li>
</ul>



<p>Věděli jste, že…?</p>



<ul class="wp-block-list">
<li>11 % Islandu pokrývají ledovce.</li>



<li>Na ostrově se nachází více než 30 aktivních vulkanických oblastí.</li>
</ul>
