{"id":16962,"date":"2024-02-23T19:39:56","date_gmt":"2024-02-23T18:39:56","guid":{"rendered":"http:\/\/esim2.clientinternals.webcase.pl\/?post_type=roaming&#038;p=16962"},"modified":"2024-03-17T08:04:05","modified_gmt":"2024-03-17T07:04:05","slug":"esim-nemecko","status":"publish","type":"roaming","link":"http:\/\/esim2.clientinternals.webcase.pl\/cs\/roaming\/esim-nemecko\/","title":{"rendered":"N\u011bmecko"},"content":{"rendered":"\n<p>Zde je n\u011bkolik zaj\u00edmav\u00fdch a z\u00e1bavn\u00fdch fakt\u016f o N\u011bmecku<\/p>\n\n\n\n<ul class=\"wp-block-list\">\n<li>K\u00f3d zem\u011b: +49<\/li>\n\n\n\n<li>Hlavn\u00ed m\u011bsto: Berl\u00edn<\/li>\n\n\n\n<li>Dal\u0161\u00ed zn\u00e1m\u00e1 m\u011bsta: Frankfurt, Mnichov, Kol\u00edn nad R\u00fdnem<\/li>\n\n\n\n<li>Po\u010det obyvatel: 84,3 milionu (odhad na rok 2022)<\/li>\n\n\n\n<li>Jazyk: N\u011bm\u010dina<\/li>\n\n\n\n<li>M\u011bna: Euro<\/li>\n\n\n\n<li>N\u011bmecko je jedn\u00edm z nejv\u011bt\u0161\u00edch v\u00fdrobc\u016f automobil\u016f na sv\u011bt\u011b a nejv\u011bt\u0161\u00edm v Evrop\u011b.<\/li>\n\n\n\n<li>N\u011bmecko se skl\u00e1d\u00e1 ze \u0161estn\u00e1cti st\u00e1t\u016f. St\u00e1ty maj\u00ed vlastn\u00ed \u00fastavu a jsou do zna\u010dn\u00e9 m\u00edry autonomn\u00ed, pokud jde o jejich vnit\u0159n\u00ed uspo\u0159\u00e1d\u00e1n\u00ed.<\/li>\n\n\n\n<li>N\u011bmecko soused\u00ed s dev\u00edti dal\u0161\u00edmi zem\u011bmi: D\u00e1nsko, Polsko, \u010cesk\u00e1 republika, Rakousko, \u0160v\u00fdcarsko, Francie, Belgie, Lucembursko a Nizozemsko.<\/li>\n<\/ul>\n\n\n\n<p>V\u011bd\u011bli jste, \u017ee\u2026?<\/p>\n\n\n\n<ul class=\"wp-block-list\">\n<li>Sebastian Vettel p\u016fsobil v t\u00fdmu Red Bull Racing od roku 2009 do roku 2014. Sv\u016fj prvn\u00ed titul z\u00edskal ve 23 letech. V roce 2011 zcela dominoval a stal se nejmlad\u0161\u00edm dvojn\u00e1sobn\u00fdm mistrem sv\u011bta. V roce 2012 z\u00edskal sv\u016fj t\u0159et\u00ed titul v \u0159ad\u011b, kter\u00fd byl tvrd\u011b vydobyt\u00fd a zaslou\u017een\u00fd. V roce 2013 se ve sv\u00fdch 26 letech stal nejmlad\u0161\u00edm \u010dty\u0159n\u00e1sobn\u00fdm mistrem sv\u011bta.<\/li>\n\n\n\n<li>A\u017e v roce 1994, t\u00e9m\u011b\u0159 \u010dty\u0159i a p\u016fl desetilet\u00ed po za\u010d\u00e1tku historie mistrovstv\u00ed sv\u011bta formule 1, vyhr\u00e1l nejv\u011bt\u0161\u00ed cenu v motoristick\u00e9m sportu n\u011bmeck\u00fd jezdec.<\/li>\n\n\n\n<li>Od t\u00e9 doby z\u00edskali t\u0159i n\u011bme\u010dt\u00ed jezdci 12 titul\u016f a sedm N\u011bmc\u016f vyhr\u00e1lo z\u00e1vody.<\/li>\n<\/ul>\n","protected":false},"featured_media":16267,"template":"","region":[353],"class_list":["post-16962","roaming","type-roaming","status-publish","has-post-thumbnail","hentry","region-evropa"],"_links":{"self":[{"href":"http:\/\/esim2.clientinternals.webcase.pl\/cs\/wp-json\/wp\/v2\/roaming\/16962","targetHints":{"allow":["GET"]}}],"collection":[{"href":"http:\/\/esim2.clientinternals.webcase.pl\/cs\/wp-json\/wp\/v2\/roaming"}],"about":[{"href":"http:\/\/esim2.clientinternals.webcase.pl\/cs\/wp-json\/wp\/v2\/types\/roaming"}],"wp:featuredmedia":[{"embeddable":true,"href":"http:\/\/esim2.clientinternals.webcase.pl\/cs\/wp-json\/wp\/v2\/media\/16267"}],"wp:attachment":[{"href":"http:\/\/esim2.clientinternals.webcase.pl\/cs\/wp-json\/wp\/v2\/media?parent=16962"}],"wp:term":[{"taxonomy":"region","embeddable":true,"href":"http:\/\/esim2.clientinternals.webcase.pl\/cs\/wp-json\/wp\/v2\/region?post=16962"}],"curies":[{"name":"wp","href":"https:\/\/api.w.org\/{rel}","templated":true}]}}

Německo

<p>Zde je několik zajímavých a zábavných faktů o Německu</p>



<ul class="wp-block-list">
<li>Kód země: +49</li>



<li>Hlavní město: Berlín</li>



<li>Další známá města: Frankfurt, Mnichov, Kolín nad Rýnem</li>



<li>Počet obyvatel: 84,3 milionu (odhad na rok 2022)</li>



<li>Jazyk: Němčina</li>



<li>Měna: Euro</li>



<li>Německo je jedním z největších výrobců automobilů na světě a největším v Evropě.</li>



<li>Německo se skládá ze šestnácti států. Státy mají vlastní ústavu a jsou do značné míry autonomní, pokud jde o jejich vnitřní uspořádání.</li>



<li>Německo sousedí s devíti dalšími zeměmi: Dánsko, Polsko, Česká republika, Rakousko, Švýcarsko, Francie, Belgie, Lucembursko a Nizozemsko.</li>
</ul>



<p>Věděli jste, že…?</p>



<ul class="wp-block-list">
<li>Sebastian Vettel působil v týmu Red Bull Racing od roku 2009 do roku 2014. Svůj první titul získal ve 23 letech. V roce 2011 zcela dominoval a stal se nejmladším dvojnásobným mistrem světa. V roce 2012 získal svůj třetí titul v řadě, který byl tvrdě vydobytý a zasloužený. V roce 2013 se ve svých 26 letech stal nejmladším čtyřnásobným mistrem světa.</li>



<li>Až v roce 1994, téměř čtyři a půl desetiletí po začátku historie mistrovství světa formule 1, vyhrál největší cenu v motoristickém sportu německý jezdec.</li>



<li>Od té doby získali tři němečtí jezdci 12 titulů a sedm Němců vyhrálo závody.</li>
</ul>
