{"id":16984,"date":"2024-02-23T19:38:27","date_gmt":"2024-02-23T18:38:27","guid":{"rendered":"http:\/\/esim2.clientinternals.webcase.pl\/?post_type=roaming&#038;p=16984"},"modified":"2024-03-16T14:27:21","modified_gmt":"2024-03-16T13:27:21","slug":"esim-evropska-unie","status":"publish","type":"roaming","link":"http:\/\/esim2.clientinternals.webcase.pl\/cs\/roaming\/esim-evropska-unie\/","title":{"rendered":"Evropsk\u00e1 unie"},"content":{"rendered":"\n<p>Zde je n\u011bkolik zaj\u00edmav\u00fdch a z\u00e1bavn\u00fdch fakt\u016f o Evropsk\u00e9 unii.<\/p>\n\n\n\n<ul class=\"wp-block-list\">\n<li>Evropsk\u00e1 unie (EU) m\u00e1 od ledna 2023 27 \u010dlensk\u00fdch st\u00e1t\u016f.<\/li>\n\n\n\n<li>Jazyk: EU m\u00e1 24 \u00fa\u0159edn\u00edch jazyk\u016f<\/li>\n\n\n\n<li>Hlavn\u00ed m\u011bsto: Brusel<\/li>\n\n\n\n<li>Obyvatelstvo: 446,8 milion\u016f (odhad na rok 2022).<\/li>\n\n\n\n<li>Hlavn\u00ed m\u011bna: Euro<\/li>\n\n\n\n<li>Rozloha EU je v\u00edce ne\u017e 4 miliony km\u00b2. Svoj\u00ed rozlohou je Francie nejv\u011bt\u0161\u00ed zem\u00ed EU a Malta nejmen\u0161\u00ed.<\/li>\n\n\n\n<li>Nejv\u011bt\u0161\u00ed zem\u00ed EU podle po\u010dtu obyvatel je N\u011bmecko.<\/li>\n\n\n\n<li>Vlajka Evropsk\u00e9 unie m\u00e1 na modr\u00e9m pozad\u00ed kruh s 12 zlat\u00fdmi hv\u011bzdami, kter\u00e9 symbolizuj\u00ed jednotu, solidaritu a harmonii mezi evropsk\u00fdmi \u010dlensk\u00fdmi zem\u011bmi.<\/li>\n\n\n\n<li>\u010cty\u0159i m\u011bsta jsou pro Evropskou unii velmi d\u016fle\u017eit\u00e1:<br>Brusel v Belgii (s\u00eddlo EU)<br>\u0160trasburk ve Francii (Evropsk\u00fd parlament)<br>Frankfurt nad Mohanem v N\u011bmecku (Evropsk\u00e1 centr\u00e1ln\u00ed banka)<br>Lucemburk v Lucembursku (s\u00eddlo Evropsk\u00e9ho parlamentu a Evropsk\u00e9ho soudn\u00edho dvora)<\/li>\n<\/ul>\n\n\n\n<p>V\u011bd\u011bli jste, \u017ee\u2026?<\/p>\n\n\n\n<ul class=\"wp-block-list\">\n<li>Pa\u0159\u00ed\u017esk\u00e9 leti\u0161t\u011b Charles de Gaulle ve Francii je nejru\u0161n\u011bj\u0161\u00edm leti\u0161t\u011bm v EU.<\/li>\n\n\n\n<li>Evropsk\u00e1 centr\u00e1ln\u00ed banka byla zalo\u017eena v roce 1998 a euro bylo zavedeno v roce 2002.<\/li>\n<\/ul>\n","protected":false},"featured_media":16267,"template":"","region":[353],"class_list":["post-16984","roaming","type-roaming","status-publish","has-post-thumbnail","hentry","region-evropa"],"_links":{"self":[{"href":"http:\/\/esim2.clientinternals.webcase.pl\/cs\/wp-json\/wp\/v2\/roaming\/16984","targetHints":{"allow":["GET"]}}],"collection":[{"href":"http:\/\/esim2.clientinternals.webcase.pl\/cs\/wp-json\/wp\/v2\/roaming"}],"about":[{"href":"http:\/\/esim2.clientinternals.webcase.pl\/cs\/wp-json\/wp\/v2\/types\/roaming"}],"wp:featuredmedia":[{"embeddable":true,"href":"http:\/\/esim2.clientinternals.webcase.pl\/cs\/wp-json\/wp\/v2\/media\/16267"}],"wp:attachment":[{"href":"http:\/\/esim2.clientinternals.webcase.pl\/cs\/wp-json\/wp\/v2\/media?parent=16984"}],"wp:term":[{"taxonomy":"region","embeddable":true,"href":"http:\/\/esim2.clientinternals.webcase.pl\/cs\/wp-json\/wp\/v2\/region?post=16984"}],"curies":[{"name":"wp","href":"https:\/\/api.w.org\/{rel}","templated":true}]}}

Evropská unie

<p>Zde je několik zajímavých a zábavných faktů o Evropské unii.</p>



<ul class="wp-block-list">
<li>Evropská unie (EU) má od ledna 2023 27 členských států.</li>



<li>Jazyk: EU má 24 úředních jazyků</li>



<li>Hlavní město: Brusel</li>



<li>Obyvatelstvo: 446,8 milionů (odhad na rok 2022).</li>



<li>Hlavní měna: Euro</li>



<li>Rozloha EU je více než 4 miliony km². Svojí rozlohou je Francie největší zemí EU a Malta nejmenší.</li>



<li>Největší zemí EU podle počtu obyvatel je Německo.</li>



<li>Vlajka Evropské unie má na modrém pozadí kruh s 12 zlatými hvězdami, které symbolizují jednotu, solidaritu a harmonii mezi evropskými členskými zeměmi.</li>



<li>Čtyři města jsou pro Evropskou unii velmi důležitá:<br>Brusel v Belgii (sídlo EU)<br>Štrasburk ve Francii (Evropský parlament)<br>Frankfurt nad Mohanem v Německu (Evropská centrální banka)<br>Lucemburk v Lucembursku (sídlo Evropského parlamentu a Evropského soudního dvora)</li>
</ul>



<p>Věděli jste, že…?</p>



<ul class="wp-block-list">
<li>Pařížské letiště Charles de Gaulle ve Francii je nejrušnějším letištěm v EU.</li>



<li>Evropská centrální banka byla založena v roce 1998 a euro bylo zavedeno v roce 2002.</li>
</ul>
