{"id":17006,"date":"2024-02-23T19:36:53","date_gmt":"2024-02-23T18:36:53","guid":{"rendered":"http:\/\/esim2.clientinternals.webcase.pl\/?post_type=roaming&#038;p=17006"},"modified":"2024-03-15T12:14:09","modified_gmt":"2024-03-15T11:14:09","slug":"esim-kypr","status":"publish","type":"roaming","link":"http:\/\/esim2.clientinternals.webcase.pl\/cs\/roaming\/esim-kypr\/","title":{"rendered":"Kypr"},"content":{"rendered":"\n<p>Zde je n\u011bkolik zaj\u00edmavost\u00ed o Kypru:<\/p>\n\n\n\n<ul class=\"wp-block-list\">\n<li>Hlavn\u00ed m\u011bsto: Nik\u00f3sie<\/li>\n\n\n\n<li>Obyvatelstvo: 1,2 milionu (odhad 2021)<\/li>\n\n\n\n<li>K\u00f3d zem\u011b: +357<\/li>\n\n\n\n<li>M\u011bna: Euro<\/li>\n\n\n\n<li>Jazyk: \u0158e\u010dtina a ture\u010dtina<\/li>\n\n\n\n<li>Dal\u0161\u00ed zaj\u00edmav\u00e1 m\u00edsta na Kypru: Kypr: Afroditina sk\u00e1la, poho\u0159\u00ed Troodos, archeologick\u00fd park Kato Pafos.<\/li>\n\n\n\n<li>Kypr le\u017e\u00ed geograficky v z\u00e1padn\u00ed Asii, ale kulturn\u011b a geopoliticky v jihov\u00fdchodn\u00ed Evrop\u011b. Kypr je t\u0159et\u00edm nejv\u011bt\u0161\u00edm a t\u0159et\u00edm nejlidnat\u011bj\u0161\u00edm ostrovem ve St\u0159edozemn\u00edm mo\u0159i.<\/li>\n\n\n\n<li>Nejstar\u0161\u00ed pojmenovan\u00e9 v\u00edno na sv\u011bt\u011b je star\u00e9 5000 let a poch\u00e1z\u00ed z Kypru.<\/li>\n\n\n\n<li>Vz\u00e1cn\u00fd druh ovce, kypersk\u00fd muflon, se nevyskytuje nikde jinde na sv\u011bt\u011b.<\/li>\n\n\n\n<li>P\u0159ibli\u017en\u011b 10 000 plame\u0148\u00e1k\u016f se ka\u017ed\u00fd podzim b\u011bhem sv\u00e9 migrace sm\u011brem na jih do\u010dasn\u011b zastav\u00ed, aby se nakrmili u soln\u00e9ho jezera v Larnace.<\/li>\n<\/ul>\n\n\n\n<p>V\u011bd\u011bli jste, \u017ee\u2026?<\/p>\n\n\n\n<ul class=\"wp-block-list\">\n<li>Kypr byl prvn\u00edm st\u00e1tem, kter\u00fd na svou vlajku um\u00edstil tvar sv\u00e9 zem\u011b.<\/li>\n\n\n\n<li>Pavlos Kontides, kypersk\u00fd jachta\u0159, se na olympijsk\u00fdch hr\u00e1ch v Lond\u00fdn\u011b v roce 2012 py\u0161nil st\u0159\u00edbrnou medail\u00ed v mu\u017esk\u00e9 t\u0159\u00edd\u011b Laser. Pro Kypr to byla prvn\u00ed olympijsk\u00e1 medaile.<\/li>\n<\/ul>\n","protected":false},"featured_media":15751,"template":"","region":[353],"class_list":["post-17006","roaming","type-roaming","status-publish","has-post-thumbnail","hentry","region-evropa"],"_links":{"self":[{"href":"http:\/\/esim2.clientinternals.webcase.pl\/cs\/wp-json\/wp\/v2\/roaming\/17006","targetHints":{"allow":["GET"]}}],"collection":[{"href":"http:\/\/esim2.clientinternals.webcase.pl\/cs\/wp-json\/wp\/v2\/roaming"}],"about":[{"href":"http:\/\/esim2.clientinternals.webcase.pl\/cs\/wp-json\/wp\/v2\/types\/roaming"}],"wp:featuredmedia":[{"embeddable":true,"href":"http:\/\/esim2.clientinternals.webcase.pl\/cs\/wp-json\/wp\/v2\/media\/15751"}],"wp:attachment":[{"href":"http:\/\/esim2.clientinternals.webcase.pl\/cs\/wp-json\/wp\/v2\/media?parent=17006"}],"wp:term":[{"taxonomy":"region","embeddable":true,"href":"http:\/\/esim2.clientinternals.webcase.pl\/cs\/wp-json\/wp\/v2\/region?post=17006"}],"curies":[{"name":"wp","href":"https:\/\/api.w.org\/{rel}","templated":true}]}}

<p>Zde je několik zajímavostí o Kypru:</p>



<ul class="wp-block-list">
<li>Hlavní město: Nikósie</li>



<li>Obyvatelstvo: 1,2 milionu (odhad 2021)</li>



<li>Kód země: +357</li>



<li>Měna: Euro</li>



<li>Jazyk: Řečtina a turečtina</li>



<li>Další zajímavá místa na Kypru: Kypr: Afroditina skála, pohoří Troodos, archeologický park Kato Pafos.</li>



<li>Kypr leží geograficky v západní Asii, ale kulturně a geopoliticky v jihovýchodní Evropě. Kypr je třetím největším a třetím nejlidnatějším ostrovem ve Středozemním moři.</li>



<li>Nejstarší pojmenované víno na světě je staré 5000 let a pochází z Kypru.</li>



<li>Vzácný druh ovce, kyperský muflon, se nevyskytuje nikde jinde na světě.</li>



<li>Přibližně 10 000 plameňáků se každý podzim během své migrace směrem na jih dočasně zastaví, aby se nakrmili u solného jezera v Larnace.</li>
</ul>



<p>Věděli jste, že…?</p>



<ul class="wp-block-list">
<li>Kypr byl prvním státem, který na svou vlajku umístil tvar své země.</li>



<li>Pavlos Kontides, kyperský jachtař, se na olympijských hrách v Londýně v roce 2012 pyšnil stříbrnou medailí v mužské třídě Laser. Pro Kypr to byla první olympijská medaile.</li>
</ul>
