{"id":17028,"date":"2024-02-23T19:35:01","date_gmt":"2024-02-23T18:35:01","guid":{"rendered":"http:\/\/esim2.clientinternals.webcase.pl\/?post_type=roaming&#038;p=17028"},"modified":"2024-03-17T22:33:45","modified_gmt":"2024-03-17T21:33:45","slug":"esim-svycarsko","status":"publish","type":"roaming","link":"http:\/\/esim2.clientinternals.webcase.pl\/cs\/roaming\/esim-svycarsko\/","title":{"rendered":"\u0160v\u00fdcarsko"},"content":{"rendered":"\n<p>Zde je n\u011bkolik zaj\u00edmav\u00fdch a z\u00e1bavn\u00fdch fakt\u016f o \u0160v\u00fdcarsku<\/p>\n\n\n\n<ul class=\"wp-block-list\">\n<li>K\u00f3d zem\u011b: +41<\/li>\n\n\n\n<li>Hlavn\u00ed m\u011bsto: Bern<\/li>\n\n\n\n<li>Dal\u0161\u00ed zn\u00e1m\u00e1 m\u011bsta: Zermatt, Lausanne, Basilej<\/li>\n\n\n\n<li>Po\u010det obyvatel: 8,82 milionu (odhad pro rok 2023)<\/li>\n\n\n\n<li>Jazyk: \u0160v\u00fdcarsko m\u00e1 \u010dty\u0159i n\u00e1rodn\u00ed jazyky: n\u011bm\u010dinu, francouz\u0161tinu, ital\u0161tinu a r\u00e9torom\u00e1n\u0161tinu.<\/li>\n\n\n\n<li>M\u011bna: \u0160v\u00fdcarsk\u00fd frank<\/li>\n\n\n\n<li>\u0160v\u00fdcarsk\u00e1 n\u011bm\u010dina je nejroz\u0161\u00ed\u0159en\u011bj\u0161\u00edm jazykem ve \u0160v\u00fdcarsku a mluv\u00ed j\u00ed v\u00edce ne\u017e 60 % obyvatel. M\u00edstn\u00ed obyvatel\u00e9 ji naz\u00fdvaj\u00ed Schwyzerd\u00fctsch a vyskytuje se p\u0159edev\u0161\u00edm v severn\u00ed, st\u0159edn\u00ed a v\u00fdchodn\u00ed \u010d\u00e1sti zem\u011b.<\/li>\n\n\n\n<li>Ve \u0160v\u00fdcarsku se nach\u00e1z\u00ed nejdel\u0161\u00ed schodi\u0161t\u011b na sv\u011bt\u011b s 11 674 schody, kter\u00e9 vede pod\u00e9l horsk\u00e9 \u017eeleznice Niesen. Schodi\u0161t\u011b m\u011b\u0159\u00ed 3,4 km, ale je t\u0159eba zdolat 1669 m nadmo\u0159sk\u00e9 v\u00fd\u0161ky.<\/li>\n\n\n\n<li>\u0160v\u00fdca\u0159i maj\u00ed na sv\u011bdom\u00ed tak\u00e9 skv\u011bl\u00e9 vyn\u00e1lezy, jako je such\u00fd zip, absint, m\u00fcsli nebo hlin\u00edkov\u00e1 f\u00f3lie.<\/li>\n\n\n\n<li>\u0160v\u00fdca\u0159i jsou zn\u00e1m\u00ed svou \u010dokol\u00e1dou a \u0161v\u00fdcarsk\u00e9 fondue je ve \u0160v\u00fdcarsku nejobl\u00edben\u011bj\u0161\u00edm j\u00eddlem, kter\u00e9 podtrhuje rozmanit\u00e9 chut\u011b \u0161v\u00fdcarsk\u00e9ho s\u00fdra.<\/li>\n<\/ul>\n\n\n\n<p>V\u011bd\u011bli jste, \u017ee\u2026?<\/p>\n\n\n\n<ul class=\"wp-block-list\">\n<li>Nejzn\u00e1m\u011bj\u0161\u00edm nejedl\u00fdm \u0161v\u00fdcarsk\u00fdm suven\u00fdrem jsou \u0161v\u00fdcarsk\u00e9 hodinky a \u0161v\u00fdcarsk\u00e9 arm\u00e1dn\u00ed no\u017ee.<\/li>\n\n\n\n<li>N\u00e1dra\u017e\u00ed Jungfraujoch je zn\u00e1m\u00e9 jako \u201evrchol Evropy\u201c.<\/li>\n\n\n\n<li>Projedete n\u011bkolika zasn\u011b\u017een\u00fdmi vesni\u010dkami, v\u010detn\u011b Grindelwaldu, kter\u00fd je jednou z nejzn\u00e1m\u011bj\u0161\u00edch \u0161v\u00fdcarsk\u00fdch alpsk\u00fdch vesnic.<\/li>\n<\/ul>\n","protected":false},"featured_media":15335,"template":"","region":[353],"class_list":["post-17028","roaming","type-roaming","status-publish","has-post-thumbnail","hentry","region-evropa"],"_links":{"self":[{"href":"http:\/\/esim2.clientinternals.webcase.pl\/cs\/wp-json\/wp\/v2\/roaming\/17028","targetHints":{"allow":["GET"]}}],"collection":[{"href":"http:\/\/esim2.clientinternals.webcase.pl\/cs\/wp-json\/wp\/v2\/roaming"}],"about":[{"href":"http:\/\/esim2.clientinternals.webcase.pl\/cs\/wp-json\/wp\/v2\/types\/roaming"}],"wp:featuredmedia":[{"embeddable":true,"href":"http:\/\/esim2.clientinternals.webcase.pl\/cs\/wp-json\/wp\/v2\/media\/15335"}],"wp:attachment":[{"href":"http:\/\/esim2.clientinternals.webcase.pl\/cs\/wp-json\/wp\/v2\/media?parent=17028"}],"wp:term":[{"taxonomy":"region","embeddable":true,"href":"http:\/\/esim2.clientinternals.webcase.pl\/cs\/wp-json\/wp\/v2\/region?post=17028"}],"curies":[{"name":"wp","href":"https:\/\/api.w.org\/{rel}","templated":true}]}}

Švýcarsko

<p>Zde je několik zajímavých a zábavných faktů o Švýcarsku</p>



<ul class="wp-block-list">
<li>Kód země: +41</li>



<li>Hlavní město: Bern</li>



<li>Další známá města: Zermatt, Lausanne, Basilej</li>



<li>Počet obyvatel: 8,82 milionu (odhad pro rok 2023)</li>



<li>Jazyk: Švýcarsko má čtyři národní jazyky: němčinu, francouzštinu, italštinu a rétorománštinu.</li>



<li>Měna: Švýcarský frank</li>



<li>Švýcarská němčina je nejrozšířenějším jazykem ve Švýcarsku a mluví jí více než 60 % obyvatel. Místní obyvatelé ji nazývají Schwyzerdütsch a vyskytuje se především v severní, střední a východní části země.</li>



<li>Ve Švýcarsku se nachází nejdelší schodiště na světě s 11 674 schody, které vede podél horské železnice Niesen. Schodiště měří 3,4 km, ale je třeba zdolat 1669 m nadmořské výšky.</li>



<li>Švýcaři mají na svědomí také skvělé vynálezy, jako je suchý zip, absint, müsli nebo hliníková fólie.</li>



<li>Švýcaři jsou známí svou čokoládou a švýcarské fondue je ve Švýcarsku nejoblíbenějším jídlem, které podtrhuje rozmanité chutě švýcarského sýra.</li>
</ul>



<p>Věděli jste, že…?</p>



<ul class="wp-block-list">
<li>Nejznámějším nejedlým švýcarským suvenýrem jsou švýcarské hodinky a švýcarské armádní nože.</li>



<li>Nádraží Jungfraujoch je známé jako „vrchol Evropy“.</li>



<li>Projedete několika zasněženými vesničkami, včetně Grindelwaldu, který je jednou z nejznámějších švýcarských alpských vesnic.</li>
</ul>
