{"id":17039,"date":"2024-02-23T19:34:19","date_gmt":"2024-02-23T18:34:19","guid":{"rendered":"http:\/\/esim2.clientinternals.webcase.pl\/?post_type=roaming&#038;p=17039"},"modified":"2024-03-17T22:14:30","modified_gmt":"2024-03-17T21:14:30","slug":"esim-spanelsko","status":"publish","type":"roaming","link":"http:\/\/esim2.clientinternals.webcase.pl\/cs\/roaming\/esim-spanelsko\/","title":{"rendered":"\u0160pan\u011blsko"},"content":{"rendered":"\n<p>Zde je n\u011bkolik zaj\u00edmav\u00fdch a z\u00e1bavn\u00fdch fakt\u016f o \u0160pan\u011blsku:<\/p>\n\n\n\n<ul class=\"wp-block-list\">\n<li>K\u00f3d zem\u011b: +34<\/li>\n\n\n\n<li>Hlavn\u00ed m\u011bsto: Madrid<\/li>\n\n\n\n<li>Dal\u0161\u00ed zn\u00e1m\u00e1 m\u011bsta: Sevilla, Cordoba, Bilbao<\/li>\n\n\n\n<li>Obyvatelstvo: 47.6 milion\u016f (2022 odhad)<\/li>\n\n\n\n<li>Jazyk: \u0161pan\u011bl\u0161tina<\/li>\n\n\n\n<li>M\u011bna: Euro<\/li>\n\n\n\n<li>\u0160pan\u011blsko m\u00e1 s africkou zem\u00ed, kterou je Maroko, pozemn\u00ed, nikoliv n\u00e1mo\u0159n\u00ed hranici. \u0160pan\u011blsko m\u00e1 na africk\u00e9m kontinentu malou z\u00e1kladnu Ceutu.<\/li>\n\n\n\n<li>\u0160pan\u011blsko bylo prvn\u00ed sv\u011btovou \u0159\u00ed\u0161\u00ed a po ur\u010ditou dobu nejmocn\u011bj\u0161\u00ed zem\u00ed sv\u011bta.<\/li>\n\n\n\n<li>\u0160pan\u011bl\u0161tina je druh\u00fdm nejpou\u017e\u00edvan\u011bj\u0161\u00edm jazykem na sv\u011bt\u011b, hned po mandar\u00ednsk\u00e9 \u010d\u00edn\u0161tin\u011b.<\/li>\n\n\n\n<li>\u0160pan\u011blsko je nejv\u011bt\u0161\u00edm sv\u011btov\u00fdm producentem olivov\u00e9ho oleje. Kombinace ide\u00e1ln\u00edho klimatu a polohy \u0160pan\u011blska z n\u011bj \u010din\u00ed nejlep\u0161\u00ed zemi pro p\u011bstov\u00e1n\u00ed oliv.<\/li>\n<\/ul>\n\n\n\n<p>V\u011bd\u011bli jste, \u017ee\u2026?<\/p>\n\n\n\n<ul class=\"wp-block-list\">\n<li>Red Bull byl uveden na \u0161pan\u011blsk\u00fd trh v roce 2006, t\u00e9m\u011b\u0159 20 let pot\u00e9, co se v roce 1987 v Rakousku prodala prvn\u00ed plechovka Red Bullu. Dnes Red Bull p\u016fsob\u00ed ve v\u00edce ne\u017e 172 zem\u00edch, kde se ro\u010dn\u011b prod\u00e1 p\u0159es 9,8 miliardy plechovek a st\u00e1le roste!<\/li>\n\n\n\n<li>Velk\u00e1 cena \u0160pan\u011blska se v sou\u010dasnosti jezd\u00ed na okruhu Barcelona-Catalunya. Z\u00e1vod je jedn\u00edm z nejstar\u0161\u00edch na sv\u011bt\u011b a v roce 2013 oslavil st\u00e9 v\u00fdro\u010d\u00ed.<\/li>\n\n\n\n<li>Red Bull Racing vyhr\u00e1l Velkou cenu \u0160pan\u011blska v letech 2010, 2011, 2016 a 2022.<\/li>\n<\/ul>\n","protected":false},"featured_media":15335,"template":"","region":[353],"class_list":["post-17039","roaming","type-roaming","status-publish","has-post-thumbnail","hentry","region-evropa"],"_links":{"self":[{"href":"http:\/\/esim2.clientinternals.webcase.pl\/cs\/wp-json\/wp\/v2\/roaming\/17039","targetHints":{"allow":["GET"]}}],"collection":[{"href":"http:\/\/esim2.clientinternals.webcase.pl\/cs\/wp-json\/wp\/v2\/roaming"}],"about":[{"href":"http:\/\/esim2.clientinternals.webcase.pl\/cs\/wp-json\/wp\/v2\/types\/roaming"}],"wp:featuredmedia":[{"embeddable":true,"href":"http:\/\/esim2.clientinternals.webcase.pl\/cs\/wp-json\/wp\/v2\/media\/15335"}],"wp:attachment":[{"href":"http:\/\/esim2.clientinternals.webcase.pl\/cs\/wp-json\/wp\/v2\/media?parent=17039"}],"wp:term":[{"taxonomy":"region","embeddable":true,"href":"http:\/\/esim2.clientinternals.webcase.pl\/cs\/wp-json\/wp\/v2\/region?post=17039"}],"curies":[{"name":"wp","href":"https:\/\/api.w.org\/{rel}","templated":true}]}}

Španělsko

<p>Zde je několik zajímavých a zábavných faktů o Španělsku:</p>



<ul class="wp-block-list">
<li>Kód země: +34</li>



<li>Hlavní město: Madrid</li>



<li>Další známá města: Sevilla, Cordoba, Bilbao</li>



<li>Obyvatelstvo: 47.6 milionů (2022 odhad)</li>



<li>Jazyk: španělština</li>



<li>Měna: Euro</li>



<li>Španělsko má s africkou zemí, kterou je Maroko, pozemní, nikoliv námořní hranici. Španělsko má na africkém kontinentu malou základnu Ceutu.</li>



<li>Španělsko bylo první světovou říší a po určitou dobu nejmocnější zemí světa.</li>



<li>Španělština je druhým nejpoužívanějším jazykem na světě, hned po mandarínské čínštině.</li>



<li>Španělsko je největším světovým producentem olivového oleje. Kombinace ideálního klimatu a polohy Španělska z něj činí nejlepší zemi pro pěstování oliv.</li>
</ul>



<p>Věděli jste, že…?</p>



<ul class="wp-block-list">
<li>Red Bull byl uveden na španělský trh v roce 2006, téměř 20 let poté, co se v roce 1987 v Rakousku prodala první plechovka Red Bullu. Dnes Red Bull působí ve více než 172 zemích, kde se ročně prodá přes 9,8 miliardy plechovek a stále roste!</li>



<li>Velká cena Španělska se v současnosti jezdí na okruhu Barcelona-Catalunya. Závod je jedním z nejstarších na světě a v roce 2013 oslavil sté výročí.</li>



<li>Red Bull Racing vyhrál Velkou cenu Španělska v letech 2010, 2011, 2016 a 2022.</li>
</ul>
