{"id":17072,"date":"2024-02-23T19:31:54","date_gmt":"2024-02-23T18:31:54","guid":{"rendered":"http:\/\/esim2.clientinternals.webcase.pl\/?post_type=roaming&#038;p=17072"},"modified":"2024-03-17T21:16:15","modified_gmt":"2024-03-17T20:16:15","slug":"esim-portugalsko","status":"publish","type":"roaming","link":"http:\/\/esim2.clientinternals.webcase.pl\/cs\/roaming\/esim-portugalsko\/","title":{"rendered":"Portugalsko"},"content":{"rendered":"\n<p>Zde je n\u011bkolik zaj\u00edmavost\u00ed o Portugalsku: <div class=\"wrapper\"><div class=\"info\"><div class=\"info-bottom\"><div class=\"container container_small\"><div class=\"info-about\"><div class=\"about\"><div class=\"about-right  about-right_small \"><div class=\"tab\"><div class=\"tab-body\"><div class=\"tab-content\"><div id=\"tab3\" class=\"tab-item 3 active\"><ul><li>K\u00f3d zem\u011b: +351<\/li><li>Hlavn\u00ed m\u011bsto: Lisabon<\/li><li>M\u011bna: Euro<\/li><li>Dal\u0161\u00ed zn\u00e1m\u00e1 m\u011bsta: Porto, Braga, Sintra, Aveiro<\/li><li>Obyvatelstvo: 10,12 milionu (odhad pro rok 2023)<\/li><li>Jazyk: portugal\u0161tina<\/li><li>Nejstar\u0161\u00ed st\u00e1le funguj\u00edc\u00ed knihkupectv\u00ed na sv\u011bt\u011b, zalo\u017een\u00e9 v roce  1732, se nach\u00e1z\u00ed ve \u010dtvrti Chiado.Knihkupectv\u00ed s v\u00edce ne\u017e 250letou  histori\u00ed otev\u0159el Peter Faure jako mal\u00fd obch\u016fdek a kdysi po cel\u00e1  desetilet\u00ed bylo m\u00edstem setk\u00e1v\u00e1n\u00ed portugalsk\u00fdch intelektu\u00e1l\u016f.<\/li><li>Portugalsko je jedn\u00edm z nejstar\u0161\u00edch evropsk\u00fdch n\u00e1rod\u016f. Hranice  Portugalska byly stanoveny v roce 1139, co\u017e z n\u011bj \u010din\u00ed nejen jeden z  nejstar\u0161\u00edch st\u00e1t\u016f na sv\u011bt\u011b, ale pravd\u011bpodobn\u011b i v cel\u00e9 Evrop\u011b.  Zaj\u00edmavost: Lisabon je ve skute\u010dnosti o \u010dty\u0159i stolet\u00ed star\u0161\u00ed ne\u017e \u0158\u00edm.<\/li><li>Portugalsko je jedn\u00edm z nejlep\u0161\u00edch m\u00edst na surfov\u00e1n\u00ed na sv\u011bt\u011b.  Pob\u0159e\u017e\u00ed t\u00e9to zem\u011b m\u011b\u0159\u00ed 800 kilometr\u016f a \u0159\u00edk\u00e1 se, \u017ee na surfov\u00e1n\u00ed m\u00e1 364  dn\u00ed. <\/li><\/ul><p>V\u011bd\u011bli jste, \u017ee\u2026?<\/p><div class=\"inline-content__item inline-content__item--paragraph inline-content__item--composable-text\"> <ul><li>Portugal\u0161tina je v sou\u010dasn\u00e9 dob\u011b p\u00e1t\u00fdm nejpou\u017e\u00edvan\u011bj\u0161\u00edm jazykem na  sv\u011bt\u011b a je \u00fa\u0159edn\u00edm jazykem Portugalska, Braz\u00edlie, Angoly, Kaborsk\u00fdch  ostrov\u016f, Guineje-Bissau, Mosambiku, Svat\u00e9ho Tom\u00e1\u0161e a Princova ostrova a  V\u00fdchodn\u00edho Timoru. Mluv\u00ed se j\u00edm tak\u00e9 v Macau, kter\u00e9 bylo do roku 1999  pod portugalskou spr\u00e1vou, a v Goa.<\/li><li class=\"inline-paragraph\"><span class=\"inline-paragraph__text\">N\u00e1rodn\u00edm  j\u00eddlem je slan\u00e1 treska a grilovan\u00e9 sardinky, pl\u00e1\u017ee v Algarve jsou  hlavn\u00edm turistick\u00fdm c\u00edlem a v\u011bt\u0161ina n\u00e1rodn\u00ed architektury poch\u00e1z\u00ed z let  1500-1800, kdy Portugalsko bylo mocn\u00fdm n\u00e1mo\u0159n\u00edm imp\u00e9riem.<\/span><\/li><\/ul> <\/div><\/div><\/div><\/div><\/div><\/div><\/div><\/div><\/div><\/div><\/div><\/div><\/p>\n","protected":false},"featured_media":15751,"template":"","region":[353],"class_list":["post-17072","roaming","type-roaming","status-publish","has-post-thumbnail","hentry","region-evropa"],"_links":{"self":[{"href":"http:\/\/esim2.clientinternals.webcase.pl\/cs\/wp-json\/wp\/v2\/roaming\/17072","targetHints":{"allow":["GET"]}}],"collection":[{"href":"http:\/\/esim2.clientinternals.webcase.pl\/cs\/wp-json\/wp\/v2\/roaming"}],"about":[{"href":"http:\/\/esim2.clientinternals.webcase.pl\/cs\/wp-json\/wp\/v2\/types\/roaming"}],"wp:featuredmedia":[{"embeddable":true,"href":"http:\/\/esim2.clientinternals.webcase.pl\/cs\/wp-json\/wp\/v2\/media\/15751"}],"wp:attachment":[{"href":"http:\/\/esim2.clientinternals.webcase.pl\/cs\/wp-json\/wp\/v2\/media?parent=17072"}],"wp:term":[{"taxonomy":"region","embeddable":true,"href":"http:\/\/esim2.clientinternals.webcase.pl\/cs\/wp-json\/wp\/v2\/region?post=17072"}],"curies":[{"name":"wp","href":"https:\/\/api.w.org\/{rel}","templated":true}]}}

<p>Zde je několik zajímavostí o Portugalsku: <div class="wrapper"><div class="info"><div class="info-bottom"><div class="container container_small"><div class="info-about"><div class="about"><div class="about-right  about-right_small "><div class="tab"><div class="tab-body"><div class="tab-content"><div id="tab3" class="tab-item 3 active"><ul><li>Kód země: +351</li><li>Hlavní město: Lisabon</li><li>Měna: Euro</li><li>Další známá města: Porto, Braga, Sintra, Aveiro</li><li>Obyvatelstvo: 10,12 milionu (odhad pro rok 2023)</li><li>Jazyk: portugalština</li><li>Nejstarší stále fungující knihkupectví na světě, založené v roce  1732, se nachází ve čtvrti Chiado.Knihkupectví s více než 250letou  historií otevřel Peter Faure jako malý obchůdek a kdysi po celá  desetiletí bylo místem setkávání portugalských intelektuálů.</li><li>Portugalsko je jedním z nejstarších evropských národů. Hranice  Portugalska byly stanoveny v roce 1139, což z něj činí nejen jeden z  nejstarších států na světě, ale pravděpodobně i v celé Evropě.  Zajímavost: Lisabon je ve skutečnosti o čtyři století starší než Řím.</li><li>Portugalsko je jedním z nejlepších míst na surfování na světě.  Pobřeží této země měří 800 kilometrů a říká se, že na surfování má 364  dní. </li></ul><p>Věděli jste, že…?</p><div class="inline-content__item inline-content__item--paragraph inline-content__item--composable-text"> <ul><li>Portugalština je v současné době pátým nejpoužívanějším jazykem na  světě a je úředním jazykem Portugalska, Brazílie, Angoly, Kaborských  ostrovů, Guineje-Bissau, Mosambiku, Svatého Tomáše a Princova ostrova a  Východního Timoru. Mluví se jím také v Macau, které bylo do roku 1999  pod portugalskou správou, a v Goa.</li><li class="inline-paragraph"><span class="inline-paragraph__text">Národním  jídlem je slaná treska a grilované sardinky, pláže v Algarve jsou  hlavním turistickým cílem a většina národní architektury pochází z let  1500-1800, kdy Portugalsko bylo mocným námořním impériem.</span></li></ul> </div></div></div></div></div></div></div></div></div></div></div></div></p>
