{"id":17098,"date":"2024-02-23T19:29:57","date_gmt":"2024-02-23T18:29:57","guid":{"rendered":"http:\/\/esim2.clientinternals.webcase.pl\/?post_type=roaming&#038;p=17098"},"modified":"2024-03-17T20:38:48","modified_gmt":"2024-03-17T19:38:48","slug":"esim-nizozemsko","status":"publish","type":"roaming","link":"http:\/\/esim2.clientinternals.webcase.pl\/cs\/roaming\/esim-nizozemsko\/","title":{"rendered":"Nizozemsko"},"content":{"rendered":"\n<p>Zde je n\u011bkolik zaj\u00edmav\u00fdch a z\u00e1bavn\u00fdch informac\u00ed o Nizozemsku:<\/p>\n\n\n\n<ul class=\"wp-block-list\">\n<li>K\u00f3d zem\u011b: +31<\/li>\n\n\n\n<li>Hlavn\u00ed m\u011bsto: Amsterdam<\/li>\n\n\n\n<li>Dal\u0161\u00ed zn\u00e1m\u00e1 m\u011bsta: Haag, Rotterdam, Gouda, Einghoven<\/li>\n\n\n\n<li>Obyvatelstvo: 17,95 milionu (odhad na rok 2022)<\/li>\n\n\n\n<li>Jazyk: V Nizozemsku je \u00fa\u0159edn\u00edm jazykem holand\u0161tina, nicm\u00e9n\u011b zem\u011b se nach\u00e1z\u00ed na jedine\u010dn\u00e9 k\u0159i\u017eovatce Evropy, tak\u017ee je zde pom\u011brn\u011b \u010dasto sly\u0161et tak\u00e9 francouz\u0161tina, angli\u010dtina a n\u011bm\u010dina. Krom\u011b toho m\u016f\u017eete sly\u0161et des\u00edtky dialekt\u016f.<\/li>\n\n\n\n<li>M\u011bna: Euro<\/li>\n\n\n\n<li>Nejvy\u0161\u0161\u00ed mu\u017ei sv\u011bta \u017eij\u00ed v Nizozemsku.<\/li>\n\n\n\n<li>Na Nizozemsko p\u0159ipad\u00e1 t\u00e9m\u011b\u0159 90 % celkov\u00e9 plochy tulip\u00e1nov\u00fdch farem na sv\u011bt\u011b (p\u0159ibli\u017en\u011b 11 000 hektar\u016f) a ro\u010dn\u011b se zde vyprodukuje 4,3 miliardy cibulek tulip\u00e1n\u016f.<\/li>\n<\/ul>\n\n\n\n<p>V\u011bd\u011bli jste, \u017ee\u2026?<\/p>\n\n\n\n<ul class=\"wp-block-list\">\n<li>Velk\u00e1 cena Nizozemska na okruhu Zandvoort v severn\u00edm Holandsku se konala v letech 1950 a\u017e 1985 a pot\u00e9 od roku 2021 a po dohod\u011b o nov\u00e9 smlouv\u011b z\u016fstane sou\u010d\u00e1st\u00ed kalend\u00e1\u0159e Formule 1 a\u017e do roku 2025.<\/li>\n\n\n\n<li>Max Verstappen se stal prvn\u00edm nizozemsk\u00fdm jezdcem, kter\u00fd s t\u00fdmem Red Bull Racing vyhr\u00e1l mistrovstv\u00ed sv\u011bta formule 1 v roce 2021, a 34. mistrem sv\u011bta jezdc\u016f formule 1. V roce 2022 vyhr\u00e1l podruh\u00e9 za sebou \u0161ampion\u00e1t Formule 1.<\/li>\n<\/ul>\n","protected":false},"featured_media":15751,"template":"","region":[353],"class_list":["post-17098","roaming","type-roaming","status-publish","has-post-thumbnail","hentry","region-evropa"],"_links":{"self":[{"href":"http:\/\/esim2.clientinternals.webcase.pl\/cs\/wp-json\/wp\/v2\/roaming\/17098","targetHints":{"allow":["GET"]}}],"collection":[{"href":"http:\/\/esim2.clientinternals.webcase.pl\/cs\/wp-json\/wp\/v2\/roaming"}],"about":[{"href":"http:\/\/esim2.clientinternals.webcase.pl\/cs\/wp-json\/wp\/v2\/types\/roaming"}],"wp:featuredmedia":[{"embeddable":true,"href":"http:\/\/esim2.clientinternals.webcase.pl\/cs\/wp-json\/wp\/v2\/media\/15751"}],"wp:attachment":[{"href":"http:\/\/esim2.clientinternals.webcase.pl\/cs\/wp-json\/wp\/v2\/media?parent=17098"}],"wp:term":[{"taxonomy":"region","embeddable":true,"href":"http:\/\/esim2.clientinternals.webcase.pl\/cs\/wp-json\/wp\/v2\/region?post=17098"}],"curies":[{"name":"wp","href":"https:\/\/api.w.org\/{rel}","templated":true}]}}

<p>Zde je několik zajímavých a zábavných informací o Nizozemsku:</p>



<ul class="wp-block-list">
<li>Kód země: +31</li>



<li>Hlavní město: Amsterdam</li>



<li>Další známá města: Haag, Rotterdam, Gouda, Einghoven</li>



<li>Obyvatelstvo: 17,95 milionu (odhad na rok 2022)</li>



<li>Jazyk: V Nizozemsku je úředním jazykem holandština, nicméně země se nachází na jedinečné křižovatce Evropy, takže je zde poměrně často slyšet také francouzština, angličtina a němčina. Kromě toho můžete slyšet desítky dialektů.</li>



<li>Měna: Euro</li>



<li>Nejvyšší muži světa žijí v Nizozemsku.</li>



<li>Na Nizozemsko připadá téměř 90 % celkové plochy tulipánových farem na světě (přibližně 11 000 hektarů) a ročně se zde vyprodukuje 4,3 miliardy cibulek tulipánů.</li>
</ul>



<p>Věděli jste, že…?</p>



<ul class="wp-block-list">
<li>Velká cena Nizozemska na okruhu Zandvoort v severním Holandsku se konala v letech 1950 až 1985 a poté od roku 2021 a po dohodě o nové smlouvě zůstane součástí kalendáře Formule 1 až do roku 2025.</li>



<li>Max Verstappen se stal prvním nizozemským jezdcem, který s týmem Red Bull Racing vyhrál mistrovství světa formule 1 v roce 2021, a 34. mistrem světa jezdců formule 1. V roce 2022 vyhrál podruhé za sebou šampionát Formule 1.</li>
</ul>
