{"id":17117,"date":"2024-02-23T19:29:10","date_gmt":"2024-02-23T18:29:10","guid":{"rendered":"http:\/\/esim2.clientinternals.webcase.pl\/?post_type=roaming&#038;p=17117"},"modified":"2024-03-17T18:13:36","modified_gmt":"2024-03-17T17:13:36","slug":"esim-moldavsko","status":"publish","type":"roaming","link":"http:\/\/esim2.clientinternals.webcase.pl\/cs\/roaming\/esim-moldavsko\/","title":{"rendered":"Moldavsko"},"content":{"rendered":"\n<p>Zde je n\u011bkolik zaj\u00edmavost\u00ed o Moldavsku:<\/p>\n\n\n\n<ul class=\"wp-block-list\">\n<li>K\u00f3d zem\u011b: +373<\/li>\n\n\n\n<li>Hlavn\u00ed m\u011bsto: Ki\u0161in\u011bv<\/li>\n\n\n\n<li>Dal\u0161\u00ed hlavn\u00ed m\u011bsta: Hlavn\u00ed m\u011bsta: Ungheni, Ialoveni, Dondu\u0219eni<\/li>\n\n\n\n<li>Po\u010det obyvatel: 2,61 milionu (odhad na rok 2021)<\/li>\n\n\n\n<li>Jazyk: Rumun\u0161tina<\/li>\n\n\n\n<li>M\u011bna: Moldavsk\u00fd leu<\/li>\n\n\n\n<li>Ki\u0161in\u011bv je hlavn\u00ed a nejv\u011bt\u0161\u00ed m\u011bsto v\u00fdchodoevropsk\u00e9 Moldavsk\u00e9 republiky.<\/li>\n\n\n\n<li>M\u00e1 rozmanit\u00fd ter\u00e9n zahrnuj\u00edc\u00ed lesy, skalnat\u00e9 kopce a vinice. Mezi jeho vina\u0159sk\u00e9 oblasti pat\u0159\u00ed Nistreana, zn\u00e1m\u00e1 sv\u00fdmi \u010derven\u00fdmi v\u00edny, a Codru, kde se nach\u00e1zej\u00ed jedny z nejv\u011bt\u0161\u00edch sklep\u016f na sv\u011bt\u011b.<\/li>\n\n\n\n<li>Rodn\u00fdm jazykem je rumun\u0161tina, ale v\u011bt\u0161ina Moldavan\u016f mluv\u00ed rusky a tak\u00e9 turkick\u00fdm jazykem gagauz\u0161tinou.<\/li>\n\n\n\n<li>N\u00e1rodn\u00edm j\u00eddlem je ka\u0161e M\u0103m\u0103lig\u0103, kter\u00e1 se p\u0159ipravuje ze \u017elut\u00e9 kuku\u0159i\u010dn\u00e9 mouky a tradi\u010dn\u011b se pod\u00e1v\u00e1 k \u0161\u0165avnat\u00fdm du\u0161en\u00fdm a masov\u00fdm pokrm\u016fm a dopl\u0148uje se tvarohem, zakysanou smetanou a vep\u0159ov\u00fdmi \u0161kvarky.<\/li>\n<\/ul>\n\n\n\n<p>V\u011bd\u011bli jste, \u017ee\u2026?<\/p>\n\n\n\n<ul class=\"wp-block-list\">\n<li>Moldavsko bylo v letech 2009-2012 bez prezidenta kv\u016fli politick\u00e9mu patu.<\/li>\n\n\n\n<li>Moldavsk\u00fdm n\u00e1rodn\u00edm zv\u00ed\u0159etem je tur, obrovsk\u00e1 kr\u00e1va, kter\u00e1 je dnes ji\u017e vyhynul\u00e1.<\/li>\n<\/ul>\n","protected":false},"featured_media":15751,"template":"","region":[353],"class_list":["post-17117","roaming","type-roaming","status-publish","has-post-thumbnail","hentry","region-evropa"],"_links":{"self":[{"href":"http:\/\/esim2.clientinternals.webcase.pl\/cs\/wp-json\/wp\/v2\/roaming\/17117","targetHints":{"allow":["GET"]}}],"collection":[{"href":"http:\/\/esim2.clientinternals.webcase.pl\/cs\/wp-json\/wp\/v2\/roaming"}],"about":[{"href":"http:\/\/esim2.clientinternals.webcase.pl\/cs\/wp-json\/wp\/v2\/types\/roaming"}],"wp:featuredmedia":[{"embeddable":true,"href":"http:\/\/esim2.clientinternals.webcase.pl\/cs\/wp-json\/wp\/v2\/media\/15751"}],"wp:attachment":[{"href":"http:\/\/esim2.clientinternals.webcase.pl\/cs\/wp-json\/wp\/v2\/media?parent=17117"}],"wp:term":[{"taxonomy":"region","embeddable":true,"href":"http:\/\/esim2.clientinternals.webcase.pl\/cs\/wp-json\/wp\/v2\/region?post=17117"}],"curies":[{"name":"wp","href":"https:\/\/api.w.org\/{rel}","templated":true}]}}

<p>Zde je několik zajímavostí o Moldavsku:</p>



<ul class="wp-block-list">
<li>Kód země: +373</li>



<li>Hlavní město: Kišiněv</li>



<li>Další hlavní města: Hlavní města: Ungheni, Ialoveni, Dondușeni</li>



<li>Počet obyvatel: 2,61 milionu (odhad na rok 2021)</li>



<li>Jazyk: Rumunština</li>



<li>Měna: Moldavský leu</li>



<li>Kišiněv je hlavní a největší město východoevropské Moldavské republiky.</li>



<li>Má rozmanitý terén zahrnující lesy, skalnaté kopce a vinice. Mezi jeho vinařské oblasti patří Nistreana, známá svými červenými víny, a Codru, kde se nacházejí jedny z největších sklepů na světě.</li>



<li>Rodným jazykem je rumunština, ale většina Moldavanů mluví rusky a také turkickým jazykem gagauzštinou.</li>



<li>Národním jídlem je kaše Mămăligă, která se připravuje ze žluté kukuřičné mouky a tradičně se podává k šťavnatým dušeným a masovým pokrmům a doplňuje se tvarohem, zakysanou smetanou a vepřovými škvarky.</li>
</ul>



<p>Věděli jste, že…?</p>



<ul class="wp-block-list">
<li>Moldavsko bylo v letech 2009-2012 bez prezidenta kvůli politickému patu.</li>



<li>Moldavským národním zvířetem je tur, obrovská kráva, která je dnes již vyhynulá.</li>
</ul>
