{"id":17168,"date":"2024-02-23T19:27:09","date_gmt":"2024-02-23T18:27:09","guid":{"rendered":"http:\/\/esim2.clientinternals.webcase.pl\/?post_type=roaming&#038;p=17168"},"modified":"2024-03-17T11:07:20","modified_gmt":"2024-03-17T10:07:20","slug":"esim-kosovo","status":"publish","type":"roaming","link":"http:\/\/esim2.clientinternals.webcase.pl\/cs\/roaming\/esim-kosovo\/","title":{"rendered":"Kosovo"},"content":{"rendered":"\n<p>Zde je n\u011bkolik zaj\u00edmavost\u00ed o Kosovu:<\/p>\n\n\n\n<ul class=\"wp-block-list\">\n<li>Hlavn\u00ed m\u011bsto: Pri\u0161tina<\/li>\n\n\n\n<li>Obyvatelstvo: 1.78 milionu (odhad 2021)<\/li>\n\n\n\n<li>K\u00f3d zem\u011b: +383<\/li>\n\n\n\n<li>M\u011bna: Euro<\/li>\n\n\n\n<li>Jazyk: Alb\u00e1n\u0161tina<\/li>\n\n\n\n<li>Dal\u0161\u00ed zaj\u00edmav\u00e1 m\u00edsta v Kosovu: Ulpiana, Gra\u010danica, Ferizaj<\/li>\n\n\n\n<li>Kosovo m\u00e1 nejmlad\u0161\u00ed populaci v Evrop\u011b, v\u00edce ne\u017e 70 procent obyvatel zem\u011b je mlad\u0161\u00edch 35 let.<\/li>\n\n\n\n<li>Kosovo soused\u00ed se \u010dty\u0159mi zem\u011bmi: Alb\u00e1ni\u00ed, Makedoni\u00ed, \u010cernou Horou a Srbskem.<\/li>\n\n\n\n<li>Biologick\u00e1 rozmanitost Kosova je chr\u00e1n\u011bna ve dvou n\u00e1rodn\u00edch parc\u00edch, jeden\u00e1cti p\u0159\u00edrodn\u00edch rezervac\u00edch a 103 dal\u0161\u00edch chr\u00e1n\u011bn\u00fdch oblastech.<\/li>\n\n\n\n<li>N\u00e1zev Kosova znamen\u00e1 v p\u0159ekladu ze srb\u0161tiny \u201epole \u010dern\u00fdch pt\u00e1k\u016f\u201c.<\/li>\n<\/ul>\n\n\n\n<p>V\u011bd\u011bli jste, \u017ee\u2026?<\/p>\n\n\n\n<ul class=\"wp-block-list\">\n<li>Vlajka vyu\u017e\u00edv\u00e1 jako designov\u00fd prvek mapu \u00fazem\u00ed zem\u011b.<\/li>\n\n\n\n<li>Kosovo (10 887 km\u00b2) je nejmen\u0161\u00ed balk\u00e1nskou zem\u00ed.<\/li>\n<\/ul>\n","protected":false},"featured_media":15751,"template":"","region":[353],"class_list":["post-17168","roaming","type-roaming","status-publish","has-post-thumbnail","hentry","region-evropa"],"_links":{"self":[{"href":"http:\/\/esim2.clientinternals.webcase.pl\/cs\/wp-json\/wp\/v2\/roaming\/17168","targetHints":{"allow":["GET"]}}],"collection":[{"href":"http:\/\/esim2.clientinternals.webcase.pl\/cs\/wp-json\/wp\/v2\/roaming"}],"about":[{"href":"http:\/\/esim2.clientinternals.webcase.pl\/cs\/wp-json\/wp\/v2\/types\/roaming"}],"wp:featuredmedia":[{"embeddable":true,"href":"http:\/\/esim2.clientinternals.webcase.pl\/cs\/wp-json\/wp\/v2\/media\/15751"}],"wp:attachment":[{"href":"http:\/\/esim2.clientinternals.webcase.pl\/cs\/wp-json\/wp\/v2\/media?parent=17168"}],"wp:term":[{"taxonomy":"region","embeddable":true,"href":"http:\/\/esim2.clientinternals.webcase.pl\/cs\/wp-json\/wp\/v2\/region?post=17168"}],"curies":[{"name":"wp","href":"https:\/\/api.w.org\/{rel}","templated":true}]}}

<p>Zde je několik zajímavostí o Kosovu:</p>



<ul class="wp-block-list">
<li>Hlavní město: Priština</li>



<li>Obyvatelstvo: 1.78 milionu (odhad 2021)</li>



<li>Kód země: +383</li>



<li>Měna: Euro</li>



<li>Jazyk: Albánština</li>



<li>Další zajímavá místa v Kosovu: Ulpiana, Gračanica, Ferizaj</li>



<li>Kosovo má nejmladší populaci v Evropě, více než 70 procent obyvatel země je mladších 35 let.</li>



<li>Kosovo sousedí se čtyřmi zeměmi: Albánií, Makedonií, Černou Horou a Srbskem.</li>



<li>Biologická rozmanitost Kosova je chráněna ve dvou národních parcích, jedenácti přírodních rezervacích a 103 dalších chráněných oblastech.</li>



<li>Název Kosova znamená v překladu ze srbštiny „pole černých ptáků“.</li>
</ul>



<p>Věděli jste, že…?</p>



<ul class="wp-block-list">
<li>Vlajka využívá jako designový prvek mapu území země.</li>



<li>Kosovo (10 887 km²) je nejmenší balkánskou zemí.</li>
</ul>
