{"id":17611,"date":"2024-02-23T19:20:49","date_gmt":"2024-02-23T18:20:49","guid":{"rendered":"http:\/\/esim2.clientinternals.webcase.pl\/?post_type=roaming&#038;p=17611"},"modified":"2024-03-15T12:03:01","modified_gmt":"2024-03-15T11:03:01","slug":"esim-chorvatsko","status":"publish","type":"roaming","link":"http:\/\/esim2.clientinternals.webcase.pl\/cs\/roaming\/esim-chorvatsko\/","title":{"rendered":"Chorvatsko"},"content":{"rendered":"\n<p>Zde je n\u011bkolik zaj\u00edmavost\u00ed o Chorvatsku:<\/p>\n\n\n\n<ul class=\"wp-block-list\">\n<li>Hlavn\u00ed m\u011bsto: Z\u00e1h\u0159eb<\/li>\n\n\n\n<li>Obyvatelstvo: 3,8 milion\u016f (odhad 2022)<\/li>\n\n\n\n<li>K\u00f3d zem\u011b: +385<\/li>\n\n\n\n<li>M\u011bna: Euro<\/li>\n\n\n\n<li>Jazyk: Chorvat\u0161tina<\/li>\n\n\n\n<li>Dal\u0161\u00ed zaj\u00edmav\u00e1 m\u00edsta v Chorvatsku: Plitvick\u00e1 jezera, N\u00e1rodn\u00ed park Plitvick\u00e1 jezera, Dalmatsk\u00e9 pob\u0159e\u017e\u00ed<\/li>\n\n\n\n<li>M\u011bsto Hum je nejmen\u0161\u00edm m\u011bstem na sv\u011bt\u011b. \u017dije zde pouze 23 lid\u00ed.<\/li>\n\n\n\n<li>P\u016fvod dalmatinsk\u00fdch ps\u016f poch\u00e1z\u00ed z Chorvatska. Toto plemeno poch\u00e1z\u00ed z dalmatsk\u00e9ho pob\u0159e\u017e\u00ed, kter\u00e9 je v regionu zn\u00e1m\u00e9 jako \u201eDalm\u00e1cie\u201c.<\/li>\n\n\n\n<li>Picigin je tradi\u010dn\u00ed chorvatsk\u00e1 hra, kter\u00e1 se hraje ve vod\u011b a p\u0159i n\u00ed\u017e se hr\u00e1\u010di spole\u010dn\u011b sna\u017e\u00ed zabr\u00e1nit tomu, aby se m\u00ed\u010d dotkl vody.<\/li>\n\n\n\n<li>V Chorvatsku se nat\u00e1\u010delo mnoho slavn\u00fdch film\u016f a seri\u00e1l\u016f. Nat\u00e1\u010dely se zde seri\u00e1ly Hra o tr\u016fny, Kr\u00e1lovo p\u0159\u00edstavi\u0161t\u011b a Meereen.<\/li>\n<\/ul>\n\n\n\n<p>V\u011bd\u011bli jste, \u017ee\u2026?<\/p>\n\n\n\n<ul class=\"wp-block-list\">\n<li>Chorvatsko m\u00e1 nejv\u011bt\u0161\u00ed lan\u00fd\u017e na sv\u011bt\u011b, kter\u00fd v\u00e1\u017e\u00ed v\u00edce ne\u017e 1 kg, a je jednou z nejlep\u0161\u00edch zem\u00ed pro lov lan\u00fd\u017e\u016f.<\/li>\n\n\n\n<li>Mechanickou tu\u017eku vytvo\u0159il Chorvat Slavoljub Penkala v roce 1906.<\/li>\n<\/ul>\n","protected":false},"featured_media":15751,"template":"","region":[353],"class_list":["post-17611","roaming","type-roaming","status-publish","has-post-thumbnail","hentry","region-evropa"],"_links":{"self":[{"href":"http:\/\/esim2.clientinternals.webcase.pl\/cs\/wp-json\/wp\/v2\/roaming\/17611","targetHints":{"allow":["GET"]}}],"collection":[{"href":"http:\/\/esim2.clientinternals.webcase.pl\/cs\/wp-json\/wp\/v2\/roaming"}],"about":[{"href":"http:\/\/esim2.clientinternals.webcase.pl\/cs\/wp-json\/wp\/v2\/types\/roaming"}],"wp:featuredmedia":[{"embeddable":true,"href":"http:\/\/esim2.clientinternals.webcase.pl\/cs\/wp-json\/wp\/v2\/media\/15751"}],"wp:attachment":[{"href":"http:\/\/esim2.clientinternals.webcase.pl\/cs\/wp-json\/wp\/v2\/media?parent=17611"}],"wp:term":[{"taxonomy":"region","embeddable":true,"href":"http:\/\/esim2.clientinternals.webcase.pl\/cs\/wp-json\/wp\/v2\/region?post=17611"}],"curies":[{"name":"wp","href":"https:\/\/api.w.org\/{rel}","templated":true}]}}

<p>Zde je několik zajímavostí o Chorvatsku:</p>



<ul class="wp-block-list">
<li>Hlavní město: Záhřeb</li>



<li>Obyvatelstvo: 3,8 milionů (odhad 2022)</li>



<li>Kód země: +385</li>



<li>Měna: Euro</li>



<li>Jazyk: Chorvatština</li>



<li>Další zajímavá místa v Chorvatsku: Plitvická jezera, Národní park Plitvická jezera, Dalmatské pobřeží</li>



<li>Město Hum je nejmenším městem na světě. Žije zde pouze 23 lidí.</li>



<li>Původ dalmatinských psů pochází z Chorvatska. Toto plemeno pochází z dalmatského pobřeží, které je v regionu známé jako „Dalmácie“.</li>



<li>Picigin je tradiční chorvatská hra, která se hraje ve vodě a při níž se hráči společně snaží zabránit tomu, aby se míč dotkl vody.</li>



<li>V Chorvatsku se natáčelo mnoho slavných filmů a seriálů. Natáčely se zde seriály Hra o trůny, Královo přístaviště a Meereen.</li>
</ul>



<p>Věděli jste, že…?</p>



<ul class="wp-block-list">
<li>Chorvatsko má největší lanýž na světě, který váží více než 1 kg, a je jednou z nejlepších zemí pro lov lanýžů.</li>



<li>Mechanickou tužku vytvořil Chorvat Slavoljub Penkala v roce 1906.</li>
</ul>
