{"id":17664,"date":"2024-02-23T18:34:50","date_gmt":"2024-02-23T17:34:50","guid":{"rendered":"http:\/\/esim2.clientinternals.webcase.pl\/?post_type=roaming&#038;p=17664"},"modified":"2024-03-15T11:38:02","modified_gmt":"2024-03-15T10:38:02","slug":"esim-bosna-a-hercegovina","status":"publish","type":"roaming","link":"http:\/\/esim2.clientinternals.webcase.pl\/cs\/roaming\/esim-bosna-a-hercegovina\/","title":{"rendered":"Bosna a Hercegovina"},"content":{"rendered":"\n<p>Zde je n\u011bkolik zaj\u00edmavost\u00ed o Bosn\u011b a Hercegovin\u011b:<\/p>\n\n\n\n<ul class=\"wp-block-list\">\n<li>Hlavn\u00ed m\u011bsto: Sarajevo<\/li>\n\n\n\n<li>Obyvatelstvo: 3,27 milion\u016f (odhad 2021)<\/li>\n\n\n\n<li>K\u00f3d zem\u011b: +387<\/li>\n\n\n\n<li>M\u011bna: Konvertibiln\u00ed marka<\/li>\n\n\n\n<li>Jazyk: Bosensk\u00fd jazyk je spolu s chorvat\u0161tinou a srb\u0161tinou jedn\u00edm ze t\u0159\u00ed jazyk\u016f, kter\u00e9 jsou pova\u017eov\u00e1ny za \u00fa\u0159edn\u00ed jazyky Bosny a Hercegoviny.<\/li>\n\n\n\n<li>Dal\u0161\u00ed zaj\u00edmav\u00e1 m\u00edsta v Bosn\u011b a Hercegovin\u011b: Blagaj, Po\u010ditelj, Med\u017eugorje<\/li>\n\n\n\n<li>Bosna a Hercegovina je zem\u011b na Balk\u00e1nsk\u00e9m poloostrov\u011b v jihov\u00fdchodn\u00ed Evrop\u011b.<\/li>\n\n\n\n<li>Na v\u00fdchod\u011b soused\u00ed se Srbskem, na jihov\u00fdchod\u011b s \u010cernou Horou a na severu a jihoz\u00e1pad\u011b s Chorvatskem.<\/li>\n\n\n\n<li>Sarajevsk\u00fd filmov\u00fd festival vznikl v roce 1995 a stal se nejv\u011bt\u0161\u00edm a nejzn\u00e1m\u011bj\u0161\u00edm filmov\u00fdm festivalem na Balk\u00e1n\u011b a v jihov\u00fdchodn\u00ed Evrop\u011b.<\/li>\n\n\n\n<li>Bosna le\u017e\u00ed na z\u00e1pad\u011b a severu Hercegoviny a je domovem hlavn\u00edho m\u011bsta zem\u011b.<\/li>\n<\/ul>\n\n\n\n<p>V\u011bd\u011bli jste, \u017ee\u2026?<\/p>\n\n\n\n<ul class=\"wp-block-list\">\n<li>Sarajevo hostilo zimn\u00ed olympijsk\u00e9 hry v roce 1984.<\/li>\n\n\n\n<li>N\u00e1rodn\u00ed kv\u011btina lilie zlat\u00e1, Lilium Bosniacum, je n\u00e1rodn\u00edm symbolem Bosny.<\/li>\n<\/ul>\n","protected":false},"featured_media":15277,"template":"","region":[353],"class_list":["post-17664","roaming","type-roaming","status-publish","has-post-thumbnail","hentry","region-evropa"],"_links":{"self":[{"href":"http:\/\/esim2.clientinternals.webcase.pl\/cs\/wp-json\/wp\/v2\/roaming\/17664","targetHints":{"allow":["GET"]}}],"collection":[{"href":"http:\/\/esim2.clientinternals.webcase.pl\/cs\/wp-json\/wp\/v2\/roaming"}],"about":[{"href":"http:\/\/esim2.clientinternals.webcase.pl\/cs\/wp-json\/wp\/v2\/types\/roaming"}],"wp:featuredmedia":[{"embeddable":true,"href":"http:\/\/esim2.clientinternals.webcase.pl\/cs\/wp-json\/wp\/v2\/media\/15277"}],"wp:attachment":[{"href":"http:\/\/esim2.clientinternals.webcase.pl\/cs\/wp-json\/wp\/v2\/media?parent=17664"}],"wp:term":[{"taxonomy":"region","embeddable":true,"href":"http:\/\/esim2.clientinternals.webcase.pl\/cs\/wp-json\/wp\/v2\/region?post=17664"}],"curies":[{"name":"wp","href":"https:\/\/api.w.org\/{rel}","templated":true}]}}

<p>Zde je několik zajímavostí o Bosně a Hercegovině:</p>



<ul class="wp-block-list">
<li>Hlavní město: Sarajevo</li>



<li>Obyvatelstvo: 3,27 milionů (odhad 2021)</li>



<li>Kód země: +387</li>



<li>Měna: Konvertibilní marka</li>



<li>Jazyk: Bosenský jazyk je spolu s chorvatštinou a srbštinou jedním ze tří jazyků, které jsou považovány za úřední jazyky Bosny a Hercegoviny.</li>



<li>Další zajímavá místa v Bosně a Hercegovině: Blagaj, Počitelj, Medžugorje</li>



<li>Bosna a Hercegovina je země na Balkánském poloostrově v jihovýchodní Evropě.</li>



<li>Na východě sousedí se Srbskem, na jihovýchodě s Černou Horou a na severu a jihozápadě s Chorvatskem.</li>



<li>Sarajevský filmový festival vznikl v roce 1995 a stal se největším a nejznámějším filmovým festivalem na Balkáně a v jihovýchodní Evropě.</li>



<li>Bosna leží na západě a severu Hercegoviny a je domovem hlavního města země.</li>
</ul>



<p>Věděli jste, že…?</p>



<ul class="wp-block-list">
<li>Sarajevo hostilo zimní olympijské hry v roce 1984.</li>



<li>Národní květina lilie zlatá, Lilium Bosniacum, je národním symbolem Bosny.</li>
</ul>
