{"id":17686,"date":"2024-02-23T18:33:25","date_gmt":"2024-02-23T17:33:25","guid":{"rendered":"http:\/\/esim2.clientinternals.webcase.pl\/?post_type=roaming&#038;p=17686"},"modified":"2024-03-15T11:25:14","modified_gmt":"2024-03-15T10:25:14","slug":"esim-belgie","status":"publish","type":"roaming","link":"http:\/\/esim2.clientinternals.webcase.pl\/cs\/roaming\/esim-belgie\/","title":{"rendered":"Belgie"},"content":{"rendered":"\n<p>Zde je n\u011bkolik zaj\u00edmav\u00fdch a z\u00e1bavn\u00fdch fakt\u016f o Belgii<\/p>\n\n\n\n<ul class=\"wp-block-list\">\n<li>K\u00f3d zem\u011b: +32<\/li>\n\n\n\n<li>Hlavn\u00ed m\u011bsto: Brusel<\/li>\n\n\n\n<li>Dal\u0161\u00ed hlavn\u00ed m\u011bsta: Li\u00e8ge, Gent, Dinant<\/li>\n\n\n\n<li>Obyvatelstvo: 11,7 milion\u016f(odhad na rok 2023).<\/li>\n\n\n\n<li>Jazyk: (vl\u00e1msky), francouzsky a n\u011bmecky.<\/li>\n\n\n\n<li>M\u011bna: Euro<\/li>\n\n\n\n<li>Belgie je zn\u00e1m\u00e1 st\u0159edov\u011bk\u00fdmi m\u011bsty, renesan\u010dn\u00ed architekturou a s\u00eddlem Evropsk\u00e9 unie a NATO.<\/li>\n\n\n\n<li>N\u00e1rodn\u00edm symbolem je zlat\u00fd lev. Lev je sou\u010d\u00e1st\u00ed st\u00e1tn\u00edho znaku, kter\u00fd nese heslo \u201ev jednot\u011b je s\u00edla\u201c.<\/li>\n\n\n\n<li>\u0160moulov\u00e9 a Tintin poch\u00e1zej\u00ed z Belgie. \u0160mouly vytvo\u0159il belgick\u00fd komiksov\u00fd kresl\u00ed\u0159 Peyo (alias Pierre Culliford) v roce 1958.<\/li>\n\n\n\n<li>Belgie je zn\u00e1m\u00e1 mnoha vyn\u00e1lezy, jako je World Wide Web (www), inline brusle, plast a mnoho dal\u0161\u00edch.<\/li>\n<\/ul>\n\n\n\n<p>V\u011bd\u011bli jste, \u017ee\u2026?<\/p>\n\n\n\n<ul class=\"wp-block-list\">\n<li>Hranolky byly vynalezeny v Belgii, ale ve francouz\u0161tin\u011b se jim \u0159\u00edk\u00e1 \u201efrites\u201c a ve vl\u00e1m\u0161tin\u011b (holand\u0161tin\u011b) \u201efrieten\u201c a obvykle se pod\u00e1vaj\u00ed s majon\u00e9zou, nikoli s ke\u010dupem.<\/li>\n\n\n\n<li>Belgie je zn\u00e1m\u00e1 vynikaj\u00edc\u00ed kvalitou sv\u00e9 \u010dokol\u00e1dy a produkuje p\u0159ibli\u017en\u011b 11 % sv\u011btov\u00e9 produkce \u010dokol\u00e1dy.<\/li>\n<\/ul>\n","protected":false},"featured_media":15277,"template":"","region":[353],"class_list":["post-17686","roaming","type-roaming","status-publish","has-post-thumbnail","hentry","region-evropa"],"_links":{"self":[{"href":"http:\/\/esim2.clientinternals.webcase.pl\/cs\/wp-json\/wp\/v2\/roaming\/17686","targetHints":{"allow":["GET"]}}],"collection":[{"href":"http:\/\/esim2.clientinternals.webcase.pl\/cs\/wp-json\/wp\/v2\/roaming"}],"about":[{"href":"http:\/\/esim2.clientinternals.webcase.pl\/cs\/wp-json\/wp\/v2\/types\/roaming"}],"wp:featuredmedia":[{"embeddable":true,"href":"http:\/\/esim2.clientinternals.webcase.pl\/cs\/wp-json\/wp\/v2\/media\/15277"}],"wp:attachment":[{"href":"http:\/\/esim2.clientinternals.webcase.pl\/cs\/wp-json\/wp\/v2\/media?parent=17686"}],"wp:term":[{"taxonomy":"region","embeddable":true,"href":"http:\/\/esim2.clientinternals.webcase.pl\/cs\/wp-json\/wp\/v2\/region?post=17686"}],"curies":[{"name":"wp","href":"https:\/\/api.w.org\/{rel}","templated":true}]}}

<p>Zde je několik zajímavých a zábavných faktů o Belgii</p>



<ul class="wp-block-list">
<li>Kód země: +32</li>



<li>Hlavní město: Brusel</li>



<li>Další hlavní města: Liège, Gent, Dinant</li>



<li>Obyvatelstvo: 11,7 milionů(odhad na rok 2023).</li>



<li>Jazyk: (vlámsky), francouzsky a německy.</li>



<li>Měna: Euro</li>



<li>Belgie je známá středověkými městy, renesanční architekturou a sídlem Evropské unie a NATO.</li>



<li>Národním symbolem je zlatý lev. Lev je součástí státního znaku, který nese heslo „v jednotě je síla“.</li>



<li>Šmoulové a Tintin pocházejí z Belgie. Šmouly vytvořil belgický komiksový kreslíř Peyo (alias Pierre Culliford) v roce 1958.</li>



<li>Belgie je známá mnoha vynálezy, jako je World Wide Web (www), inline brusle, plast a mnoho dalších.</li>
</ul>



<p>Věděli jste, že…?</p>



<ul class="wp-block-list">
<li>Hranolky byly vynalezeny v Belgii, ale ve francouzštině se jim říká „frites“ a ve vlámštině (holandštině) „frieten“ a obvykle se podávají s majonézou, nikoli s kečupem.</li>



<li>Belgie je známá vynikající kvalitou své čokolády a produkuje přibližně 11 % světové produkce čokolády.</li>
</ul>
