{"id":17728,"date":"2024-02-23T18:31:00","date_gmt":"2024-02-23T17:31:00","guid":{"rendered":"http:\/\/esim2.clientinternals.webcase.pl\/?post_type=roaming&#038;p=17728"},"modified":"2024-03-15T11:10:37","modified_gmt":"2024-03-15T10:10:37","slug":"esim-belorusko","status":"publish","type":"roaming","link":"http:\/\/esim2.clientinternals.webcase.pl\/cs\/roaming\/esim-belorusko\/","title":{"rendered":"B\u011blorusko"},"content":{"rendered":"\n<p>Zde je n\u011bkolik zaj\u00edmavost\u00ed o B\u011blorusku:<\/p>\n\n\n\n<ul class=\"wp-block-list\">\n<li>Hlavn\u00ed m\u011bsto: Minsk<\/li>\n\n\n\n<li>Po\u010det obyvatel: 9,35 milionu (odhad 2021)<\/li>\n\n\n\n<li>K\u00f3d zem\u011b: +375<\/li>\n\n\n\n<li>M\u011bna: B\u011blorusk\u00fd rubl<\/li>\n\n\n\n<li>Jazyk: B\u011blorusk\u00fd a rusk\u00fd jazyk<\/li>\n\n\n\n<li>Dal\u0161\u00ed zaj\u00edmav\u00e1 m\u00edsta v B\u011blorusku: oblast Braslavsk\u00e9ho jezera, n\u00e1rodn\u00ed park B\u011blov\u011b\u017esk\u00e1 pu\u0161\u010da, hrad Mir.<\/li>\n\n\n\n<li>B\u011blorusko je vnitrozemsk\u00e1 zem\u011b ve v\u00fdchodn\u00ed Evrop\u011b. Na v\u00fdchod\u011b a severov\u00fdchod\u011b soused\u00ed s Ruskem, na jihu s Ukrajinou, na z\u00e1pad\u011b s Polskem a na severoz\u00e1pad\u011b s Litvou a Loty\u0161skem.<\/li>\n\n\n\n<li>P\u0159ibli\u017en\u011b 40 % b\u011blorusk\u00e9ho \u00fazem\u00ed pokr\u00fdvaj\u00ed lesy \u2013 tuto skute\u010dnost symbolizuje zelen\u00fd pruh na vlajce zem\u011b.<\/li>\n\n\n\n<li>Brambory jsou v B\u011blorusku velmi d\u016fle\u017eitou z\u00e1kladn\u00ed potravinou. B\u011blorusov\u00e9 spot\u0159ebuj\u00ed v\u00edce brambor na hlavu ne\u017e kter\u00e1koli jin\u00e1 zem\u011b \u2013 odhadem 180 kg, co\u017e p\u0159edstavuje p\u0159ibli\u017en\u011b p\u016fl kilogramu denn\u011b.<\/li>\n\n\n\n<li>P\u0159ibli\u017en\u011b 80 % obyvatel B\u011bloruska \u017eije ve m\u011bstech, co\u017e z n\u011bj \u010din\u00ed jednu z nejv\u00edce urbanizovan\u00fdch zem\u00ed v Evrop\u011b.<\/li>\n<\/ul>\n\n\n\n<p>V\u011bd\u011bli jste, \u017ee\u2026?<\/p>\n\n\n\n<ul class=\"wp-block-list\">\n<li>N\u00e1rodn\u00edm zv\u00ed\u0159etem je zubr, kter\u00e9mu se tak\u00e9 \u0159\u00edk\u00e1 \u201ewisent\u201c.<\/li>\n\n\n\n<li>Pouze 12 % B\u011blorus\u016f aktivn\u011b pou\u017e\u00edv\u00e1 b\u011blorusk\u00fd jazyk v ka\u017edodenn\u00edm \u017eivot\u011b a pouze 30 % obyvatel B\u011bloruska mluv\u00ed plynn\u011b b\u011blorusky. V\u011bt\u0161ina lid\u00ed pou\u017e\u00edv\u00e1 ru\u0161tinu jako hlavn\u00ed zp\u016fsob komunikace.<\/li>\n<\/ul>\n","protected":false},"featured_media":15277,"template":"","region":[353],"class_list":["post-17728","roaming","type-roaming","status-publish","has-post-thumbnail","hentry","region-evropa"],"_links":{"self":[{"href":"http:\/\/esim2.clientinternals.webcase.pl\/cs\/wp-json\/wp\/v2\/roaming\/17728","targetHints":{"allow":["GET"]}}],"collection":[{"href":"http:\/\/esim2.clientinternals.webcase.pl\/cs\/wp-json\/wp\/v2\/roaming"}],"about":[{"href":"http:\/\/esim2.clientinternals.webcase.pl\/cs\/wp-json\/wp\/v2\/types\/roaming"}],"wp:featuredmedia":[{"embeddable":true,"href":"http:\/\/esim2.clientinternals.webcase.pl\/cs\/wp-json\/wp\/v2\/media\/15277"}],"wp:attachment":[{"href":"http:\/\/esim2.clientinternals.webcase.pl\/cs\/wp-json\/wp\/v2\/media?parent=17728"}],"wp:term":[{"taxonomy":"region","embeddable":true,"href":"http:\/\/esim2.clientinternals.webcase.pl\/cs\/wp-json\/wp\/v2\/region?post=17728"}],"curies":[{"name":"wp","href":"https:\/\/api.w.org\/{rel}","templated":true}]}}

Bělorusko

<p>Zde je několik zajímavostí o Bělorusku:</p>



<ul class="wp-block-list">
<li>Hlavní město: Minsk</li>



<li>Počet obyvatel: 9,35 milionu (odhad 2021)</li>



<li>Kód země: +375</li>



<li>Měna: Běloruský rubl</li>



<li>Jazyk: Běloruský a ruský jazyk</li>



<li>Další zajímavá místa v Bělorusku: oblast Braslavského jezera, národní park Bělověžská pušča, hrad Mir.</li>



<li>Bělorusko je vnitrozemská země ve východní Evropě. Na východě a severovýchodě sousedí s Ruskem, na jihu s Ukrajinou, na západě s Polskem a na severozápadě s Litvou a Lotyšskem.</li>



<li>Přibližně 40 % běloruského území pokrývají lesy – tuto skutečnost symbolizuje zelený pruh na vlajce země.</li>



<li>Brambory jsou v Bělorusku velmi důležitou základní potravinou. Bělorusové spotřebují více brambor na hlavu než kterákoli jiná země – odhadem 180 kg, což představuje přibližně půl kilogramu denně.</li>



<li>Přibližně 80 % obyvatel Běloruska žije ve městech, což z něj činí jednu z nejvíce urbanizovaných zemí v Evropě.</li>
</ul>



<p>Věděli jste, že…?</p>



<ul class="wp-block-list">
<li>Národním zvířetem je zubr, kterému se také říká „wisent“.</li>



<li>Pouze 12 % Bělorusů aktivně používá běloruský jazyk v každodenním životě a pouze 30 % obyvatel Běloruska mluví plynně bělorusky. Většina lidí používá ruštinu jako hlavní způsob komunikace.</li>
</ul>
