{"id":17795,"date":"2024-02-21T19:29:15","date_gmt":"2024-02-21T18:29:15","guid":{"rendered":"http:\/\/esim2.clientinternals.webcase.pl\/?post_type=roaming&#038;p=17795"},"modified":"2024-03-15T10:38:59","modified_gmt":"2024-03-15T09:38:59","slug":"esim-albanie","status":"publish","type":"roaming","link":"http:\/\/esim2.clientinternals.webcase.pl\/cs\/roaming\/esim-albanie\/","title":{"rendered":"Alb\u00e1nie"},"content":{"rendered":"\n<p>Zde je n\u011bkolik zaj\u00edmavost\u00ed o Alb\u00e1nii:<\/p>\n\n\n\n<ul class=\"wp-block-list\">\n<li>K\u00f3d zem\u011b: +355<\/li>\n\n\n\n<li>Hlavn\u00ed m\u011bsto: Tirana<\/li>\n\n\n\n<li>Dal\u0161\u00ed hlavn\u00ed m\u011bsta: Alb\u00e1nsk\u00e1 rivi\u00e9ra, Durr\u00ebs, Vlor\u00eb<\/li>\n\n\n\n<li>Po\u010det obyvatel: 2,8 milionu (odhad na rok 2021)<\/li>\n\n\n\n<li>Jazyk: Alb\u00e1n\u0161tina<\/li>\n\n\n\n<li>M\u011bna: Alb\u00e1nsk\u00fd lek (LEK)<\/li>\n\n\n\n<li>Alb\u00e1nie soused\u00ed s \u0158eckem, Severn\u00ed Makedoni\u00ed, Kosovem a \u010cernou Horou.<\/li>\n\n\n\n<li>Orel je n\u00e1rodn\u00edm symbolem Alb\u00e1nc\u016f, jak je vid\u011bt na sou\u010dasn\u00e9 alb\u00e1nsk\u00e9 vlajce.<\/li>\n\n\n\n<li>M\u00edstn\u00ed obyvatel\u00e9 maj\u00ed ofici\u00e1ln\u00ed ve\u010dern\u00ed proch\u00e1zku, zn\u00e1mou tak\u00e9 jako Xhiro.<\/li>\n\n\n\n<li>Nej\u010dast\u011bj\u0161\u00edm suven\u00fdrem je p\u00e1r opingy, co\u017e je klasick\u00e1 alb\u00e1nsk\u00e1 obuv.<\/li>\n<\/ul>\n\n\n\n<p>V\u011bd\u011bli jste, \u017ee\u2026?<\/p>\n\n\n\n<ul class=\"wp-block-list\">\n<li>Skadarsk\u00e9 jezero je nejv\u011bt\u0161\u00ed vodn\u00ed plochou v regionu.<\/li>\n\n\n\n<li>V Alb\u00e1nii se nach\u00e1z\u00ed 30 % v\u0161ech sb\u00edrek rostlin v Evrop\u011b.<\/li>\n<\/ul>\n","protected":false},"featured_media":17796,"template":"","region":[353],"class_list":["post-17795","roaming","type-roaming","status-publish","has-post-thumbnail","hentry","region-evropa"],"_links":{"self":[{"href":"http:\/\/esim2.clientinternals.webcase.pl\/cs\/wp-json\/wp\/v2\/roaming\/17795","targetHints":{"allow":["GET"]}}],"collection":[{"href":"http:\/\/esim2.clientinternals.webcase.pl\/cs\/wp-json\/wp\/v2\/roaming"}],"about":[{"href":"http:\/\/esim2.clientinternals.webcase.pl\/cs\/wp-json\/wp\/v2\/types\/roaming"}],"wp:featuredmedia":[{"embeddable":true,"href":"http:\/\/esim2.clientinternals.webcase.pl\/cs\/wp-json\/wp\/v2\/media\/17796"}],"wp:attachment":[{"href":"http:\/\/esim2.clientinternals.webcase.pl\/cs\/wp-json\/wp\/v2\/media?parent=17795"}],"wp:term":[{"taxonomy":"region","embeddable":true,"href":"http:\/\/esim2.clientinternals.webcase.pl\/cs\/wp-json\/wp\/v2\/region?post=17795"}],"curies":[{"name":"wp","href":"https:\/\/api.w.org\/{rel}","templated":true}]}}

Albánie

<p>Zde je několik zajímavostí o Albánii:</p>



<ul class="wp-block-list">
<li>Kód země: +355</li>



<li>Hlavní město: Tirana</li>



<li>Další hlavní města: Albánská riviéra, Durrës, Vlorë</li>



<li>Počet obyvatel: 2,8 milionu (odhad na rok 2021)</li>



<li>Jazyk: Albánština</li>



<li>Měna: Albánský lek (LEK)</li>



<li>Albánie sousedí s Řeckem, Severní Makedonií, Kosovem a Černou Horou.</li>



<li>Orel je národním symbolem Albánců, jak je vidět na současné albánské vlajce.</li>



<li>Místní obyvatelé mají oficiální večerní procházku, známou také jako Xhiro.</li>



<li>Nejčastějším suvenýrem je pár opingy, což je klasická albánská obuv.</li>
</ul>



<p>Věděli jste, že…?</p>



<ul class="wp-block-list">
<li>Skadarské jezero je největší vodní plochou v regionu.</li>



<li>V Albánii se nachází 30 % všech sbírek rostlin v Evropě.</li>
</ul>
