{"id":17880,"date":"2024-02-23T19:53:54","date_gmt":"2024-02-23T18:53:54","guid":{"rendered":"http:\/\/esim2.clientinternals.webcase.pl\/?post_type=roaming&#038;p=17880"},"modified":"2024-03-17T23:31:20","modified_gmt":"2024-03-17T22:31:20","slug":"esim-honduras","status":"publish","type":"roaming","link":"http:\/\/esim2.clientinternals.webcase.pl\/cs\/roaming\/esim-honduras\/","title":{"rendered":"Honduras"},"content":{"rendered":"\n<p>Zde je n\u011bkolik zaj\u00edmavost\u00ed o Hondurasu:<\/p>\n\n\n\n<ul class=\"wp-block-list\">\n<li>K\u00f3d zem\u011b: +504<\/li>\n\n\n\n<li>Hlavn\u00ed m\u011bsto: Tegucigalpa<\/li>\n\n\n\n<li>Dal\u0161\u00ed hlavn\u00ed m\u011bsta: Hlavn\u00ed m\u011bsta: Comayagua, Choluteca, Puerto Lempira<\/li>\n\n\n\n<li>Obyvatelstvo: 10,28 milionu (odhad na rok 2021)<\/li>\n\n\n\n<li>Jazyk: \u0161pan\u011bl\u0161tina<\/li>\n\n\n\n<li>M\u011bna: Hondurask\u00e1 lempira<\/li>\n\n\n\n<li>Tegucigalpa, m\u011bsto a hlavn\u00ed m\u011bsto Hondurask\u00e9 republiky, se nach\u00e1z\u00ed v kopcovit\u00e9m ter\u00e9nu obklopen\u00e9m horami v nadmo\u0159sk\u00e9 v\u00fd\u0161ce 975 metr\u016f. Je zn\u00e1m\u00fd svou zachovalou \u0161pan\u011blskou koloni\u00e1ln\u00ed architekturou.<\/li>\n\n\n\n<li>Honduras se nach\u00e1z\u00ed ve St\u0159edn\u00ed Americe, na severu ho om\u00fdv\u00e1 Karibsk\u00e9 mo\u0159e a na jihu Tich\u00fd oce\u00e1n.<\/li>\n\n\n\n<li>N\u00e1rodn\u00edm pt\u00e1kem Hondurasu je makak \u0161arlatov\u00fd (Aro Macao) s charakteristick\u00fdm \u010derven\u00fdm, modr\u00fdm a \u017elut\u00fdm pe\u0159\u00edm.<\/li>\n\n\n\n<li>Katedr\u00e1la Comayagua (zn\u00e1m\u00e1 tak\u00e9 jako katedr\u00e1la Neposkvrn\u011bn\u00e9ho po\u010det\u00ed) je jednou z nejstar\u0161\u00edch katedr\u00e1l ve St\u0159edn\u00ed Americe. Byl postaven v roce 1634.<\/li>\n<\/ul>\n\n\n\n<p>V\u011bd\u011bli jste, \u017ee\u2026?<\/p>\n\n\n\n<ul class=\"wp-block-list\">\n<li>V Hondurasu \u017eije velk\u00e9 mno\u017estv\u00ed netop\u00fdr\u016f, kte\u0159\u00ed tvo\u0159\u00ed v\u00edce ne\u017e polovinu v\u0161ech druh\u016f savc\u016f v zemi.<\/li>\n\n\n\n<li>Cop\u00e1n, starobyl\u00e9 maysk\u00e9 m\u011bsto, kter\u00e9 je na seznamu sv\u011btov\u00e9ho d\u011bdictv\u00ed Unesco, je jedn\u00edm z nejv\u00fdznamn\u011bj\u0161\u00edch m\u00edst maysk\u00e9 civilizace.<\/li>\n<\/ul>\n","protected":false},"featured_media":17796,"template":"","region":[355],"class_list":["post-17880","roaming","type-roaming","status-publish","has-post-thumbnail","hentry","region-severni-amerika"],"_links":{"self":[{"href":"http:\/\/esim2.clientinternals.webcase.pl\/cs\/wp-json\/wp\/v2\/roaming\/17880","targetHints":{"allow":["GET"]}}],"collection":[{"href":"http:\/\/esim2.clientinternals.webcase.pl\/cs\/wp-json\/wp\/v2\/roaming"}],"about":[{"href":"http:\/\/esim2.clientinternals.webcase.pl\/cs\/wp-json\/wp\/v2\/types\/roaming"}],"wp:featuredmedia":[{"embeddable":true,"href":"http:\/\/esim2.clientinternals.webcase.pl\/cs\/wp-json\/wp\/v2\/media\/17796"}],"wp:attachment":[{"href":"http:\/\/esim2.clientinternals.webcase.pl\/cs\/wp-json\/wp\/v2\/media?parent=17880"}],"wp:term":[{"taxonomy":"region","embeddable":true,"href":"http:\/\/esim2.clientinternals.webcase.pl\/cs\/wp-json\/wp\/v2\/region?post=17880"}],"curies":[{"name":"wp","href":"https:\/\/api.w.org\/{rel}","templated":true}]}}

<p>Zde je několik zajímavostí o Hondurasu:</p>



<ul class="wp-block-list">
<li>Kód země: +504</li>



<li>Hlavní město: Tegucigalpa</li>



<li>Další hlavní města: Hlavní města: Comayagua, Choluteca, Puerto Lempira</li>



<li>Obyvatelstvo: 10,28 milionu (odhad na rok 2021)</li>



<li>Jazyk: španělština</li>



<li>Měna: Honduraská lempira</li>



<li>Tegucigalpa, město a hlavní město Honduraské republiky, se nachází v kopcovitém terénu obklopeném horami v nadmořské výšce 975 metrů. Je známý svou zachovalou španělskou koloniální architekturou.</li>



<li>Honduras se nachází ve Střední Americe, na severu ho omývá Karibské moře a na jihu Tichý oceán.</li>



<li>Národním ptákem Hondurasu je makak šarlatový (Aro Macao) s charakteristickým červeným, modrým a žlutým peřím.</li>



<li>Katedrála Comayagua (známá také jako katedrála Neposkvrněného početí) je jednou z nejstarších katedrál ve Střední Americe. Byl postaven v roce 1634.</li>
</ul>



<p>Věděli jste, že…?</p>



<ul class="wp-block-list">
<li>V Hondurasu žije velké množství netopýrů, kteří tvoří více než polovinu všech druhů savců v zemi.</li>



<li>Copán, starobylé mayské město, které je na seznamu světového dědictví Unesco, je jedním z nejvýznamnějších míst mayské civilizace.</li>
</ul>
