{"id":18034,"date":"2024-02-23T19:51:18","date_gmt":"2024-02-23T18:51:18","guid":{"rendered":"http:\/\/esim2.clientinternals.webcase.pl\/?post_type=roaming&#038;p=18034"},"modified":"2024-03-17T23:23:06","modified_gmt":"2024-03-17T22:23:06","slug":"esim-guatemala","status":"publish","type":"roaming","link":"http:\/\/esim2.clientinternals.webcase.pl\/cs\/roaming\/esim-guatemala\/","title":{"rendered":"Guatemala"},"content":{"rendered":"\n<p>Zde je n\u011bkolik zaj\u00edmavost\u00ed o Guatemale:<\/p>\n\n\n\n<ul class=\"wp-block-list\">\n<li>K\u00f3d zem\u011b: +502<\/li>\n\n\n\n<li>Hlavn\u00ed m\u011bsto: Guatemala City<\/li>\n\n\n\n<li>Dal\u0161\u00ed hlavn\u00ed m\u011bsta: Retalhuleu, Jalapa, Chichicastenango<\/li>\n\n\n\n<li>Obyvatelstvo: 17,11 milionu (odhad pro rok 2021)<\/li>\n\n\n\n<li>Jazyk: \u0161pan\u011bl\u0161tina<\/li>\n\n\n\n<li>M\u011bna: Guatemalsk\u00fd quetzal<\/li>\n\n\n\n<li>Guatemala je st\u0159edoamerick\u00e1 zem\u011b le\u017e\u00edc\u00ed ji\u017en\u011b od Mexika. Je domovem sopek, de\u0161tn\u00fdch prales\u016f a starobyl\u00fdch maysk\u00fdch pam\u00e1tek.<\/li>\n\n\n\n<li>Hlavn\u00ed m\u011bsto Guatemala City, m\u00edstn\u011b zn\u00e1m\u00e9 jako Guatemala nebo Guate, ofici\u00e1ln\u011b Ciudad de Guatemala, je nejv\u011bt\u0161\u00edm m\u011bstem Guatemaly a nejlidnat\u011bj\u0161\u00ed m\u011bstskou oblast\u00ed St\u0159edn\u00ed Ameriky.<\/li>\n\n\n\n<li>Guatemalsk\u00e1 m\u011bna quetzal je pojmenov\u00e1na po guatemalsk\u00e9m n\u00e1rodn\u00edm pt\u00e1kovi, quetzalovi n\u00e1dhern\u00e9m.<\/li>\n\n\n\n<li>Ofici\u00e1ln\u00edm a nejpou\u017e\u00edvan\u011bj\u0161\u00edm jazykem je \u0161pan\u011bl\u0161tina, ale mluv\u00ed se zde tak\u00e9 22 r\u016fzn\u00fdmi maysk\u00fdmi jazyky a dv\u011bma dal\u0161\u00edmi domorod\u00fdmi jazyky \u2013 Gar\u00edfuna a Xinca.<\/li>\n<\/ul>\n\n\n\n<p>V\u011bd\u011bli jste, \u017ee\u2026?<\/p>\n\n\n\n<ul class=\"wp-block-list\">\n<li>V Guatemale se nach\u00e1z\u00ed 33 sopek a sopka Tajamulco je s v\u00fd\u0161kou 4 220 m nejvy\u0161\u0161\u00edm bodem Guatemaly.<\/li>\n\n\n\n<li>Jezero Atitl\u00e1n (Lago de Atitl\u00e1n) je nejhlub\u0161\u00edm jezerem ve St\u0159edn\u00ed Americe.<\/li>\n<\/ul>\n","protected":false},"featured_media":17796,"template":"","region":[355],"class_list":["post-18034","roaming","type-roaming","status-publish","has-post-thumbnail","hentry","region-severni-amerika"],"_links":{"self":[{"href":"http:\/\/esim2.clientinternals.webcase.pl\/cs\/wp-json\/wp\/v2\/roaming\/18034","targetHints":{"allow":["GET"]}}],"collection":[{"href":"http:\/\/esim2.clientinternals.webcase.pl\/cs\/wp-json\/wp\/v2\/roaming"}],"about":[{"href":"http:\/\/esim2.clientinternals.webcase.pl\/cs\/wp-json\/wp\/v2\/types\/roaming"}],"wp:featuredmedia":[{"embeddable":true,"href":"http:\/\/esim2.clientinternals.webcase.pl\/cs\/wp-json\/wp\/v2\/media\/17796"}],"wp:attachment":[{"href":"http:\/\/esim2.clientinternals.webcase.pl\/cs\/wp-json\/wp\/v2\/media?parent=18034"}],"wp:term":[{"taxonomy":"region","embeddable":true,"href":"http:\/\/esim2.clientinternals.webcase.pl\/cs\/wp-json\/wp\/v2\/region?post=18034"}],"curies":[{"name":"wp","href":"https:\/\/api.w.org\/{rel}","templated":true}]}}

<p>Zde je několik zajímavostí o Guatemale:</p>



<ul class="wp-block-list">
<li>Kód země: +502</li>



<li>Hlavní město: Guatemala City</li>



<li>Další hlavní města: Retalhuleu, Jalapa, Chichicastenango</li>



<li>Obyvatelstvo: 17,11 milionu (odhad pro rok 2021)</li>



<li>Jazyk: španělština</li>



<li>Měna: Guatemalský quetzal</li>



<li>Guatemala je středoamerická země ležící jižně od Mexika. Je domovem sopek, deštných pralesů a starobylých mayských památek.</li>



<li>Hlavní město Guatemala City, místně známé jako Guatemala nebo Guate, oficiálně Ciudad de Guatemala, je největším městem Guatemaly a nejlidnatější městskou oblastí Střední Ameriky.</li>



<li>Guatemalská měna quetzal je pojmenována po guatemalském národním ptákovi, quetzalovi nádherném.</li>



<li>Oficiálním a nejpoužívanějším jazykem je španělština, ale mluví se zde také 22 různými mayskými jazyky a dvěma dalšími domorodými jazyky – Garífuna a Xinca.</li>
</ul>



<p>Věděli jste, že…?</p>



<ul class="wp-block-list">
<li>V Guatemale se nachází 33 sopek a sopka Tajamulco je s výškou 4 220 m nejvyšším bodem Guatemaly.</li>



<li>Jezero Atitlán (Lago de Atitlán) je nejhlubším jezerem ve Střední Americe.</li>
</ul>
