{"id":18470,"date":"2024-02-23T18:27:22","date_gmt":"2024-02-23T17:27:22","guid":{"rendered":"http:\/\/esim2.clientinternals.webcase.pl\/?post_type=roaming&#038;p=18470"},"modified":"2024-03-14T17:17:52","modified_gmt":"2024-03-14T16:17:52","slug":"esim-azerbajdzan","status":"publish","type":"roaming","link":"http:\/\/esim2.clientinternals.webcase.pl\/cs\/roaming\/esim-azerbajdzan\/","title":{"rendered":"\u00c1zerb\u00e1jd\u017e\u00e1n"},"content":{"rendered":"\n<p>Zde je n\u011bkolik zaj\u00edmav\u00fdch a z\u00e1bavn\u00fdch fakt\u016f o \u00c1zerb\u00e1jd\u017e\u00e1nu<\/p>\n\n\n\n<ul class=\"wp-block-list\">\n<li>K\u00f3d zem\u011b: +994<\/li>\n\n\n\n<li>Hlavn\u00ed m\u011bsto: Baku<\/li>\n\n\n\n<li>Dal\u0161\u00ed hlavn\u00ed m\u011bsta: Ganja, Sheki, Lankaran<\/li>\n\n\n\n<li>Obyvatelstvo: 10,14 milionu (odhad z roku 2021)<\/li>\n\n\n\n<li>Jazyk: \u00c1zerb\u00e1jd\u017e\u00e1n\u0161tina nebo \u00e1zerb\u00e1jd\u017e\u00e1n\u0161tina<\/li>\n\n\n\n<li>M\u011bna: \u00c1zerb\u00e1jd\u017e\u00e1nsk\u00fd man\u00e1t<\/li>\n\n\n\n<li>\u00c1zerb\u00e1jd\u017e\u00e1n je ohrani\u010den Kaspick\u00fdm mo\u0159em a poho\u0159\u00edm Kavkaz, kter\u00e9 se rozkl\u00e1d\u00e1 mezi Asi\u00ed a Evropou.<\/li>\n\n\n\n<li>N\u00e1zev \u00c1zerb\u00e1jd\u017e\u00e1n znamen\u00e1 \u201eochr\u00e1nce ohn\u011b\u201c.<\/li>\n\n\n\n<li>\u00c1zerb\u00e1jd\u017e\u00e1n je zem\u00ed s nejv\u011bt\u0161\u00edm v\u00fdskytem bahenn\u00edch sopek na sv\u011bt\u011b.<\/li>\n\n\n\n<li>Ve star\u00e9m m\u011bst\u011b Baku se nach\u00e1z\u00ed prvn\u00ed soukrom\u00e9 muzeum miniaturn\u00edch knih na sv\u011bt\u011b. Muzeum se py\u0161n\u00ed nejv\u011bt\u0161\u00ed sb\u00edrkou miniaturn\u00edch knih na sv\u011bt\u011b, v n\u00ed\u017e je vystaveno v\u00edce ne\u017e 5 500 mali\u010dk\u00fdch knih.<\/li>\n<\/ul>\n\n\n\n<p>V\u011bd\u011bli jste, \u017ee\u2026?<\/p>\n\n\n\n<ul class=\"wp-block-list\">\n<li>V Baku se nach\u00e1z\u00ed prvn\u00ed mo\u0159sk\u00e1 ropn\u00e1 plo\u0161ina na sv\u011bt\u011b<\/li>\n\n\n\n<li>Baku je nejv\u011bt\u0161\u00ed p\u0159\u00edstav u Kaspick\u00e9ho mo\u0159e.<\/li>\n<\/ul>\n","protected":false},"featured_media":15277,"template":"","region":[349],"class_list":["post-18470","roaming","type-roaming","status-publish","has-post-thumbnail","hentry","region-asie"],"_links":{"self":[{"href":"http:\/\/esim2.clientinternals.webcase.pl\/cs\/wp-json\/wp\/v2\/roaming\/18470","targetHints":{"allow":["GET"]}}],"collection":[{"href":"http:\/\/esim2.clientinternals.webcase.pl\/cs\/wp-json\/wp\/v2\/roaming"}],"about":[{"href":"http:\/\/esim2.clientinternals.webcase.pl\/cs\/wp-json\/wp\/v2\/types\/roaming"}],"wp:featuredmedia":[{"embeddable":true,"href":"http:\/\/esim2.clientinternals.webcase.pl\/cs\/wp-json\/wp\/v2\/media\/15277"}],"wp:attachment":[{"href":"http:\/\/esim2.clientinternals.webcase.pl\/cs\/wp-json\/wp\/v2\/media?parent=18470"}],"wp:term":[{"taxonomy":"region","embeddable":true,"href":"http:\/\/esim2.clientinternals.webcase.pl\/cs\/wp-json\/wp\/v2\/region?post=18470"}],"curies":[{"name":"wp","href":"https:\/\/api.w.org\/{rel}","templated":true}]}}

Ázerbájdžán

<p>Zde je několik zajímavých a zábavných faktů o Ázerbájdžánu</p>



<ul class="wp-block-list">
<li>Kód země: +994</li>



<li>Hlavní město: Baku</li>



<li>Další hlavní města: Ganja, Sheki, Lankaran</li>



<li>Obyvatelstvo: 10,14 milionu (odhad z roku 2021)</li>



<li>Jazyk: Ázerbájdžánština nebo ázerbájdžánština</li>



<li>Měna: Ázerbájdžánský manát</li>



<li>Ázerbájdžán je ohraničen Kaspickým mořem a pohořím Kavkaz, které se rozkládá mezi Asií a Evropou.</li>



<li>Název Ázerbájdžán znamená „ochránce ohně“.</li>



<li>Ázerbájdžán je zemí s největším výskytem bahenních sopek na světě.</li>



<li>Ve starém městě Baku se nachází první soukromé muzeum miniaturních knih na světě. Muzeum se pyšní největší sbírkou miniaturních knih na světě, v níž je vystaveno více než 5 500 maličkých knih.</li>
</ul>



<p>Věděli jste, že…?</p>



<ul class="wp-block-list">
<li>V Baku se nachází první mořská ropná plošina na světě</li>



<li>Baku je největší přístav u Kaspického moře.</li>
</ul>
