{"id":18485,"date":"2024-02-23T18:29:29","date_gmt":"2024-02-23T17:29:29","guid":{"rendered":"http:\/\/esim2.clientinternals.webcase.pl\/?post_type=roaming&#038;p=18485"},"modified":"2024-03-14T17:33:18","modified_gmt":"2024-03-14T16:33:18","slug":"esim-banglades","status":"publish","type":"roaming","link":"http:\/\/esim2.clientinternals.webcase.pl\/cs\/roaming\/esim-banglades\/","title":{"rendered":"Banglad\u00e9\u0161"},"content":{"rendered":"\n<p>Zde je n\u011bkolik zaj\u00edmavost\u00ed o Banglad\u00e9\u0161i:<\/p>\n\n\n\n<ul class=\"wp-block-list\">\n<li>K\u00f3d zem\u011b: +880<\/li>\n\n\n\n<li>Hlavn\u00ed m\u011bsto: Dh\u00e1ka<\/li>\n\n\n\n<li>Dal\u0161\u00ed hlavn\u00ed m\u011bsta: Bogura, Mymensingh, Narsingdi<\/li>\n\n\n\n<li>Obyvatelstvo: 169,4 milionu (odhad pro rok 2021)<\/li>\n\n\n\n<li>Jazyk: Beng\u00e1l\u0161tina<\/li>\n\n\n\n<li>M\u011bna: Banglad\u00e9\u0161sk\u00e1 taka<\/li>\n\n\n\n<li>Banglad\u00e9\u0161 je osmou nejlidnat\u011bj\u0161\u00ed zem\u00ed sv\u011bta.<\/li>\n\n\n\n<li>Sundarbansk\u00fd mangrovov\u00fd les chr\u00e1n\u011bn\u00fd organizac\u00ed UNESCO je nejv\u011bt\u0161\u00ed na sv\u011bt\u011b a \u017eije v n\u011bm v\u00edce ne\u017e 360 druh\u016f pt\u00e1k\u016f, tygr beng\u00e1lsk\u00fd, krokod\u00fdl \u00fastn\u00ed, krajta indick\u00e1 a delf\u00edni Irawadi.<\/li>\n\n\n\n<li>Pl\u00e1\u017e Cox\u2019s Bazar nab\u00edz\u00ed 120 km nep\u0159eru\u0161ovan\u00e9 p\u00edse\u010dn\u00e9 pl\u00e1\u017ee, co\u017e z n\u00ed \u010din\u00ed t\u0159et\u00ed nejv\u011bt\u0161\u00ed pl\u00e1\u017e na sv\u011bt\u011b.<\/li>\n\n\n\n<li>Tygr kr\u00e1lovsk\u00fd beng\u00e1lsk\u00fd je banglad\u00e9\u0161sk\u00fdm n\u00e1rodn\u00edm zv\u00ed\u0159etem; v Banglad\u00e9\u0161i dnes \u017eije asi 300-500 tygr\u016f.<\/li>\n<\/ul>\n\n\n\n<p>V\u011bd\u011bli jste, \u017ee\u2026?<\/p>\n\n\n\n<ul class=\"wp-block-list\">\n<li>Banglad\u00e9\u0161 m\u00e1 \u0161est ro\u010dn\u00edch obdob\u00ed: V Banglad\u00e9\u0161i je \u0161est cykl\u016f: l\u00e9to, monzun, podzim, pozdn\u00ed podzim, zima a jaro.<\/li>\n\n\n\n<li>Vodn\u00ed lilie, v beng\u00e1l\u0161tin\u011b zn\u00e1m\u00e1 jako \u201e\u0161apla\u201c, je banglad\u00e9\u0161skou n\u00e1rodn\u00ed kv\u011btinou.<\/li>\n<\/ul>\n","protected":false},"featured_media":15277,"template":"","region":[349],"class_list":["post-18485","roaming","type-roaming","status-publish","has-post-thumbnail","hentry","region-asie"],"_links":{"self":[{"href":"http:\/\/esim2.clientinternals.webcase.pl\/cs\/wp-json\/wp\/v2\/roaming\/18485","targetHints":{"allow":["GET"]}}],"collection":[{"href":"http:\/\/esim2.clientinternals.webcase.pl\/cs\/wp-json\/wp\/v2\/roaming"}],"about":[{"href":"http:\/\/esim2.clientinternals.webcase.pl\/cs\/wp-json\/wp\/v2\/types\/roaming"}],"wp:featuredmedia":[{"embeddable":true,"href":"http:\/\/esim2.clientinternals.webcase.pl\/cs\/wp-json\/wp\/v2\/media\/15277"}],"wp:attachment":[{"href":"http:\/\/esim2.clientinternals.webcase.pl\/cs\/wp-json\/wp\/v2\/media?parent=18485"}],"wp:term":[{"taxonomy":"region","embeddable":true,"href":"http:\/\/esim2.clientinternals.webcase.pl\/cs\/wp-json\/wp\/v2\/region?post=18485"}],"curies":[{"name":"wp","href":"https:\/\/api.w.org\/{rel}","templated":true}]}}

Bangladéš

<p>Zde je několik zajímavostí o Bangladéši:</p>



<ul class="wp-block-list">
<li>Kód země: +880</li>



<li>Hlavní město: Dháka</li>



<li>Další hlavní města: Bogura, Mymensingh, Narsingdi</li>



<li>Obyvatelstvo: 169,4 milionu (odhad pro rok 2021)</li>



<li>Jazyk: Bengálština</li>



<li>Měna: Bangladéšská taka</li>



<li>Bangladéš je osmou nejlidnatější zemí světa.</li>



<li>Sundarbanský mangrovový les chráněný organizací UNESCO je největší na světě a žije v něm více než 360 druhů ptáků, tygr bengálský, krokodýl ústní, krajta indická a delfíni Irawadi.</li>



<li>Pláž Cox’s Bazar nabízí 120 km nepřerušované písečné pláže, což z ní činí třetí největší pláž na světě.</li>



<li>Tygr královský bengálský je bangladéšským národním zvířetem; v Bangladéši dnes žije asi 300-500 tygrů.</li>
</ul>



<p>Věděli jste, že…?</p>



<ul class="wp-block-list">
<li>Bangladéš má šest ročních období: V Bangladéši je šest cyklů: léto, monzun, podzim, pozdní podzim, zima a jaro.</li>



<li>Vodní lilie, v bengálštině známá jako „šapla“, je bangladéšskou národní květinou.</li>
</ul>
