{"id":18523,"date":"2024-02-23T18:59:51","date_gmt":"2024-02-23T17:59:51","guid":{"rendered":"http:\/\/esim2.clientinternals.webcase.pl\/?post_type=roaming&#038;p=18523"},"modified":"2024-03-14T18:28:21","modified_gmt":"2024-03-14T17:28:21","slug":"esim-indonesie","status":"publish","type":"roaming","link":"http:\/\/esim2.clientinternals.webcase.pl\/cs\/roaming\/esim-indonesie\/","title":{"rendered":"Indon\u00e9sie"},"content":{"rendered":"\n<p>Zde je n\u011bkolik zaj\u00edmavost\u00ed o Indon\u00e9sii:<\/p>\n\n\n\n<ul class=\"wp-block-list\">\n<li>K\u00f3d zem\u011b: +62<\/li>\n\n\n\n<li>Hlavn\u00ed m\u011bsto: Jakarta<\/li>\n\n\n\n<li>Dal\u0161\u00ed hlavn\u00ed m\u011bsta: Surabaya, Medan, Bukittinggi<\/li>\n\n\n\n<li>Po\u010det obyvatel: 273,8 milionu (odhad na rok 2021)<\/li>\n\n\n\n<li>Jazyk: Indon\u00e9\u0161tina<\/li>\n\n\n\n<li>M\u011bna: Indon\u00e9sk\u00e9 rupie<\/li>\n\n\n\n<li>Indon\u00e9sie je st\u00e1t v jihov\u00fdchodn\u00ed Asii a Oce\u00e1nii mezi Indick\u00fdm a Tich\u00fdm oce\u00e1nem.<\/li>\n\n\n\n<li>Indon\u00e9sk\u00e1 republika se ofici\u00e1ln\u011b skl\u00e1d\u00e1 z v\u00edce ne\u017e 17 000 ostrov\u016f, v\u010detn\u011b Sumatry, J\u00e1vy, Sulawesi a \u010d\u00e1st\u00ed Bornea a Nov\u00e9 Guineje.<\/li>\n\n\n\n<li>P\u0159esto\u017ee Indon\u00e9sie tvo\u0159\u00ed pouze 1 % rozlohy Zem\u011b, jsou jej\u00ed de\u0161tn\u00e9 pralesy domovem 10 % v\u0161ech zn\u00e1m\u00fdch druh\u016f rostlin, 12 % v\u0161ech druh\u016f savc\u016f a 17 % v\u0161ech zn\u00e1m\u00fdch druh\u016f pt\u00e1k\u016f.<\/li>\n\n\n\n<li>Indon\u00e9sie je domovem v\u00edce ne\u017e 700 r\u016fzn\u00fdch jazyk\u016f a dialekt\u016f.<\/li>\n<\/ul>\n\n\n\n<p>V\u011bd\u011bli jste, \u017ee\u2026?<\/p>\n\n\n\n<ul class=\"wp-block-list\">\n<li>V Indon\u00e9sii je asi 130 aktivn\u00edch sopek, denn\u011b zde doch\u00e1z\u00ed ke \u010dty\u0159em mal\u00fdm zem\u011bt\u0159esen\u00edm a Indon\u00e9sie se nach\u00e1z\u00ed mezi nejaktivn\u011bj\u0161\u00edmi seizmick\u00fdmi oblastmi na Zemi.<\/li>\n\n\n\n<li>Indon\u00e9sie a Monako maj\u00ed zcela toto\u017en\u00e9 vlajky, jedin\u00fd rozd\u00edl je v tom, \u017ee indon\u00e9sk\u00e1 vlajka je o n\u011bco \u0161ir\u0161\u00ed.<\/li>\n<\/ul>\n","protected":false},"featured_media":15751,"template":"","region":[349],"class_list":["post-18523","roaming","type-roaming","status-publish","has-post-thumbnail","hentry","region-asie"],"_links":{"self":[{"href":"http:\/\/esim2.clientinternals.webcase.pl\/cs\/wp-json\/wp\/v2\/roaming\/18523","targetHints":{"allow":["GET"]}}],"collection":[{"href":"http:\/\/esim2.clientinternals.webcase.pl\/cs\/wp-json\/wp\/v2\/roaming"}],"about":[{"href":"http:\/\/esim2.clientinternals.webcase.pl\/cs\/wp-json\/wp\/v2\/types\/roaming"}],"wp:featuredmedia":[{"embeddable":true,"href":"http:\/\/esim2.clientinternals.webcase.pl\/cs\/wp-json\/wp\/v2\/media\/15751"}],"wp:attachment":[{"href":"http:\/\/esim2.clientinternals.webcase.pl\/cs\/wp-json\/wp\/v2\/media?parent=18523"}],"wp:term":[{"taxonomy":"region","embeddable":true,"href":"http:\/\/esim2.clientinternals.webcase.pl\/cs\/wp-json\/wp\/v2\/region?post=18523"}],"curies":[{"name":"wp","href":"https:\/\/api.w.org\/{rel}","templated":true}]}}

Indonésie

<p>Zde je několik zajímavostí o Indonésii:</p>



<ul class="wp-block-list">
<li>Kód země: +62</li>



<li>Hlavní město: Jakarta</li>



<li>Další hlavní města: Surabaya, Medan, Bukittinggi</li>



<li>Počet obyvatel: 273,8 milionu (odhad na rok 2021)</li>



<li>Jazyk: Indonéština</li>



<li>Měna: Indonéské rupie</li>



<li>Indonésie je stát v jihovýchodní Asii a Oceánii mezi Indickým a Tichým oceánem.</li>



<li>Indonéská republika se oficiálně skládá z více než 17 000 ostrovů, včetně Sumatry, Jávy, Sulawesi a částí Bornea a Nové Guineje.</li>



<li>Přestože Indonésie tvoří pouze 1 % rozlohy Země, jsou její deštné pralesy domovem 10 % všech známých druhů rostlin, 12 % všech druhů savců a 17 % všech známých druhů ptáků.</li>



<li>Indonésie je domovem více než 700 různých jazyků a dialektů.</li>
</ul>



<p>Věděli jste, že…?</p>



<ul class="wp-block-list">
<li>V Indonésii je asi 130 aktivních sopek, denně zde dochází ke čtyřem malým zemětřesením a Indonésie se nachází mezi nejaktivnějšími seizmickými oblastmi na Zemi.</li>



<li>Indonésie a Monako mají zcela totožné vlajky, jediný rozdíl je v tom, že indonéská vlajka je o něco širší.</li>
</ul>
