{"id":19039,"date":"2024-02-23T18:36:25","date_gmt":"2024-02-23T17:36:25","guid":{"rendered":"https:\/\/esim2.clientinternals.webcase.pl\/?post_type=roaming&#038;p=19039"},"modified":"2024-03-15T08:57:58","modified_gmt":"2024-03-15T07:57:58","slug":"esim-brazilie","status":"publish","type":"roaming","link":"http:\/\/esim2.clientinternals.webcase.pl\/cs\/roaming\/esim-brazilie\/","title":{"rendered":"Braz\u00edlie"},"content":{"rendered":"\n<p>Zde je n\u011bkolik zaj\u00edmav\u00fdch a z\u00e1bavn\u00fdch fakt\u016f o Braz\u00edlii<\/p>\n\n\n\n<ul class=\"wp-block-list\">\n<li>K\u00f3d zem\u011b: +55<\/li>\n\n\n\n<li>Hlavn\u00ed m\u011bsto: Brasilia<\/li>\n\n\n\n<li>Dal\u0161\u00ed hlavn\u00ed m\u011bsta: S\u00e3o Paulo, Manaus, Rio de Janeiro<\/li>\n\n\n\n<li>Po\u010det obyvatel: 214,3 milion\u016f (odhad na rok 2021)<\/li>\n\n\n\n<li>Jazyk: portugal\u0161tina<\/li>\n\n\n\n<li>M\u011bna: Euro<\/li>\n\n\n\n<li>Braz\u00edlie, ofici\u00e1ln\u011b Brazilsk\u00e1 federativn\u00ed republika, je nejv\u011bt\u0161\u00ed zem\u00ed Ji\u017en\u00ed Ameriky a Latinsk\u00e9 Ameriky.<\/li>\n\n\n\n<li>Braz\u00edlie je eklektickou sm\u011bsic\u00ed lid\u00ed, geografie, kultury a krajiny, kter\u00e1 se rozprost\u00edr\u00e1 v p\u011bti r\u016fzn\u00fdch \u010dasov\u00fdch p\u00e1smech.<\/li>\n\n\n\n<li>V Riu de Janeiru se v prvn\u00edm b\u0159eznov\u00e9m t\u00fddnu kon\u00e1 nejv\u011bt\u0161\u00ed karneval na sv\u011bt\u011b.<\/li>\n\n\n\n<li>Braz\u00edlie soused\u00ed se v\u0161emi zem\u011bmi Ji\u017en\u00ed Ameriky krom\u011b Ekv\u00e1doru a Chile.<\/li>\n<\/ul>\n\n\n\n<p>V\u011bd\u011bli jste, \u017ee\u2026?<\/p>\n\n\n\n<ul class=\"wp-block-list\">\n<li>P\u0159ibli\u017en\u011b 60 % amazonsk\u00e9ho de\u0161tn\u00e9ho pralesa se nach\u00e1z\u00ed v Braz\u00edlii.<\/li>\n\n\n\n<li>Braz\u00edlie je zdaleka nejv\u011bt\u0161\u00edm sv\u011btov\u00fdm producentem a v\u00fdvozcem k\u00e1vy, na kterou p\u0159ipad\u00e1 30 % sv\u011btov\u00e9 produkce.<\/li>\n<\/ul>\n","protected":false},"featured_media":17796,"template":"","region":[357],"class_list":["post-19039","roaming","type-roaming","status-publish","has-post-thumbnail","hentry","region-jizni-amerika"],"_links":{"self":[{"href":"http:\/\/esim2.clientinternals.webcase.pl\/cs\/wp-json\/wp\/v2\/roaming\/19039","targetHints":{"allow":["GET"]}}],"collection":[{"href":"http:\/\/esim2.clientinternals.webcase.pl\/cs\/wp-json\/wp\/v2\/roaming"}],"about":[{"href":"http:\/\/esim2.clientinternals.webcase.pl\/cs\/wp-json\/wp\/v2\/types\/roaming"}],"wp:featuredmedia":[{"embeddable":true,"href":"http:\/\/esim2.clientinternals.webcase.pl\/cs\/wp-json\/wp\/v2\/media\/17796"}],"wp:attachment":[{"href":"http:\/\/esim2.clientinternals.webcase.pl\/cs\/wp-json\/wp\/v2\/media?parent=19039"}],"wp:term":[{"taxonomy":"region","embeddable":true,"href":"http:\/\/esim2.clientinternals.webcase.pl\/cs\/wp-json\/wp\/v2\/region?post=19039"}],"curies":[{"name":"wp","href":"https:\/\/api.w.org\/{rel}","templated":true}]}}

Brazílie

<p>Zde je několik zajímavých a zábavných faktů o Brazílii</p>



<ul class="wp-block-list">
<li>Kód země: +55</li>



<li>Hlavní město: Brasilia</li>



<li>Další hlavní města: São Paulo, Manaus, Rio de Janeiro</li>



<li>Počet obyvatel: 214,3 milionů (odhad na rok 2021)</li>



<li>Jazyk: portugalština</li>



<li>Měna: Euro</li>



<li>Brazílie, oficiálně Brazilská federativní republika, je největší zemí Jižní Ameriky a Latinské Ameriky.</li>



<li>Brazílie je eklektickou směsicí lidí, geografie, kultury a krajiny, která se rozprostírá v pěti různých časových pásmech.</li>



<li>V Riu de Janeiru se v prvním březnovém týdnu koná největší karneval na světě.</li>



<li>Brazílie sousedí se všemi zeměmi Jižní Ameriky kromě Ekvádoru a Chile.</li>
</ul>



<p>Věděli jste, že…?</p>



<ul class="wp-block-list">
<li>Přibližně 60 % amazonského deštného pralesa se nachází v Brazílii.</li>



<li>Brazílie je zdaleka největším světovým producentem a vývozcem kávy, na kterou připadá 30 % světové produkce.</li>
</ul>
