{"id":19086,"date":"2024-02-24T09:27:04","date_gmt":"2024-02-24T08:27:04","guid":{"rendered":"https:\/\/esim2.clientinternals.webcase.pl\/?post_type=roaming&#038;p=19086"},"modified":"2024-03-15T10:00:09","modified_gmt":"2024-03-15T09:00:09","slug":"esim-kolumbie","status":"publish","type":"roaming","link":"http:\/\/esim2.clientinternals.webcase.pl\/cs\/roaming\/esim-kolumbie\/","title":{"rendered":"Kolumbie"},"content":{"rendered":"\n<p>Zde je n\u011bkolik zaj\u00edmavost\u00ed o Kolumbii:<\/p>\n\n\n\n<ul class=\"wp-block-list\">\n<li>K\u00f3d zem\u011b: +57<\/li>\n\n\n\n<li>Hlavn\u00ed m\u011bsto: Bogota<\/li>\n\n\n\n<li>Dal\u0161\u00ed hlavn\u00ed m\u011bsta: Hlavn\u00ed m\u011bsta: Villavicencio, Cartagena, Medell\u00edn<\/li>\n\n\n\n<li>Obyvatelstvo: 51,52 milionu (odhad pro rok 2021)<\/li>\n\n\n\n<li>Jazyk: \u0161pan\u011bl\u0161tina<\/li>\n\n\n\n<li>M\u011bna: Kolumbijsk\u00e9 peso<\/li>\n\n\n\n<li>Amazonie je nejv\u011bt\u0161\u00ed de\u0161tn\u00fd prales na sv\u011bt\u011b a t\u0159etinu \u00fazem\u00ed Kolumbie pokr\u00fdv\u00e1 amazonsk\u00fd de\u0161tn\u00fd prales.<\/li>\n\n\n\n<li>Kolumbie je jedn\u00edm z nejv\u011bt\u0161\u00edch producent\u016f kv\u011btin na sv\u011bt\u011b. Ze 4 000 druh\u016f orchidej\u00ed se jich 1 500 vyskytuje pouze v Kolumbii.<\/li>\n\n\n\n<li>D\u00edky sv\u00e9 poloze je Kolumbie zn\u00e1m\u00e1 jako jedna z biologicky nejrozmanit\u011bj\u0161\u00edch zem\u00ed a je dokonalou \u017eivnou p\u016fdou pro v\u0161echny rostliny a \u017eivo\u010dichy s obrovsk\u00fdm mno\u017estv\u00edm rostlin a \u017eivo\u010dich\u016f.<\/li>\n\n\n\n<li>V Kolumbii se kon\u00e1 nejv\u011bt\u0161\u00ed festival salsy na sv\u011bt\u011b, zn\u00e1m\u00fd jako Feria de Cali. Kon\u00e1 se od 25. do 30. prosince.<\/li>\n<\/ul>\n\n\n\n<p>V\u011bd\u011bli jste, \u017ee\u2026?<\/p>\n\n\n\n<ul class=\"wp-block-list\">\n<li>V Kolumbii se tak\u00e9 kon\u00e1 nejv\u011bt\u0161\u00ed kv\u011btinov\u00fd festival na sv\u011bt\u011b. Kon\u00e1 se v Medell\u00ednu.<\/li>\n\n\n\n<li>Zem\u011b m\u00e1 pob\u0159e\u017e\u00ed Tich\u00e9ho oce\u00e1nu i Karibsk\u00e9ho mo\u0159e.<\/li>\n<\/ul>\n","protected":false},"featured_media":17796,"template":"","region":[357],"class_list":["post-19086","roaming","type-roaming","status-publish","has-post-thumbnail","hentry","region-jizni-amerika"],"_links":{"self":[{"href":"http:\/\/esim2.clientinternals.webcase.pl\/cs\/wp-json\/wp\/v2\/roaming\/19086","targetHints":{"allow":["GET"]}}],"collection":[{"href":"http:\/\/esim2.clientinternals.webcase.pl\/cs\/wp-json\/wp\/v2\/roaming"}],"about":[{"href":"http:\/\/esim2.clientinternals.webcase.pl\/cs\/wp-json\/wp\/v2\/types\/roaming"}],"wp:featuredmedia":[{"embeddable":true,"href":"http:\/\/esim2.clientinternals.webcase.pl\/cs\/wp-json\/wp\/v2\/media\/17796"}],"wp:attachment":[{"href":"http:\/\/esim2.clientinternals.webcase.pl\/cs\/wp-json\/wp\/v2\/media?parent=19086"}],"wp:term":[{"taxonomy":"region","embeddable":true,"href":"http:\/\/esim2.clientinternals.webcase.pl\/cs\/wp-json\/wp\/v2\/region?post=19086"}],"curies":[{"name":"wp","href":"https:\/\/api.w.org\/{rel}","templated":true}]}}

<p>Zde je několik zajímavostí o Kolumbii:</p>



<ul class="wp-block-list">
<li>Kód země: +57</li>



<li>Hlavní město: Bogota</li>



<li>Další hlavní města: Hlavní města: Villavicencio, Cartagena, Medellín</li>



<li>Obyvatelstvo: 51,52 milionu (odhad pro rok 2021)</li>



<li>Jazyk: španělština</li>



<li>Měna: Kolumbijské peso</li>



<li>Amazonie je největší deštný prales na světě a třetinu území Kolumbie pokrývá amazonský deštný prales.</li>



<li>Kolumbie je jedním z největších producentů květin na světě. Ze 4 000 druhů orchidejí se jich 1 500 vyskytuje pouze v Kolumbii.</li>



<li>Díky své poloze je Kolumbie známá jako jedna z biologicky nejrozmanitějších zemí a je dokonalou živnou půdou pro všechny rostliny a živočichy s obrovským množstvím rostlin a živočichů.</li>



<li>V Kolumbii se koná největší festival salsy na světě, známý jako Feria de Cali. Koná se od 25. do 30. prosince.</li>
</ul>



<p>Věděli jste, že…?</p>



<ul class="wp-block-list">
<li>V Kolumbii se také koná největší květinový festival na světě. Koná se v Medellínu.</li>



<li>Země má pobřeží Tichého oceánu i Karibského moře.</li>
</ul>
