{"id":19109,"date":"2024-02-24T09:25:24","date_gmt":"2024-02-24T08:25:24","guid":{"rendered":"https:\/\/esim2.clientinternals.webcase.pl\/?post_type=roaming&#038;p=19109"},"modified":"2024-03-15T10:14:30","modified_gmt":"2024-03-15T09:14:30","slug":"esim-ekvador","status":"publish","type":"roaming","link":"http:\/\/esim2.clientinternals.webcase.pl\/cs\/roaming\/esim-ekvador\/","title":{"rendered":"Ekv\u00e1dor"},"content":{"rendered":"\n<p>Zde je n\u011bkolik zaj\u00edmavost\u00ed o Ekv\u00e1doru:<\/p>\n\n\n\n<ul class=\"wp-block-list\">\n<li>K\u00f3d zem\u011b: +593<\/li>\n\n\n\n<li>Hlavn\u00ed m\u011bsto: Quito<\/li>\n\n\n\n<li>Dal\u0161\u00ed hlavn\u00ed m\u011bsta: Guayaquil, Cuenca, Santo Domingo<\/li>\n\n\n\n<li>Obyvatelstvo: 17,8 milionu (odhad pro rok 2021)<\/li>\n\n\n\n<li>Jazyk: \u0161pan\u011bl\u0161tina<\/li>\n\n\n\n<li>M\u011bna: Americk\u00fd dolar<\/li>\n\n\n\n<li>\u00da\u0159edn\u00edm jazykem v Ekv\u00e1doru je \u0161pan\u011bl\u0161tina, ale mnoho domorod\u00fdch obyvatel hovo\u0159\u00ed jazykem quichua, kter\u00fd byl jazykem inck\u00e9 \u0159\u00ed\u0161e.<\/li>\n\n\n\n<li>V Ekv\u00e1doru se mluv\u00ed tak\u00e9 dev\u00edti dal\u0161\u00edmi domorod\u00fdmi jazyky. V hlavn\u00edch n\u00e1v\u0161t\u011bvnick\u00fdch centrech se mluv\u00ed anglicky.<\/li>\n\n\n\n<li>Ekv\u00e1dorem proch\u00e1z\u00ed rovn\u00edk, kter\u00fd zemi prakticky rozd\u011bluje na dv\u011b \u010d\u00e1sti.<\/li>\n\n\n\n<li>Z tohoto d\u016fvodu z\u016fst\u00e1v\u00e1 v\u00fdchod a z\u00e1pad slunce v Ekv\u00e1doru prakticky stejn\u00fd po cel\u00fd rok. Slunce vych\u00e1z\u00ed v \u0161est hodin r\u00e1no a zapad\u00e1 v \u0161est hodin ve\u010der.<\/li>\n<\/ul>\n\n\n\n<p>V\u011bd\u011bli jste, \u017ee\u2026?<\/p>\n\n\n\n<ul class=\"wp-block-list\">\n<li>Quito je druh\u00fdm nejv\u00fd\u0161e polo\u017een\u00fdm hlavn\u00edm m\u011bstem na sv\u011bt\u011b. Nejvy\u0161\u0161\u00ed je La Paz.<\/li>\n\n\n\n<li>Ekv\u00e1dor je nejv\u011bt\u0161\u00edm v\u00fdvozcem ban\u00e1n\u016f na sv\u011bt\u011b.<\/li>\n<\/ul>\n","protected":false},"featured_media":17796,"template":"","region":[357],"class_list":["post-19109","roaming","type-roaming","status-publish","has-post-thumbnail","hentry","region-jizni-amerika"],"_links":{"self":[{"href":"http:\/\/esim2.clientinternals.webcase.pl\/cs\/wp-json\/wp\/v2\/roaming\/19109","targetHints":{"allow":["GET"]}}],"collection":[{"href":"http:\/\/esim2.clientinternals.webcase.pl\/cs\/wp-json\/wp\/v2\/roaming"}],"about":[{"href":"http:\/\/esim2.clientinternals.webcase.pl\/cs\/wp-json\/wp\/v2\/types\/roaming"}],"wp:featuredmedia":[{"embeddable":true,"href":"http:\/\/esim2.clientinternals.webcase.pl\/cs\/wp-json\/wp\/v2\/media\/17796"}],"wp:attachment":[{"href":"http:\/\/esim2.clientinternals.webcase.pl\/cs\/wp-json\/wp\/v2\/media?parent=19109"}],"wp:term":[{"taxonomy":"region","embeddable":true,"href":"http:\/\/esim2.clientinternals.webcase.pl\/cs\/wp-json\/wp\/v2\/region?post=19109"}],"curies":[{"name":"wp","href":"https:\/\/api.w.org\/{rel}","templated":true}]}}

Ekvádor

<p>Zde je několik zajímavostí o Ekvádoru:</p>



<ul class="wp-block-list">
<li>Kód země: +593</li>



<li>Hlavní město: Quito</li>



<li>Další hlavní města: Guayaquil, Cuenca, Santo Domingo</li>



<li>Obyvatelstvo: 17,8 milionu (odhad pro rok 2021)</li>



<li>Jazyk: španělština</li>



<li>Měna: Americký dolar</li>



<li>Úředním jazykem v Ekvádoru je španělština, ale mnoho domorodých obyvatel hovoří jazykem quichua, který byl jazykem incké říše.</li>



<li>V Ekvádoru se mluví také devíti dalšími domorodými jazyky. V hlavních návštěvnických centrech se mluví anglicky.</li>



<li>Ekvádorem prochází rovník, který zemi prakticky rozděluje na dvě části.</li>



<li>Z tohoto důvodu zůstává východ a západ slunce v Ekvádoru prakticky stejný po celý rok. Slunce vychází v šest hodin ráno a zapadá v šest hodin večer.</li>
</ul>



<p>Věděli jste, že…?</p>



<ul class="wp-block-list">
<li>Quito je druhým nejvýše položeným hlavním městem na světě. Nejvyšší je La Paz.</li>



<li>Ekvádor je největším vývozcem banánů na světě.</li>
</ul>
