{"id":19151,"date":"2024-02-24T09:26:08","date_gmt":"2024-02-24T08:26:08","guid":{"rendered":"https:\/\/esim2.clientinternals.webcase.pl\/?post_type=roaming&#038;p=19151"},"modified":"2024-03-15T10:52:32","modified_gmt":"2024-03-15T09:52:32","slug":"esim-peru","status":"publish","type":"roaming","link":"http:\/\/esim2.clientinternals.webcase.pl\/cs\/roaming\/esim-peru\/","title":{"rendered":"Peru"},"content":{"rendered":"\n<p>Zde je n\u011bkolik zaj\u00edmavost\u00ed o Peru:<\/p>\n\n\n\n<ul class=\"wp-block-list\">\n<li>K\u00f3d zem\u011b: +51<\/li>\n\n\n\n<li>Hlavn\u00ed m\u011bsto: Lima<\/li>\n\n\n\n<li>Dal\u0161\u00ed hlavn\u00ed m\u011bsta: Cajamarca, Huancayo, Ayacucho<\/li>\n\n\n\n<li>Obyvatelstvo: (odhad na rok 2021).<\/li>\n\n\n\n<li>Jazyk: \u0161pan\u011bl\u0161tina<\/li>\n\n\n\n<li>M\u011bna: Sol<\/li>\n\n\n\n<li>Peru se nach\u00e1z\u00ed v Ji\u017en\u00ed Americe, kde se nach\u00e1z\u00ed \u010d\u00e1st amazonsk\u00e9ho de\u0161tn\u00e9ho pralesa a Machu Picchu, starobyl\u00e9 inck\u00e9 m\u011bsto vysoko v And\u00e1ch.<\/li>\n\n\n\n<li>Oblast kolem Machu Picchu, v\u010detn\u011b Posv\u00e1tn\u00e9ho \u00fadol\u00ed, Inck\u00e9 stezky a koloni\u00e1ln\u00edho m\u011bsta Cusco, je bohat\u00e1 na archeologick\u00e9 pam\u00e1tky.<\/li>\n\n\n\n<li>P\u0159ibli\u017en\u011b 84 % Peru\u00e1nc\u016f mluv\u00ed \u0161pan\u011blsky a v\u00edce ne\u017e 26 % obyvatel hovo\u0159\u00ed jin\u00fdm mate\u0159sk\u00fdm jazykem ne\u017e \u0161pan\u011bl\u0161tinou. Druh\u00fdm nejroz\u0161\u00ed\u0159en\u011bj\u0161\u00edm jazykem je ke\u010du\u00e1n\u0161tina, n\u00e1sledovan\u00e1 aymar\u0161tinou.<\/li>\n\n\n\n<li>V\u00edce ne\u017e 70 % sv\u011btov\u00e9 populace alpak \u017eije v Peru, v peru\u00e1nsk\u00fdch And\u00e1ch,<\/li>\n<\/ul>\n\n\n\n<p>V\u011bd\u011bli jste, \u017ee\u2026?<\/p>\n\n\n\n<ul class=\"wp-block-list\">\n<li>Peru\u00e1nsk\u00fdm n\u00e1rodn\u00edm j\u00eddlem je ceviche.<\/li>\n\n\n\n<li>Peru\u00e1nsk\u00e9 pon\u010do je sou\u010d\u00e1st\u00ed jejich kultury ji\u017e od roku 2000 p\u0159. n. l. a jeho v\u00fdroba m\u016f\u017ee trvat a\u017e \u0161est m\u011bs\u00edc\u016f.<\/li>\n<\/ul>\n","protected":false},"featured_media":17796,"template":"","region":[357],"class_list":["post-19151","roaming","type-roaming","status-publish","has-post-thumbnail","hentry","region-jizni-amerika"],"_links":{"self":[{"href":"http:\/\/esim2.clientinternals.webcase.pl\/cs\/wp-json\/wp\/v2\/roaming\/19151","targetHints":{"allow":["GET"]}}],"collection":[{"href":"http:\/\/esim2.clientinternals.webcase.pl\/cs\/wp-json\/wp\/v2\/roaming"}],"about":[{"href":"http:\/\/esim2.clientinternals.webcase.pl\/cs\/wp-json\/wp\/v2\/types\/roaming"}],"wp:featuredmedia":[{"embeddable":true,"href":"http:\/\/esim2.clientinternals.webcase.pl\/cs\/wp-json\/wp\/v2\/media\/17796"}],"wp:attachment":[{"href":"http:\/\/esim2.clientinternals.webcase.pl\/cs\/wp-json\/wp\/v2\/media?parent=19151"}],"wp:term":[{"taxonomy":"region","embeddable":true,"href":"http:\/\/esim2.clientinternals.webcase.pl\/cs\/wp-json\/wp\/v2\/region?post=19151"}],"curies":[{"name":"wp","href":"https:\/\/api.w.org\/{rel}","templated":true}]}}

<p>Zde je několik zajímavostí o Peru:</p>



<ul class="wp-block-list">
<li>Kód země: +51</li>



<li>Hlavní město: Lima</li>



<li>Další hlavní města: Cajamarca, Huancayo, Ayacucho</li>



<li>Obyvatelstvo: (odhad na rok 2021).</li>



<li>Jazyk: španělština</li>



<li>Měna: Sol</li>



<li>Peru se nachází v Jižní Americe, kde se nachází část amazonského deštného pralesa a Machu Picchu, starobylé incké město vysoko v Andách.</li>



<li>Oblast kolem Machu Picchu, včetně Posvátného údolí, Incké stezky a koloniálního města Cusco, je bohatá na archeologické památky.</li>



<li>Přibližně 84 % Peruánců mluví španělsky a více než 26 % obyvatel hovoří jiným mateřským jazykem než španělštinou. Druhým nejrozšířenějším jazykem je kečuánština, následovaná aymarštinou.</li>



<li>Více než 70 % světové populace alpak žije v Peru, v peruánských Andách,</li>
</ul>



<p>Věděli jste, že…?</p>



<ul class="wp-block-list">
<li>Peruánským národním jídlem je ceviche.</li>



<li>Peruánské pončo je součástí jejich kultury již od roku 2000 př. n. l. a jeho výroba může trvat až šest měsíců.</li>
</ul>
