{"id":16971,"date":"2024-02-23T19:39:19","date_gmt":"2024-02-23T18:39:19","guid":{"rendered":"http:\/\/esim2.clientinternals.webcase.pl\/?post_type=roaming&#038;p=16971"},"modified":"2024-03-13T10:05:44","modified_gmt":"2024-03-13T09:05:44","slug":"esim-frankreich","status":"publish","type":"roaming","link":"http:\/\/esim2.clientinternals.webcase.pl\/de\/roaming\/esim-frankreich\/","title":{"rendered":"Frankreich"},"content":{"rendered":"\n<p>Hier sind einige interessante Fakten \u00fcber Frankreich:<\/p>\n\n\n\n<ul class=\"wp-block-list\">\n<li>Landesvorwahl: +33<\/li>\n\n\n\n<li>Hauptstadt: Paris<\/li>\n\n\n\n<li>Andere wichtige St\u00e4dte: Marseille, Lyon, Toulouse<\/li>\n\n\n\n<li>Einwohnerzahl: 67.9 millions (2022 est.)<\/li>\n\n\n\n<li>Offizielle Sprache: Franz\u00f6sich<\/li>\n\n\n\n<li>W\u00e4hrung: Euro<\/li>\n\n\n\n<li>Frankreich ist das gr\u00f6\u00dfte Land in Westeuropa und eines der meistbesuchten L\u00e4nder der Welt.<\/li>\n\n\n\n<li>Im Jahr 2016 verabschiedete Frankreich ein Gesetz zur Bek\u00e4mpfung der Lebensmittelverschwendung, das den Superm\u00e4rkten die Vernichtung unverkaufter Lebensmittel untersagt und sie stattdessen verpflichtet, diese zu spenden.<\/li>\n\n\n\n<li>Franz\u00f6sisch ist die offizielle Sprache, aber Sprachwissenschaftler sch\u00e4tzen, dass es in Frankreich etwa 75 Regionalsprachen gibt!<\/li>\n\n\n\n<li>Die erste Gesichts- und Herztransplantation der Welt fand in Frankreich statt. Franz\u00f6sische Chirurgen f\u00fchrten 2005 die erste Gesichtstransplantation durch, w\u00e4hrend die erste Herztransplantation 2013 im Pariser Krankenhaus Georges Pompidou stattfand.<\/li>\n<\/ul>\n\n\n\n<p>Wusstest du schon\u2026?<\/p>\n\n\n\n<ul class=\"wp-block-list\">\n<li>Red Bull wurde 2008 in Frankreich eingef\u00fchrt, mehr als 20 Jahre nachdem die erste Dose Red Bull 1987 in \u00d6sterreich verkauft wurde; Heute ist Red Bull in \u00fcber 172 L\u00e4ndern vertreten und verkauft j\u00e4hrlich \u00fcber 9,8 Milliarden Dosen \u2013 Tendenz steigend!<\/li>\n\n\n\n<li>Der Gro\u00dfe Preis von Frankreich ist ein Autorennen, das im Rahmen der j\u00e4hrlichen Formel-1-Weltmeisterschaft der F\u00e9d\u00e9ration Internationale de l\u2019Automobile stattfindet. Es ist eines der \u00e4ltesten Autorennen der Welt und gleichzeitig der erste \u201eGrand Prix\u201c.<\/li>\n\n\n\n<li>Das letzte Rennen, das dort stattfand, war 2022.<\/li>\n<\/ul>\n","protected":false},"featured_media":16263,"template":"","region":[229],"class_list":["post-16971","roaming","type-roaming","status-publish","has-post-thumbnail","hentry","region-europa"],"_links":{"self":[{"href":"http:\/\/esim2.clientinternals.webcase.pl\/de\/wp-json\/wp\/v2\/roaming\/16971","targetHints":{"allow":["GET"]}}],"collection":[{"href":"http:\/\/esim2.clientinternals.webcase.pl\/de\/wp-json\/wp\/v2\/roaming"}],"about":[{"href":"http:\/\/esim2.clientinternals.webcase.pl\/de\/wp-json\/wp\/v2\/types\/roaming"}],"wp:featuredmedia":[{"embeddable":true,"href":"http:\/\/esim2.clientinternals.webcase.pl\/de\/wp-json\/wp\/v2\/media\/16263"}],"wp:attachment":[{"href":"http:\/\/esim2.clientinternals.webcase.pl\/de\/wp-json\/wp\/v2\/media?parent=16971"}],"wp:term":[{"taxonomy":"region","embeddable":true,"href":"http:\/\/esim2.clientinternals.webcase.pl\/de\/wp-json\/wp\/v2\/region?post=16971"}],"curies":[{"name":"wp","href":"https:\/\/api.w.org\/{rel}","templated":true}]}}

<p>Hier sind einige interessante Fakten über Frankreich:</p>



<ul class="wp-block-list">
<li>Landesvorwahl: +33</li>



<li>Hauptstadt: Paris</li>



<li>Andere wichtige Städte: Marseille, Lyon, Toulouse</li>



<li>Einwohnerzahl: 67.9 millions (2022 est.)</li>



<li>Offizielle Sprache: Französich</li>



<li>Währung: Euro</li>



<li>Frankreich ist das größte Land in Westeuropa und eines der meistbesuchten Länder der Welt.</li>



<li>Im Jahr 2016 verabschiedete Frankreich ein Gesetz zur Bekämpfung der Lebensmittelverschwendung, das den Supermärkten die Vernichtung unverkaufter Lebensmittel untersagt und sie stattdessen verpflichtet, diese zu spenden.</li>



<li>Französisch ist die offizielle Sprache, aber Sprachwissenschaftler schätzen, dass es in Frankreich etwa 75 Regionalsprachen gibt!</li>



<li>Die erste Gesichts- und Herztransplantation der Welt fand in Frankreich statt. Französische Chirurgen führten 2005 die erste Gesichtstransplantation durch, während die erste Herztransplantation 2013 im Pariser Krankenhaus Georges Pompidou stattfand.</li>
</ul>



<p>Wusstest du schon…?</p>



<ul class="wp-block-list">
<li>Red Bull wurde 2008 in Frankreich eingeführt, mehr als 20 Jahre nachdem die erste Dose Red Bull 1987 in Österreich verkauft wurde; Heute ist Red Bull in über 172 Ländern vertreten und verkauft jährlich über 9,8 Milliarden Dosen – Tendenz steigend!</li>



<li>Der Große Preis von Frankreich ist ein Autorennen, das im Rahmen der jährlichen Formel-1-Weltmeisterschaft der Fédération Internationale de l’Automobile stattfindet. Es ist eines der ältesten Autorennen der Welt und gleichzeitig der erste „Grand Prix“.</li>



<li>Das letzte Rennen, das dort stattfand, war 2022.</li>
</ul>
