{"id":17658,"date":"2024-02-23T18:34:50","date_gmt":"2024-02-23T17:34:50","guid":{"rendered":"http:\/\/esim2.clientinternals.webcase.pl\/?post_type=roaming&#038;p=17658"},"modified":"2024-03-13T21:39:52","modified_gmt":"2024-03-13T20:39:52","slug":"esim-bosnien-und-herzegowina","status":"publish","type":"roaming","link":"http:\/\/esim2.clientinternals.webcase.pl\/de\/roaming\/esim-bosnien-und-herzegowina\/","title":{"rendered":"Bosnien und Herzegowina"},"content":{"rendered":"\n<p>Hier sind einige interessante Fakten \u00fcber Bosnien und Herzegowina:<\/p>\n\n\n\n<ul class=\"wp-block-list\">\n<li>Hauptstadt: Sarajewo<\/li>\n\n\n\n<li>Einwohnerzahl: 3,27 Millionen (gesch\u00e4tzt 2021)<\/li>\n\n\n\n<li>L\u00e4ndervorwahl: +387<\/li>\n\n\n\n<li>W\u00e4hrung: Konvertierbare Marka<\/li>\n\n\n\n<li>Sprache: Bosnisch ist eine der drei offiziellen Sprachen von Bosnien und Herzegowina, neben Kroatisch und Serbisch.<\/li>\n\n\n\n<li>Andere interessante Orte in Bosnien und Herzegowina: Blagaj, Po\u010ditelj, Medjugorje<\/li>\n\n\n\n<li>Bosnien und Herzegowina ist ein Land auf der Balkanhalbinsel in S\u00fcdosteuropa.<\/li>\n\n\n\n<li>Es grenzt im Osten an Serbien, im S\u00fcdosten an Montenegro und im Norden und S\u00fcdwesten an Kroatien.<\/li>\n\n\n\n<li>Das Sarajevo Film Festival wurde 1995 gegr\u00fcndet und hat sich zum gr\u00f6\u00dften und bekanntesten Filmfestival auf dem Balkan und in S\u00fcdosteuropa entwickelt.<\/li>\n\n\n\n<li>Bosnien liegt westlich und n\u00f6rdlich von Herzegowina und beherbergt die Hauptstadt des Landes.<\/li>\n<\/ul>\n\n\n\n<p>Wusstest du schon\u2026?<\/p>\n\n\n\n<ul class=\"wp-block-list\">\n<li>Sarajevo war 1984 Gastgeber der Olympischen Winterspiele.<\/li>\n\n\n\n<li>Die einheimische Blume Die Goldene Lilie, Lilium Bosniacum, ist das Nationalsymbol Bosniens.<\/li>\n<\/ul>\n","protected":false},"featured_media":15273,"template":"","region":[229],"class_list":["post-17658","roaming","type-roaming","status-publish","has-post-thumbnail","hentry","region-europa"],"_links":{"self":[{"href":"http:\/\/esim2.clientinternals.webcase.pl\/de\/wp-json\/wp\/v2\/roaming\/17658","targetHints":{"allow":["GET"]}}],"collection":[{"href":"http:\/\/esim2.clientinternals.webcase.pl\/de\/wp-json\/wp\/v2\/roaming"}],"about":[{"href":"http:\/\/esim2.clientinternals.webcase.pl\/de\/wp-json\/wp\/v2\/types\/roaming"}],"wp:featuredmedia":[{"embeddable":true,"href":"http:\/\/esim2.clientinternals.webcase.pl\/de\/wp-json\/wp\/v2\/media\/15273"}],"wp:attachment":[{"href":"http:\/\/esim2.clientinternals.webcase.pl\/de\/wp-json\/wp\/v2\/media?parent=17658"}],"wp:term":[{"taxonomy":"region","embeddable":true,"href":"http:\/\/esim2.clientinternals.webcase.pl\/de\/wp-json\/wp\/v2\/region?post=17658"}],"curies":[{"name":"wp","href":"https:\/\/api.w.org\/{rel}","templated":true}]}}

<p>Hier sind einige interessante Fakten über Bosnien und Herzegowina:</p>



<ul class="wp-block-list">
<li>Hauptstadt: Sarajewo</li>



<li>Einwohnerzahl: 3,27 Millionen (geschätzt 2021)</li>



<li>Ländervorwahl: +387</li>



<li>Währung: Konvertierbare Marka</li>



<li>Sprache: Bosnisch ist eine der drei offiziellen Sprachen von Bosnien und Herzegowina, neben Kroatisch und Serbisch.</li>



<li>Andere interessante Orte in Bosnien und Herzegowina: Blagaj, Počitelj, Medjugorje</li>



<li>Bosnien und Herzegowina ist ein Land auf der Balkanhalbinsel in Südosteuropa.</li>



<li>Es grenzt im Osten an Serbien, im Südosten an Montenegro und im Norden und Südwesten an Kroatien.</li>



<li>Das Sarajevo Film Festival wurde 1995 gegründet und hat sich zum größten und bekanntesten Filmfestival auf dem Balkan und in Südosteuropa entwickelt.</li>



<li>Bosnien liegt westlich und nördlich von Herzegowina und beherbergt die Hauptstadt des Landes.</li>
</ul>



<p>Wusstest du schon…?</p>



<ul class="wp-block-list">
<li>Sarajevo war 1984 Gastgeber der Olympischen Winterspiele.</li>



<li>Die einheimische Blume Die Goldene Lilie, Lilium Bosniacum, ist das Nationalsymbol Bosniens.</li>
</ul>
