{"id":19111,"date":"2024-02-24T09:25:24","date_gmt":"2024-02-24T08:25:24","guid":{"rendered":"https:\/\/esim2.clientinternals.webcase.pl\/?post_type=roaming&#038;p=19111"},"modified":"2024-03-15T10:16:06","modified_gmt":"2024-03-15T09:16:06","slug":"esim-ecuador","status":"publish","type":"roaming","link":"http:\/\/esim2.clientinternals.webcase.pl\/de\/roaming\/esim-ecuador\/","title":{"rendered":"Ecuador"},"content":{"rendered":"\n<p>Hier sind einige interessante Fakten \u00fcber Ecuador:<\/p>\n\n\n\n<ul class=\"wp-block-list\">\n<li>Landesvorwahl: +593<\/li>\n\n\n\n<li>Hauptstadt: Quito<\/li>\n\n\n\n<li>Andere wichtige St\u00e4dte: Guayaquil, Cuenca, Santo Domingo<\/li>\n\n\n\n<li>Einwohnerzahl: 17,8 Millionen (2021 gesch\u00e4tzt)<\/li>\n\n\n\n<li>Sprache: Spanisch<\/li>\n\n\n\n<li>W\u00e4hrung: Vereinigte Staaten Dollar<\/li>\n\n\n\n<li>Die Amtssprache in Ecuador ist Spanisch, aber Quichua, die Verkehrssprache des Inkareichs, wird von vielen der indigenen V\u00f6lker gesprochen.<\/li>\n\n\n\n<li>Neun weitere indigene Sprachen werden in Ecuador gesprochen. In den gro\u00dfen Besucherzentren wird Englisch gesprochen.<\/li>\n\n\n\n<li>Der \u00c4quator verl\u00e4uft durch Ecuador und teilt das Land praktisch in zwei H\u00e4lften.<\/li>\n\n\n\n<li>Deshalb sind der Sonnenaufgang und der Sonnenuntergang in Ecuador das ganze Jahr \u00fcber praktisch gleich. Die Sonne geht um 6 Uhr morgens auf und um 6 Uhr abends unter.<\/li>\n<\/ul>\n\n\n\n<p>Wusstest du schon\u2026?<\/p>\n\n\n\n<ul class=\"wp-block-list\">\n<li>Quito ist die zweith\u00f6chste Hauptstadt der Welt. Die h\u00f6chste ist La Paz.<\/li>\n\n\n\n<li>Ecuador ist der weltweit gr\u00f6\u00dfte Exporteur von Bananen.<\/li>\n<\/ul>\n","protected":false},"featured_media":17790,"template":"","region":[233],"class_list":["post-19111","roaming","type-roaming","status-publish","has-post-thumbnail","hentry","region-suedamerika"],"_links":{"self":[{"href":"http:\/\/esim2.clientinternals.webcase.pl\/de\/wp-json\/wp\/v2\/roaming\/19111","targetHints":{"allow":["GET"]}}],"collection":[{"href":"http:\/\/esim2.clientinternals.webcase.pl\/de\/wp-json\/wp\/v2\/roaming"}],"about":[{"href":"http:\/\/esim2.clientinternals.webcase.pl\/de\/wp-json\/wp\/v2\/types\/roaming"}],"wp:featuredmedia":[{"embeddable":true,"href":"http:\/\/esim2.clientinternals.webcase.pl\/de\/wp-json\/wp\/v2\/media\/17790"}],"wp:attachment":[{"href":"http:\/\/esim2.clientinternals.webcase.pl\/de\/wp-json\/wp\/v2\/media?parent=19111"}],"wp:term":[{"taxonomy":"region","embeddable":true,"href":"http:\/\/esim2.clientinternals.webcase.pl\/de\/wp-json\/wp\/v2\/region?post=19111"}],"curies":[{"name":"wp","href":"https:\/\/api.w.org\/{rel}","templated":true}]}}

<p>Hier sind einige interessante Fakten über Ecuador:</p>



<ul class="wp-block-list">
<li>Landesvorwahl: +593</li>



<li>Hauptstadt: Quito</li>



<li>Andere wichtige Städte: Guayaquil, Cuenca, Santo Domingo</li>



<li>Einwohnerzahl: 17,8 Millionen (2021 geschätzt)</li>



<li>Sprache: Spanisch</li>



<li>Währung: Vereinigte Staaten Dollar</li>



<li>Die Amtssprache in Ecuador ist Spanisch, aber Quichua, die Verkehrssprache des Inkareichs, wird von vielen der indigenen Völker gesprochen.</li>



<li>Neun weitere indigene Sprachen werden in Ecuador gesprochen. In den großen Besucherzentren wird Englisch gesprochen.</li>



<li>Der Äquator verläuft durch Ecuador und teilt das Land praktisch in zwei Hälften.</li>



<li>Deshalb sind der Sonnenaufgang und der Sonnenuntergang in Ecuador das ganze Jahr über praktisch gleich. Die Sonne geht um 6 Uhr morgens auf und um 6 Uhr abends unter.</li>
</ul>



<p>Wusstest du schon…?</p>



<ul class="wp-block-list">
<li>Quito ist die zweithöchste Hauptstadt der Welt. Die höchste ist La Paz.</li>



<li>Ecuador ist der weltweit größte Exporteur von Bananen.</li>
</ul>
