{"id":15369,"date":"2024-02-23T18:50:13","date_gmt":"2024-02-23T17:50:13","guid":{"rendered":"http:\/\/esim2.clientinternals.webcase.pl\/?post_type=roaming&#038;p=15369"},"modified":"2024-03-14T11:54:13","modified_gmt":"2024-03-14T10:54:13","slug":"esim-republica-democratica-del-congo","status":"publish","type":"roaming","link":"http:\/\/esim2.clientinternals.webcase.pl\/es\/roaming\/esim-republica-democratica-del-congo\/","title":{"rendered":"Rep\u00fablica Democr\u00e1tica del Congo"},"content":{"rendered":"\n<p>Aqu\u00ed tienes algunos datos interesantes sobre la Rep\u00fablica Democr\u00e1tica del Congo:<\/p>\n\n\n\n<ul class=\"wp-block-list\">\n<li>C\u00f3digo de pa\u00eds: +243<\/li>\n\n\n\n<li>Capital: Kinshasa<\/li>\n\n\n\n<li>Otras ciudades principales: Kananga, Lubumbashi, Mbuji-Mayi<\/li>\n\n\n\n<li>Poblaci\u00f3n: 95,89 millones (est. 2021)<\/li>\n\n\n\n<li>Idioma: Franc\u00e9s<\/li>\n\n\n\n<li>Moneda: Franco congole\u00f1o<\/li>\n\n\n\n<li>La Rep\u00fablica Democr\u00e1tica del Congo es el segundo pa\u00eds m\u00e1s grande de \u00c1frica y limita con nueve pa\u00edses: Angola, Burundi, Rep\u00fablica Centroafricana, Rep\u00fablica del Congo, Ruanda, Sud\u00e1n del Sur, Tanzania, Uganda y Zambia.<\/li>\n\n\n\n<li>El parque nacional m\u00e1s antiguo de \u00c1frica es el Parque Nacional Virunga del Congo y alberga gorilas de monta\u00f1a, leones y elefantes poco comunes.<\/li>\n\n\n\n<li>Hay m\u00e1s de 200 grupos \u00e9tnicos, con casi 250 lenguas y dialectos hablados en todo el pa\u00eds.<\/li>\n\n\n\n<li>La Rep\u00fablica Democr\u00e1tica del Congo, tambi\u00e9n conocida como Congo-Kinshasa, RDC, RD Congo o simplemente Congo, fue tambi\u00e9n conocida entre 1971 y 1997 como Zaire.<\/li>\n<\/ul>\n\n\n\n<p>\u00bfSab\u00edas que\u2026?<\/p>\n\n\n\n<ul class=\"wp-block-list\">\n<li>El tama\u00f1o del Congo es ligeramente superior a las superficies combinadas de Espa\u00f1a, Francia, Alemania, Suecia y Noruega.<\/li>\n\n\n\n<li>El monte Stanley es una monta\u00f1a situada en la cordillera de Rwenzori y es la tercera monta\u00f1a m\u00e1s alta de \u00c1frica.<\/li>\n<\/ul>\n","protected":false},"featured_media":15251,"template":"","region":[383],"class_list":["post-15369","roaming","type-roaming","status-publish","has-post-thumbnail","hentry","region-africa"],"_links":{"self":[{"href":"http:\/\/esim2.clientinternals.webcase.pl\/es\/wp-json\/wp\/v2\/roaming\/15369","targetHints":{"allow":["GET"]}}],"collection":[{"href":"http:\/\/esim2.clientinternals.webcase.pl\/es\/wp-json\/wp\/v2\/roaming"}],"about":[{"href":"http:\/\/esim2.clientinternals.webcase.pl\/es\/wp-json\/wp\/v2\/types\/roaming"}],"wp:featuredmedia":[{"embeddable":true,"href":"http:\/\/esim2.clientinternals.webcase.pl\/es\/wp-json\/wp\/v2\/media\/15251"}],"wp:attachment":[{"href":"http:\/\/esim2.clientinternals.webcase.pl\/es\/wp-json\/wp\/v2\/media?parent=15369"}],"wp:term":[{"taxonomy":"region","embeddable":true,"href":"http:\/\/esim2.clientinternals.webcase.pl\/es\/wp-json\/wp\/v2\/region?post=15369"}],"curies":[{"name":"wp","href":"https:\/\/api.w.org\/{rel}","templated":true}]}}

República Democrática del Congo

<p>Aquí tienes algunos datos interesantes sobre la República Democrática del Congo:</p>



<ul class="wp-block-list">
<li>Código de país: +243</li>



<li>Capital: Kinshasa</li>



<li>Otras ciudades principales: Kananga, Lubumbashi, Mbuji-Mayi</li>



<li>Población: 95,89 millones (est. 2021)</li>



<li>Idioma: Francés</li>



<li>Moneda: Franco congoleño</li>



<li>La República Democrática del Congo es el segundo país más grande de África y limita con nueve países: Angola, Burundi, República Centroafricana, República del Congo, Ruanda, Sudán del Sur, Tanzania, Uganda y Zambia.</li>



<li>El parque nacional más antiguo de África es el Parque Nacional Virunga del Congo y alberga gorilas de montaña, leones y elefantes poco comunes.</li>



<li>Hay más de 200 grupos étnicos, con casi 250 lenguas y dialectos hablados en todo el país.</li>



<li>La República Democrática del Congo, también conocida como Congo-Kinshasa, RDC, RD Congo o simplemente Congo, fue también conocida entre 1971 y 1997 como Zaire.</li>
</ul>



<p>¿Sabías que…?</p>



<ul class="wp-block-list">
<li>El tamaño del Congo es ligeramente superior a las superficies combinadas de España, Francia, Alemania, Suecia y Noruega.</li>



<li>El monte Stanley es una montaña situada en la cordillera de Rwenzori y es la tercera montaña más alta de África.</li>
</ul>
