{"id":16465,"date":"2024-02-23T19:08:05","date_gmt":"2024-02-23T18:08:05","guid":{"rendered":"http:\/\/esim2.clientinternals.webcase.pl\/?post_type=roaming&#038;p=16465"},"modified":"2024-03-15T09:50:16","modified_gmt":"2024-03-15T08:50:16","slug":"esim-arab-emiratos-unidos","status":"publish","type":"roaming","link":"http:\/\/esim2.clientinternals.webcase.pl\/es\/roaming\/esim-arab-emiratos-unidos\/","title":{"rendered":"Emiratos \u00c1rabes Unidos"},"content":{"rendered":"\n<ul class=\"wp-block-list\">\n<li>Poblaci\u00f3n: 9,5 millones<\/li>\n\n\n\n<li>Capital: Abu Dhabi<\/li>\n\n\n\n<li>C\u00f3digo telef\u00f3nico del pais: +971<\/li>\n\n\n\n<li>Moneda: Dirham EAU<\/li>\n\n\n\n<li>Los 7 Emiratos \u00c1rabes son: Abu Dhabi, Dubai, Sharjah, Ras al Khaimah, Adjman, Fujairah y Umm al-Qaiwain<\/li>\n<\/ul>\n\n\n\n<p>\u00bfSab\u00edas que\u2026?<\/p>\n\n\n\n<ul class=\"wp-block-list\">\n<li>Abu Dhabi, en los Emiratos \u00c1rabes Unidos, acoge la \u00faltima carrera de F\u00f3rmula 1<\/li>\n\n\n\n<li>Abu Dhabi es el lugar donde Max Verstappen consigui\u00f3 su primer Campeonato del Mundo.<\/li>\n\n\n\n<li>Tambi\u00e9n es donde Sebastian Vettel consigui\u00f3 su primer t\u00edtulo para Red Bull Racing en 2010.<\/li>\n<\/ul>\n","protected":false},"featured_media":15714,"template":"","region":[389],"class_list":["post-16465","roaming","type-roaming","status-publish","has-post-thumbnail","hentry","region-asia"],"_links":{"self":[{"href":"http:\/\/esim2.clientinternals.webcase.pl\/es\/wp-json\/wp\/v2\/roaming\/16465","targetHints":{"allow":["GET"]}}],"collection":[{"href":"http:\/\/esim2.clientinternals.webcase.pl\/es\/wp-json\/wp\/v2\/roaming"}],"about":[{"href":"http:\/\/esim2.clientinternals.webcase.pl\/es\/wp-json\/wp\/v2\/types\/roaming"}],"wp:featuredmedia":[{"embeddable":true,"href":"http:\/\/esim2.clientinternals.webcase.pl\/es\/wp-json\/wp\/v2\/media\/15714"}],"wp:attachment":[{"href":"http:\/\/esim2.clientinternals.webcase.pl\/es\/wp-json\/wp\/v2\/media?parent=16465"}],"wp:term":[{"taxonomy":"region","embeddable":true,"href":"http:\/\/esim2.clientinternals.webcase.pl\/es\/wp-json\/wp\/v2\/region?post=16465"}],"curies":[{"name":"wp","href":"https:\/\/api.w.org\/{rel}","templated":true}]}}

Emiratos Árabes Unidos

<ul class="wp-block-list">
<li>Población: 9,5 millones</li>



<li>Capital: Abu Dhabi</li>



<li>Código telefónico del pais: +971</li>



<li>Moneda: Dirham EAU</li>



<li>Los 7 Emiratos Árabes son: Abu Dhabi, Dubai, Sharjah, Ras al Khaimah, Adjman, Fujairah y Umm al-Qaiwain</li>
</ul>



<p>¿Sabías que…?</p>



<ul class="wp-block-list">
<li>Abu Dhabi, en los Emiratos Árabes Unidos, acoge la última carrera de Fórmula 1</li>



<li>Abu Dhabi es el lugar donde Max Verstappen consiguió su primer Campeonato del Mundo.</li>



<li>También es donde Sebastian Vettel consiguió su primer título para Red Bull Racing en 2010.</li>
</ul>
