{"id":16881,"date":"2024-02-23T19:44:32","date_gmt":"2024-02-23T18:44:32","guid":{"rendered":"http:\/\/esim2.clientinternals.webcase.pl\/?post_type=roaming&#038;p=16881"},"modified":"2024-03-17T20:34:36","modified_gmt":"2024-03-17T19:34:36","slug":"esim-montenegro","status":"publish","type":"roaming","link":"http:\/\/esim2.clientinternals.webcase.pl\/es\/roaming\/esim-montenegro\/","title":{"rendered":"Montenegro"},"content":{"rendered":"\n<p>Aqu\u00ed tienes algunos datos interesantes sobre Montenegro:<\/p>\n\n\n\n<ul class=\"wp-block-list\">\n<li>C\u00f3digo de pa\u00eds: +382<\/li>\n\n\n\n<li>Capital: Podgorica<\/li>\n\n\n\n<li>Otras ciudades principales: Niksic, Tivat, Rozaje<\/li>\n\n\n\n<li>Poblaci\u00f3n: 619.211 (est. 2021)<\/li>\n\n\n\n<li>Idioma: Montenegrino<\/li>\n\n\n\n<li>Moneda: Euro<\/li>\n\n\n\n<li>La lengua oficial es el montenegrino, aunque el serbio, el croata, el bosnio y el alban\u00e9s tambi\u00e9n son lenguas reconocidas de uso oficial.<\/li>\n\n\n\n<li>El pa\u00eds est\u00e1 situado en 4 zonas clim\u00e1ticas.<\/li>\n\n\n\n<li>Limita al norte con Serbia, al sureste con Kosovo y Albania, al sur con el mar Adri\u00e1tico y al otro lado con Italia, y al oeste con Croacia y Bosnia-Herzegovina.<\/li>\n\n\n\n<li>Montenegro se convirti\u00f3 en el primer Estado ecol\u00f3gico del mundo en 1991.<\/li>\n<\/ul>\n\n\n\n<p>\u00bfSab\u00edas que\u2026?<\/p>\n\n\n\n<ul class=\"wp-block-list\">\n<li>El ca\u00f1\u00f3n de Tara, con 1.300 m, es el m\u00e1s profundo de Europa.<\/li>\n\n\n\n<li>La bah\u00eda de Kotor es el fiordo m\u00e1s meridional del mundo.<\/li>\n<\/ul>\n","protected":false},"featured_media":15319,"template":"","region":[393],"class_list":["post-16881","roaming","type-roaming","status-publish","has-post-thumbnail","hentry","region-europa"],"_links":{"self":[{"href":"http:\/\/esim2.clientinternals.webcase.pl\/es\/wp-json\/wp\/v2\/roaming\/16881","targetHints":{"allow":["GET"]}}],"collection":[{"href":"http:\/\/esim2.clientinternals.webcase.pl\/es\/wp-json\/wp\/v2\/roaming"}],"about":[{"href":"http:\/\/esim2.clientinternals.webcase.pl\/es\/wp-json\/wp\/v2\/types\/roaming"}],"wp:featuredmedia":[{"embeddable":true,"href":"http:\/\/esim2.clientinternals.webcase.pl\/es\/wp-json\/wp\/v2\/media\/15319"}],"wp:attachment":[{"href":"http:\/\/esim2.clientinternals.webcase.pl\/es\/wp-json\/wp\/v2\/media?parent=16881"}],"wp:term":[{"taxonomy":"region","embeddable":true,"href":"http:\/\/esim2.clientinternals.webcase.pl\/es\/wp-json\/wp\/v2\/region?post=16881"}],"curies":[{"name":"wp","href":"https:\/\/api.w.org\/{rel}","templated":true}]}}

<p>Aquí tienes algunos datos interesantes sobre Montenegro:</p>



<ul class="wp-block-list">
<li>Código de país: +382</li>



<li>Capital: Podgorica</li>



<li>Otras ciudades principales: Niksic, Tivat, Rozaje</li>



<li>Población: 619.211 (est. 2021)</li>



<li>Idioma: Montenegrino</li>



<li>Moneda: Euro</li>



<li>La lengua oficial es el montenegrino, aunque el serbio, el croata, el bosnio y el albanés también son lenguas reconocidas de uso oficial.</li>



<li>El país está situado en 4 zonas climáticas.</li>



<li>Limita al norte con Serbia, al sureste con Kosovo y Albania, al sur con el mar Adriático y al otro lado con Italia, y al oeste con Croacia y Bosnia-Herzegovina.</li>



<li>Montenegro se convirtió en el primer Estado ecológico del mundo en 1991.</li>
</ul>



<p>¿Sabías que…?</p>



<ul class="wp-block-list">
<li>El cañón de Tara, con 1.300 m, es el más profundo de Europa.</li>



<li>La bahía de Kotor es el fiordo más meridional del mundo.</li>
</ul>
