{"id":17138,"date":"2024-02-23T19:27:45","date_gmt":"2024-02-23T18:27:45","guid":{"rendered":"http:\/\/esim2.clientinternals.webcase.pl\/?post_type=roaming&#038;p=17138"},"modified":"2024-03-17T17:43:23","modified_gmt":"2024-03-17T16:43:23","slug":"esim-liechtenstein","status":"publish","type":"roaming","link":"http:\/\/esim2.clientinternals.webcase.pl\/es\/roaming\/esim-liechtenstein\/","title":{"rendered":"Liechtenstein"},"content":{"rendered":"\n<p>Aqu\u00ed tienes algunos datos interesantes sobre Liechtenstein:<\/p>\n\n\n\n<ul class=\"wp-block-list\">\n<li>Capital: Vaduz<\/li>\n\n\n\n<li>Poblaci\u00f3n: 39.039 (est. 2021)<\/li>\n\n\n\n<li>C\u00f3digo telef\u00f3nico del pa\u00eds: +423<\/li>\n\n\n\n<li>Divisa: Francos suizos<\/li>\n\n\n\n<li>Idioma: Alem\u00e1n<\/li>\n\n\n\n<li>Otros lugares de inter\u00e9s: Triesenberg, Mauren, Balzers<\/li>\n\n\n\n<li>Liechtenstein es un principado de 25 km de longitud situado entre Austria y Suiza.<\/li>\n\n\n\n<li>Liechtenstein es el \u00fanico pa\u00eds del mundo cuyo territorio completo se encuentra en regi\u00f3n alpina.<\/li>\n\n\n\n<li>Liechtenstein tiene industrias importantes, como la electr\u00f3nica, la fabricaci\u00f3n de metales, productos dentales, instrumentos \u00f3pticos, productos farmac\u00e9uticos y un pr\u00f3spero sector de servicios financieros.<\/li>\n\n\n\n<li>M\u00e1s del 50% de la poblaci\u00f3n trabajadora de Liechtenstein se desplaza diariamente al pa\u00eds desde los pa\u00edses vecinos.<\/li>\n<\/ul>\n\n\n\n<p>\u00bfSab\u00edas que\u2026?<\/p>\n\n\n\n<ul class=\"wp-block-list\">\n<li>Liechtenstein no tiene aeropuerto. El aeropuerto m\u00e1s cercano est\u00e1 en Z\u00farich (Suiza).<\/li>\n\n\n\n<li>Su ciudad m\u00e1s grande, Schaan, s\u00f3lo tiene 6.000 habitantes.<\/li>\n<\/ul>\n","protected":false},"featured_media":15714,"template":"","region":[393],"class_list":["post-17138","roaming","type-roaming","status-publish","has-post-thumbnail","hentry","region-europa"],"_links":{"self":[{"href":"http:\/\/esim2.clientinternals.webcase.pl\/es\/wp-json\/wp\/v2\/roaming\/17138","targetHints":{"allow":["GET"]}}],"collection":[{"href":"http:\/\/esim2.clientinternals.webcase.pl\/es\/wp-json\/wp\/v2\/roaming"}],"about":[{"href":"http:\/\/esim2.clientinternals.webcase.pl\/es\/wp-json\/wp\/v2\/types\/roaming"}],"wp:featuredmedia":[{"embeddable":true,"href":"http:\/\/esim2.clientinternals.webcase.pl\/es\/wp-json\/wp\/v2\/media\/15714"}],"wp:attachment":[{"href":"http:\/\/esim2.clientinternals.webcase.pl\/es\/wp-json\/wp\/v2\/media?parent=17138"}],"wp:term":[{"taxonomy":"region","embeddable":true,"href":"http:\/\/esim2.clientinternals.webcase.pl\/es\/wp-json\/wp\/v2\/region?post=17138"}],"curies":[{"name":"wp","href":"https:\/\/api.w.org\/{rel}","templated":true}]}}

<p>Aquí tienes algunos datos interesantes sobre Liechtenstein:</p>



<ul class="wp-block-list">
<li>Capital: Vaduz</li>



<li>Población: 39.039 (est. 2021)</li>



<li>Código telefónico del país: +423</li>



<li>Divisa: Francos suizos</li>



<li>Idioma: Alemán</li>



<li>Otros lugares de interés: Triesenberg, Mauren, Balzers</li>



<li>Liechtenstein es un principado de 25 km de longitud situado entre Austria y Suiza.</li>



<li>Liechtenstein es el único país del mundo cuyo territorio completo se encuentra en región alpina.</li>



<li>Liechtenstein tiene industrias importantes, como la electrónica, la fabricación de metales, productos dentales, instrumentos ópticos, productos farmacéuticos y un próspero sector de servicios financieros.</li>



<li>Más del 50% de la población trabajadora de Liechtenstein se desplaza diariamente al país desde los países vecinos.</li>
</ul>



<p>¿Sabías que…?</p>



<ul class="wp-block-list">
<li>Liechtenstein no tiene aeropuerto. El aeropuerto más cercano está en Zúrich (Suiza).</li>



<li>Su ciudad más grande, Schaan, sólo tiene 6.000 habitantes.</li>
</ul>
