{"id":19124,"date":"2024-02-24T09:25:24","date_gmt":"2024-02-24T08:25:24","guid":{"rendered":"https:\/\/esim2.clientinternals.webcase.pl\/?post_type=roaming&#038;p=19124"},"modified":"2024-03-15T10:34:49","modified_gmt":"2024-03-15T09:34:49","slug":"esim-ecuador","status":"publish","type":"roaming","link":"http:\/\/esim2.clientinternals.webcase.pl\/es\/roaming\/esim-ecuador\/","title":{"rendered":"Ecuador"},"content":{"rendered":"\n<p>Aqu\u00ed tienes algunos datos interesantes sobre Ecuador:<\/p>\n\n\n\n<ul class=\"wp-block-list\">\n<li>C\u00f3digo de pa\u00eds: +593<\/li>\n\n\n\n<li>Capital: Quito<\/li>\n\n\n\n<li>Otras ciudades principales: Guayaquil, Cuenca, Santo Domingo<\/li>\n\n\n\n<li>Poblaci\u00f3n: 17,8 millones (est. 2021)<\/li>\n\n\n\n<li>Idioma: Espa\u00f1ol<\/li>\n\n\n\n<li>Moneda: D\u00f3lar estadounidense<\/li>\n\n\n\n<li>La lengua oficial de Ecuador es el espa\u00f1ol, pero muchos ind\u00edgenas hablan quichua, la lengua franca del Imperio Inca.<\/li>\n\n\n\n<li>En Ecuador tambi\u00e9n se hablan otras nueve lenguas ind\u00edgenas. En los principales centros de visitantes se habla ingl\u00e9s.<\/li>\n\n\n\n<li>La l\u00ednea ecuatorial atraviesa Ecuador y pr\u00e1cticamente divide el pa\u00eds en dos.<\/li>\n\n\n\n<li>Por eso, el amanecer y el atardecer de Ecuador son pr\u00e1cticamente iguales durante todo el a\u00f1o. El sol sale a las 6 de la ma\u00f1ana y se pone a las 6 de la tarde.<\/li>\n<\/ul>\n\n\n\n<p>\u00bfSab\u00edas que\u2026?<\/p>\n\n\n\n<ul class=\"wp-block-list\">\n<li>Quito es la segunda capital m\u00e1s alta del mundo. La m\u00e1s alta es La Paz.<\/li>\n\n\n\n<li>Ecuador es el mayor exportador mundial de pl\u00e1tanos.<\/li>\n<\/ul>\n","protected":false},"featured_media":17764,"template":"","region":[397],"class_list":["post-19124","roaming","type-roaming","status-publish","has-post-thumbnail","hentry","region-sudamerica"],"_links":{"self":[{"href":"http:\/\/esim2.clientinternals.webcase.pl\/es\/wp-json\/wp\/v2\/roaming\/19124","targetHints":{"allow":["GET"]}}],"collection":[{"href":"http:\/\/esim2.clientinternals.webcase.pl\/es\/wp-json\/wp\/v2\/roaming"}],"about":[{"href":"http:\/\/esim2.clientinternals.webcase.pl\/es\/wp-json\/wp\/v2\/types\/roaming"}],"wp:featuredmedia":[{"embeddable":true,"href":"http:\/\/esim2.clientinternals.webcase.pl\/es\/wp-json\/wp\/v2\/media\/17764"}],"wp:attachment":[{"href":"http:\/\/esim2.clientinternals.webcase.pl\/es\/wp-json\/wp\/v2\/media?parent=19124"}],"wp:term":[{"taxonomy":"region","embeddable":true,"href":"http:\/\/esim2.clientinternals.webcase.pl\/es\/wp-json\/wp\/v2\/region?post=19124"}],"curies":[{"name":"wp","href":"https:\/\/api.w.org\/{rel}","templated":true}]}}

<p>Aquí tienes algunos datos interesantes sobre Ecuador:</p>



<ul class="wp-block-list">
<li>Código de país: +593</li>



<li>Capital: Quito</li>



<li>Otras ciudades principales: Guayaquil, Cuenca, Santo Domingo</li>



<li>Población: 17,8 millones (est. 2021)</li>



<li>Idioma: Español</li>



<li>Moneda: Dólar estadounidense</li>



<li>La lengua oficial de Ecuador es el español, pero muchos indígenas hablan quichua, la lengua franca del Imperio Inca.</li>



<li>En Ecuador también se hablan otras nueve lenguas indígenas. En los principales centros de visitantes se habla inglés.</li>



<li>La línea ecuatorial atraviesa Ecuador y prácticamente divide el país en dos.</li>



<li>Por eso, el amanecer y el atardecer de Ecuador son prácticamente iguales durante todo el año. El sol sale a las 6 de la mañana y se pone a las 6 de la tarde.</li>
</ul>



<p>¿Sabías que…?</p>



<ul class="wp-block-list">
<li>Quito es la segunda capital más alta del mundo. La más alta es La Paz.</li>



<li>Ecuador es el mayor exportador mundial de plátanos.</li>
</ul>
