{"id":16491,"date":"2024-02-23T19:08:05","date_gmt":"2024-02-23T18:08:05","guid":{"rendered":"http:\/\/esim2.clientinternals.webcase.pl\/?post_type=roaming&#038;p=16491"},"modified":"2024-03-15T09:42:58","modified_gmt":"2024-03-15T08:42:58","slug":"esim-emirats-arabes-unis","status":"publish","type":"roaming","link":"http:\/\/esim2.clientinternals.webcase.pl\/fr\/itinerance\/esim-emirats-arabes-unis\/","title":{"rendered":"\u00c9mirats Arabes Unis"},"content":{"rendered":"\n<ul class=\"wp-block-list\">\n<li>Population : 9,5 millions d\u2019habitants<\/li>\n\n\n\n<li>Capitale : Abu Dhabi<\/li>\n\n\n\n<li>Indicatif t\u00e9l\u00e9phonique +971<\/li>\n\n\n\n<li>Monnaie : Dirham des \u00c9mirats Arabes Unis<\/li>\n\n\n\n<li>7 \u00c9mirats arabes : Abu Dhabi, Duba\u00ef, Sharjah, Ras al Khaimah, Adjman, Fujairah et Umm al-Qaiwain<\/li>\n<\/ul>\n\n\n\n<p>Savais-tu que\u2026 ?<\/p>\n\n\n\n<ul class=\"wp-block-list\">\n<li>Abu Dhabi, dans les \u00c9mirats Arabes Unis , accueille la derni\u00e8re course de Formule 1.<\/li>\n\n\n\n<li>Abu Dhabi est le lieu o\u00f9 Max Verstappen a remport\u00e9 son premier championnat du monde.e lieu o\u00f9 Max Verstappen a remport\u00e9 son premier championnat du monde.<\/li>\n\n\n\n<li>C\u2019est \u00e9galement l\u00e0 que Sebastian Vettel a remport\u00e9 son premier titre pour Red Bull Racing en 2010.<\/li>\n<\/ul>\n","protected":false},"featured_media":15745,"template":"","region":[243],"class_list":["post-16491","roaming","type-roaming","status-publish","has-post-thumbnail","hentry","region-asie"],"_links":{"self":[{"href":"http:\/\/esim2.clientinternals.webcase.pl\/fr\/wp-json\/wp\/v2\/roaming\/16491","targetHints":{"allow":["GET"]}}],"collection":[{"href":"http:\/\/esim2.clientinternals.webcase.pl\/fr\/wp-json\/wp\/v2\/roaming"}],"about":[{"href":"http:\/\/esim2.clientinternals.webcase.pl\/fr\/wp-json\/wp\/v2\/types\/roaming"}],"wp:featuredmedia":[{"embeddable":true,"href":"http:\/\/esim2.clientinternals.webcase.pl\/fr\/wp-json\/wp\/v2\/media\/15745"}],"wp:attachment":[{"href":"http:\/\/esim2.clientinternals.webcase.pl\/fr\/wp-json\/wp\/v2\/media?parent=16491"}],"wp:term":[{"taxonomy":"region","embeddable":true,"href":"http:\/\/esim2.clientinternals.webcase.pl\/fr\/wp-json\/wp\/v2\/region?post=16491"}],"curies":[{"name":"wp","href":"https:\/\/api.w.org\/{rel}","templated":true}]}}

Émirats Arabes Unis

<ul class="wp-block-list">
<li>Population : 9,5 millions d’habitants</li>



<li>Capitale : Abu Dhabi</li>



<li>Indicatif téléphonique +971</li>



<li>Monnaie : Dirham des Émirats Arabes Unis</li>



<li>7 Émirats arabes : Abu Dhabi, Dubaï, Sharjah, Ras al Khaimah, Adjman, Fujairah et Umm al-Qaiwain</li>
</ul>



<p>Savais-tu que… ?</p>



<ul class="wp-block-list">
<li>Abu Dhabi, dans les Émirats Arabes Unis , accueille la dernière course de Formule 1.</li>



<li>Abu Dhabi est le lieu où Max Verstappen a remporté son premier championnat du monde.e lieu où Max Verstappen a remporté son premier championnat du monde.</li>



<li>C’est également là que Sebastian Vettel a remporté son premier titre pour Red Bull Racing en 2010.</li>
</ul>
